66.249.77.97 - - [19/Jan/2026:07:33:43 -0500] "GET /index.php/safe_search/config/shopdetail/268944332/shopdetail/105013732/e/13//?q=351165162b35e HTTP/1.1" 200 27069 "-" "Mozilla/5.0 (Linux; Android 6.0.1; Nexus 5X Build/MMB29P) AppleWebKit/537.36 (KHTML, like Gecko) Chrome/143.0.7499.192 Mobile Safari/537.36 (compatible; Googlebot/2.1; +http://www.google.com/bot.html)"
66.249.77.102 - - [19/Jan/2026:07:33:44 -0500] "GET /index.php/safe_search/config/shopdetail/62901032/shopdetail/381378532/?q=242983455f10f HTTP/1.1" 200 27296 "-" "Mozilla/5.0 (Linux; Android 6.0.1; Nexus 5X Build/MMB29P) AppleWebKit/537.36 (KHTML, like Gecko) Chrome/143.0.7499.192 Mobile Safari/537.36 (compatible; Googlebot/2.1; +http://www.google.com/bot.html)"
66.249.77.101 - - [19/Jan/2026:07:33:48 -0500] "GET /index.php/safe_search/config/shopdetail/92186132/shopdetail/244906832/?q=18085322gf9h5 HTTP/1.1" 200 27281 "-" "Mozilla/5.0 (Linux; Android 6.0.1; Nexus 5X Build/MMB29P) AppleWebKit/537.36 (KHTML, like Gecko) Chrome/143.0.7499.192 Mobile Safari/537.36 (compatible; Googlebot/2.1; +http://www.google.com/bot.html)"
66.249.77.100 - - [19/Jan/2026:07:33:49 -0500] "GET /index.php/safe_search/config/shopdetail/252134732/shopdetail/258112532/?q=3320458c407d5 HTTP/1.1" 200 27050 "-" "Mozilla/5.0 (Linux; Android 6.0.1; Nexus 5X Build/MMB29P) AppleWebKit/537.36 (KHTML, like Gecko) Chrome/143.0.7499.192 Mobile Safari/537.36 (compatible; Googlebot/2.1; +http://www.google.com/bot.html)"
66.249.77.101 - - [19/Jan/2026:07:33:33 -0500] "GET /index.php/safe_search/config/shopdetail/342473532/shopdetail/221719432/?q=429916581fai4 HTTP/1.1" 200 27247 "-" "Mozilla/5.0 (Linux; Android 6.0.1; Nexus 5X Build/MMB29P) AppleWebKit/537.36 (KHTML, like Gecko) Chrome/143.0.7499.192 Mobile Safari/537.36 (compatible; Googlebot/2.1; +http://www.google.com/bot.html)"
66.249.77.100 - - [19/Jan/2026:07:33:35 -0500] "GET /index.php/safe_search/config/shopdetail/365423032/shopdetail/363891532/?q=1618295112c44 HTTP/1.1" 200 27482 "-" "Mozilla/5.0 (Linux; Android 6.0.1; Nexus 5X Build/MMB29P) AppleWebKit/537.36 (KHTML, like Gecko) Chrome/143.0.7499.192 Mobile Safari/537.36 (compatible; Googlebot/2.1; +http://www.google.com/bot.html)"
66.249.77.101 - - [19/Jan/2026:07:33:36 -0500] "GET /index.php/safe_search/config/shopdetail/342473532/shopdetail/221432/?q=22874640bf7e8 HTTP/1.1" 200 28233 "-" "Mozilla/5.0 (Linux; Android 6.0.1; Nexus 5X Build/MMB29P) AppleWebKit/537.36 (KHTML, like Gecko) Chrome/143.0.7499.192 Mobile Safari/537.36 (compatible; Googlebot/2.1; +http://www.google.com/bot.html)"
66.249.77.99 - - [19/Jan/2026:07:33:37 -0500] "GET /index.php/safe_search/config/shopdetail/273401532/shopdetail/270296432/?q=13378593fj241 HTTP/1.1" 200 27790 "-" "Mozilla/5.0 (Linux; Android 6.0.1; Nexus 5X Build/MMB29P) AppleWebKit/537.36 (KHTML, like Gecko) Chrome/143.0.7499.192 Mobile Safari/537.36 (compatible; Googlebot/2.1; +http://www.google.com/bot.html)"
217.113.194.20 - - [19/Jan/2026:07:33:41 -0500] "GET /sites/gfine/vendor/sebastian/resource-operations/src/?NA HTTP/1.1" 200 0 "-" "Mozilla/5.0 (compatible; Barkrowler/0.9; +https://babbar.tech/crawler)"
66.249.77.99 - - [19/Jan/2026:07:33:41 -0500] "GET /index.php/safe_search/config/shopdetail/342473532/shopdetail/221719432/?q=598257d68dig HTTP/1.1" 200 27251 "-" "Mozilla/5.0 (Linux; Android 6.0.1; Nexus 5X Build/MMB29P) AppleWebKit/537.36 (KHTML, like Gecko) Chrome/143.0.7499.192 Mobile Safari/537.36 (compatible; Googlebot/2.1; +http://www.google.com/bot.html)"
66.249.77.97 - - [19/Jan/2026:07:33:42 -0500] "GET /index.php/safe_search/config/shopdetail/223252332/shopdetail/221436432/?q=24315627adgec HTTP/1.1" 200 27957 "-" "Mozilla/5.0 (Linux; Android 6.0.1; Nexus 5X Build/MMB29P) AppleWebKit/537.36 (KHTML, like Gecko) Chrome/143.0.7499.192 Mobile Safari/537.36 (compatible; Googlebot/2.1; +http://www.google.com/bot.html)"
66.249.77.98 - - [19/Jan/2026:07:33:43 -0500] "GET /index.php/safe_search/config/shopdetail/62901032/shopdetail/381378532/?q=1917579bd7hg HTTP/1.1" 200 27570 "-" "Mozilla/5.0 (Linux; Android 6.0.1; Nexus 5X Build/MMB29P) AppleWebKit/537.36 (KHTML, like Gecko) Chrome/143.0.7499.192 Mobile Safari/537.36 (compatible; Googlebot/2.1; +http://www.google.com/bot.html)"
66.249.77.98 - - [19/Jan/2026:07:33:45 -0500] "GET /index.php/safe_search/config/shopdetail/380602632/shopdetail/212608632/?q=33928085d4j76 HTTP/1.1" 200 27164 "-" "Mozilla/5.0 (Linux; Android 6.0.1; Nexus 5X Build/MMB29P) AppleWebKit/537.36 (KHTML, like Gecko) Chrome/143.0.7499.192 Mobile Safari/537.36 (compatible; Googlebot/2.1; +http://www.google.com/bot.html)"
66.249.77.98 - - [19/Jan/2026:07:33:47 -0500] "GET /index.php/safe_search/config/shopdetail/317588032/shopdetail/103309832/?q=4357327cdd062 HTTP/1.1" 200 27184 "-" "Mozilla/5.0 (Linux; Android 6.0.1; Nexus 5X Build/MMB29P) AppleWebKit/537.36 (KHTML, like Gecko) Chrome/143.0.7499.192 Mobile Safari/537.36 (compatible; Googlebot/2.1; +http://www.google.com/bot.html)"
66.249.77.99 - - [19/Jan/2026:07:33:49 -0500] "GET /index.php/safe_search/config/shopdetail/92186132/shopdetail/244906832/?q=2318607fb0d1e HTTP/1.1" 200 27627 "-" "Mozilla/5.0 (Linux; Android 6.0.1; Nexus 5X Build/MMB29P) AppleWebKit/537.36 (KHTML, like Gecko) Chrome/143.0.7499.192 Mobile Safari/537.36 (compatible; Googlebot/2.1; +http://www.google.com/bot.html)"
66.249.77.96 - - [19/Jan/2026:07:33:51 -0500] "GET /index.php/safe_search/config/shopdetail/252134732/shopdetail/258112532/?q=18167084j7a89 HTTP/1.1" 200 26860 "-" "Mozilla/5.0 (Linux; Android 6.0.1; Nexus 5X Build/MMB29P) AppleWebKit/537.36 (KHTML, like Gecko) Chrome/143.0.7499.192 Mobile Safari/537.36 (compatible; Googlebot/2.1; +http://www.google.com/bot.html)"
66.249.77.100 - - [19/Jan/2026:07:33:53 -0500] "GET /index.php/safe_search/config/shopdetail/243277832/shopdetail/222785132/?q=2816078d5ab7c HTTP/1.1" 200 26132 "-" "Mozilla/5.0 (Linux; Android 6.0.1; Nexus 5X Build/MMB29P) AppleWebKit/537.36 (KHTML, like Gecko) Chrome/143.0.7499.192 Mobile Safari/537.36 (compatible; Googlebot/2.1; +http://www.google.com/bot.html)"
66.249.77.98 - - [19/Jan/2026:07:33:54 -0500] "GET /index.php/product/edit/90229377//?q=842736gi9688 HTTP/1.1" 200 26452 "-" "Mozilla/5.0 (Linux; Android 6.0.1; Nexus 5X Build/MMB29P) AppleWebKit/537.36 (KHTML, like Gecko) Chrome/143.0.7499.192 Mobile Safari/537.36 (compatible; Googlebot/2.1; +http://www.google.com/bot.html)"
217.113.194.16 - - [19/Jan/2026:07:33:57 -0500] "GET /sites/gfine/vendor/sebastian/resource-operations/src/?MD HTTP/1.1" 200 0 "-" "Mozilla/5.0 (compatible; Barkrowler/0.9; +https://babbar.tech/crawler)"
66.249.77.96 - - [19/Jan/2026:07:33:56 -0500] "GET /index.php/safe_search/config/shopdetail/306301632/kaden.html//?q=244025232dbj3 HTTP/1.1" 200 27580 "-" "Mozilla/5.0 (Linux; Android 6.0.1; Nexus 5X Build/MMB29P) AppleWebKit/537.36 (KHTML, like Gecko) Chrome/143.0.7499.192 Mobile Safari/537.36 (compatible; Googlebot/2.1; +http://www.google.com/bot.html)"
66.249.77.97 - - [19/Jan/2026:07:33:57 -0500] "GET /index.php/safe_search/config/shopdetail/380602632/shopdetail/331839832/?q=1734087j9915b HTTP/1.1" 200 27342 "-" "Mozilla/5.0 (Linux; Android 6.0.1; Nexus 5X Build/MMB29P) AppleWebKit/537.36 (KHTML, like Gecko) Chrome/143.0.7499.192 Mobile Safari/537.36 (compatible; Googlebot/2.1; +http://www.google.com/bot.html)"
66.249.77.96 - - [19/Jan/2026:07:33:58 -0500] "GET /index.php/safe_search/config/shopdetail/380602632/shopdetail/331839832/?q=1420113iee1ef HTTP/1.1" 200 28746 "-" "Mozilla/5.0 (Linux; Android 6.0.1; Nexus 5X Build/MMB29P) AppleWebKit/537.36 (KHTML, like Gecko) Chrome/143.0.7499.192 Mobile Safari/537.36 (compatible; Googlebot/2.1; +http://www.google.com/bot.html)"
66.249.77.102 - - [19/Jan/2026:07:33:59 -0500] "GET /index.php/safe_search/config/shopdetail/284201632/shopdetail/274250632/?q=26269302b5ic5 HTTP/1.1" 200 27733 "-" "Mozilla/5.0 (Linux; Android 6.0.1; Nexus 5X Build/MMB29P) AppleWebKit/537.36 (KHTML, like Gecko) Chrome/143.0.7499.192 Mobile Safari/537.36 (compatible; Googlebot/2.1; +http://www.google.com/bot.html)"
66.249.77.96 - - [19/Jan/2026:07:33:59 -0500] "GET /index.php/safe_search/config/shopdetail/222462932/shopdetail/6296632/?q=5944078jcd8a HTTP/1.1" 200 28094 "-" "Mozilla/5.0 (Linux; Android 6.0.1; Nexus 5X Build/MMB29P) AppleWebKit/537.36 (KHTML, like Gecko) Chrome/143.0.7499.192 Mobile Safari/537.36 (compatible; Googlebot/2.1; +http://www.google.com/bot.html)"
66.249.77.102 - - [19/Jan/2026:07:34:00 -0500] "GET /index.php/product/edit/90229377//?q=2446013b6ebaf HTTP/1.1" 200 27244 "-" "Mozilla/5.0 (Linux; Android 6.0.1; Nexus 5X Build/MMB29P) AppleWebKit/537.36 (KHTML, like Gecko) Chrome/143.0.7499.192 Mobile Safari/537.36 (compatible; Googlebot/2.1; +http://www.google.com/bot.html)"
66.249.77.98 - - [19/Jan/2026:07:34:01 -0500] "GET /index.php/safe_search/config/shopdetail/141026932/shopdetail/21330632/?q=26928484a9cc8 HTTP/1.1" 200 28404 "-" "Mozilla/5.0 (Linux; Android 6.0.1; Nexus 5X Build/MMB29P) AppleWebKit/537.36 (KHTML, like Gecko) Chrome/143.0.7499.192 Mobile Safari/537.36 (compatible; Googlebot/2.1; +http://www.google.com/bot.html)"
66.249.77.97 - - [19/Jan/2026:07:33:52 -0500] "GET /index.php/safe_search/config/shopdetail/332377232/shopdetail/357048632/?q=3842576icahd8 HTTP/1.1" 200 28251 "-" "Mozilla/5.0 (Linux; Android 6.0.1; Nexus 5X Build/MMB29P) AppleWebKit/537.36 (KHTML, like Gecko) Chrome/143.0.7499.192 Mobile Safari/537.36 (compatible; Googlebot/2.1; +http://www.google.com/bot.html)"
66.249.77.97 - - [19/Jan/2026:07:33:53 -0500] "GET /index.php/safe_search/config/shopdetail/377965132/shopdetail/126244532/?q=2149163i27h52 HTTP/1.1" 200 27148 "-" "Mozilla/5.0 (Linux; Android 6.0.1; Nexus 5X Build/MMB29P) AppleWebKit/537.36 (KHTML, like Gecko) Chrome/143.0.7499.192 Mobile Safari/537.36 (compatible; Googlebot/2.1; +http://www.google.com/bot.html)"
66.249.77.101 - - [19/Jan/2026:07:33:53 -0500] "GET /ctg/search/similarImageSearchResultView/?ctgItemCd=47399738 HTTP/1.1" 200 26929 "-" "Mozilla/5.0 (Linux; Android 6.0.1; Nexus 5X Build/MMB29P) AppleWebKit/537.36 (KHTML, like Gecko) Chrome/143.0.7499.192 Mobile Safari/537.36 (compatible; Googlebot/2.1; +http://www.google.com/bot.html)"
66.249.77.96 - - [19/Jan/2026:07:33:54 -0500] "GET /index.php/safe_search/config/shopdetail/377965132/shopdetail/126244532/?q=2050665cgj1ea HTTP/1.1" 200 28671 "-" "Mozilla/5.0 (Linux; Android 6.0.1; Nexus 5X Build/MMB29P) AppleWebKit/537.36 (KHTML, like Gecko) Chrome/143.0.7499.192 Mobile Safari/537.36 (compatible; Googlebot/2.1; +http://www.google.com/bot.html)"
66.249.77.98 - - [19/Jan/2026:07:33:55 -0500] "GET /index.php/safe_search/config/shopdetail/380602632/shopdetail/331839832/?q=1461733496644 HTTP/1.1" 200 27232 "-" "Mozilla/5.0 (Linux; Android 6.0.1; Nexus 5X Build/MMB29P) AppleWebKit/537.36 (KHTML, like Gecko) Chrome/143.0.7499.192 Mobile Safari/537.36 (compatible; Googlebot/2.1; +http://www.google.com/bot.html)"
114.119.137.204 - - [19/Jan/2026:07:33:56 -0500] "GET /sites/scus/config/cache.php HTTP/1.1" 200 0 "https://www.gfects.com/sites/scus/config/?MA" "Mozilla/5.0 (Linux; Android 7.0;) AppleWebKit/537.36 (KHTML, like Gecko) Mobile Safari/537.36 (compatible; PetalBot;+https://webmaster.petalsearch.com/site/petalbot)"
66.249.77.98 - - [19/Jan/2026:07:33:57 -0500] "GET /ctg/search/similarImageSearchResultView/?ctgItemCd=53949433 HTTP/1.1" 200 27527 "-" "Mozilla/5.0 (Linux; Android 6.0.1; Nexus 5X Build/MMB29P) AppleWebKit/537.36 (KHTML, like Gecko) Chrome/143.0.7499.192 Mobile Safari/537.36 (compatible; Googlebot/2.1; +http://www.google.com/bot.html)"
66.249.77.98 - - [19/Jan/2026:07:33:58 -0500] "GET /index.php/safe_search/config/shopdetail/141026932/shopdetail/154754232/?q=15815085gehc HTTP/1.1" 200 27474 "-" "Mozilla/5.0 (Linux; Android 6.0.1; Nexus 5X Build/MMB29P) AppleWebKit/537.36 (KHTML, like Gecko) Chrome/143.0.7499.192 Mobile Safari/537.36 (compatible; Googlebot/2.1; +http://www.google.com/bot.html)"
66.249.77.102 - - [19/Jan/2026:07:33:59 -0500] "GET /index.php/safe_search/config/shopdetail/141026932/shopdetail/154754232/?q=158049502685j HTTP/1.1" 200 28672 "-" "Mozilla/5.0 (Linux; Android 6.0.1; Nexus 5X Build/MMB29P) AppleWebKit/537.36 (KHTML, like Gecko) Chrome/143.0.7499.192 Mobile Safari/537.36 (compatible; Googlebot/2.1; +http://www.google.com/bot.html)"
66.249.77.97 - - [19/Jan/2026:07:34:01 -0500] "GET /index.php/safe_search/config/shopdetail/7738132/shopdetail/71546632/?q=897084705c9g HTTP/1.1" 200 26937 "-" "Mozilla/5.0 (Linux; Android 6.0.1; Nexus 5X Build/MMB29P) AppleWebKit/537.36 (KHTML, like Gecko) Chrome/143.0.7499.192 Mobile Safari/537.36 (compatible; Googlebot/2.1; +http://www.google.com/bot.html)"
66.249.77.98 - - [19/Jan/2026:07:34:01 -0500] "GET /index.php/safe_search/config/shopdetail/365423032/shopdetail/363891532/iqr/inquiryInputView//f/before/toner/ HTTP/1.1" 200 28457 "-" "Mozilla/5.0 (Linux; Android 6.0.1; Nexus 5X Build/MMB29P) AppleWebKit/537.36 (KHTML, like Gecko) Chrome/143.0.7499.192 Mobile Safari/537.36 (compatible; Googlebot/2.1; +http://www.google.com/bot.html)"
66.249.77.102 - - [19/Jan/2026:07:34:03 -0500] "GET /index.php/safe_search/config/shopdetail/195155232/shopdetail/283319332/?q=441236805ji4b HTTP/1.1" 200 26518 "-" "Mozilla/5.0 (Linux; Android 6.0.1; Nexus 5X Build/MMB29P) AppleWebKit/537.36 (KHTML, like Gecko) Chrome/143.0.7499.192 Mobile Safari/537.36 (compatible; Googlebot/2.1; +http://www.google.com/bot.html)"
74.7.241.154 - - [19/Jan/2026:07:34:05 -0500] "GET /robots.txt HTTP/1.1" 200 0 "-" "Mozilla/5.0 (Macintosh; Intel Mac OS X 10_15_7) AppleWebKit/537.36 (KHTML, like Gecko) Chrome/131.0.0.0 Safari/537.36; compatible; OAI-SearchBot/1.3; robots.txt; +https://openai.com/searchbot"
66.249.77.100 - - [19/Jan/2026:07:34:06 -0500] "GET /index.php/product/edit/38836278/recruit//?q=1090234aef978 HTTP/1.1" 200 26269 "-" "Mozilla/5.0 (Linux; Android 6.0.1; Nexus 5X Build/MMB29P) AppleWebKit/537.36 (KHTML, like Gecko) Chrome/143.0.7499.192 Mobile Safari/537.36 (compatible; Googlebot/2.1; +http://www.google.com/bot.html)"
66.249.77.96 - - [19/Jan/2026:07:34:06 -0500] "GET /index.php/product/edit/45384243/toiawase//?q=406520558c65i HTTP/1.1" 200 27304 "-" "Mozilla/5.0 (Linux; Android 6.0.1; Nexus 5X Build/MMB29P) AppleWebKit/537.36 (KHTML, like Gecko) Chrome/143.0.7499.192 Mobile Safari/537.36 (compatible; Googlebot/2.1; +http://www.google.com/bot.html)"
66.249.77.102 - - [19/Jan/2026:07:34:08 -0500] "GET /index.php/product/edit/72479369/pcmypage//?q=2363576c65je9 HTTP/1.1" 200 27321 "-" "Mozilla/5.0 (Linux; Android 6.0.1; Nexus 5X Build/MMB29P) AppleWebKit/537.36 (KHTML, like Gecko) Chrome/143.0.7499.192 Mobile Safari/537.36 (compatible; Googlebot/2.1; +http://www.google.com/bot.html)"
66.249.72.71 - - [19/Jan/2026:07:34:09 -0500] "GET /?q=2174658ce0a7j HTTP/1.1" 200 26895 "-" "Mozilla/5.0 (Linux; Android 6.0.1; Nexus 5X Build/MMB29P) AppleWebKit/537.36 (KHTML, like Gecko) Chrome/143.0.7499.192 Mobile Safari/537.36 (compatible; Googlebot/2.1; +http://www.google.com/bot.html)"
66.249.77.102 - - [19/Jan/2026:07:34:09 -0500] "GET /index.php/product/edit/72479369/pcmypage//?q=2543446hgad6c HTTP/1.1" 200 26734 "-" "Mozilla/5.0 (Linux; Android 6.0.1; Nexus 5X Build/MMB29P) AppleWebKit/537.36 (KHTML, like Gecko) Chrome/143.0.7499.192 Mobile Safari/537.36 (compatible; Googlebot/2.1; +http://www.google.com/bot.html)"
66.249.77.99 - - [19/Jan/2026:07:34:10 -0500] "GET /index.php/product/edit/09140035/toiawase//?q=1683606df14jb HTTP/1.1" 200 26781 "-" "Mozilla/5.0 (Linux; Android 6.0.1; Nexus 5X Build/MMB29P) AppleWebKit/537.36 (KHTML, like Gecko) Chrome/143.0.7499.192 Mobile Safari/537.36 (compatible; Googlebot/2.1; +http://www.google.com/bot.html)"
66.249.77.98 - - [19/Jan/2026:07:34:11 -0500] "GET /index.php/product/edit/09140035/toiawase//?q=176674942f7i6 HTTP/1.1" 200 26656 "-" "Mozilla/5.0 (Linux; Android 6.0.1; Nexus 5X Build/MMB29P) AppleWebKit/537.36 (KHTML, like Gecko) Chrome/143.0.7499.192 Mobile Safari/537.36 (compatible; Googlebot/2.1; +http://www.google.com/bot.html)"
154.54.249.194 - - [19/Jan/2026:07:34:12 -0500] "GET /sites/gfine/vendor/sebastian/resource-operations/src/?MA HTTP/1.1" 200 0 "-" "Mozilla/5.0 (compatible; Barkrowler/0.9; +https://babbar.tech/crawler)"
66.249.77.98 - - [19/Jan/2026:07:34:12 -0500] "GET /index.php/product/edit/67444042/toiawase//?q=2713894i0h3d9 HTTP/1.1" 200 26521 "-" "Mozilla/5.0 (Linux; Android 6.0.1; Nexus 5X Build/MMB29P) AppleWebKit/537.36 (KHTML, like Gecko) Chrome/143.0.7499.192 Mobile Safari/537.36 (compatible; Googlebot/2.1; +http://www.google.com/bot.html)"
66.249.77.102 - - [19/Jan/2026:07:34:13 -0500] "GET /index.php/product/edit/67444042/toiawase//?q=2103894c0ahfh HTTP/1.1" 200 30069 "-" "Mozilla/5.0 (Linux; Android 6.0.1; Nexus 5X Build/MMB29P) AppleWebKit/537.36 (KHTML, like Gecko) Chrome/143.0.7499.192 Mobile Safari/537.36 (compatible; Googlebot/2.1; +http://www.google.com/bot.html)"
66.249.77.97 - - [19/Jan/2026:07:34:01 -0500] "GET /index.php/safe_search/config/shopdetail/25810832/shopdetail/185899232/?q=2975604g3h855 HTTP/1.1" 200 26875 "-" "Mozilla/5.0 (Linux; Android 6.0.1; Nexus 5X Build/MMB29P) AppleWebKit/537.36 (KHTML, like Gecko) Chrome/143.0.7499.192 Mobile Safari/537.36 (compatible; Googlebot/2.1; +http://www.google.com/bot.html)"
66.249.77.97 - - [19/Jan/2026:07:34:02 -0500] "GET /index.php/safe_search/config/shopdetail/25810832/shopdetail/185899232/?q=3919965cd3bi4 HTTP/1.1" 200 27321 "-" "Mozilla/5.0 (Linux; Android 6.0.1; Nexus 5X Build/MMB29P) AppleWebKit/537.36 (KHTML, like Gecko) Chrome/143.0.7499.192 Mobile Safari/537.36 (compatible; Googlebot/2.1; +http://www.google.com/bot.html)"
66.249.77.100 - - [19/Jan/2026:07:34:02 -0500] "GET /index.php/safe_search/config/shopdetail/321854732/shopdetail/82321732/?q=4263155db8b70 HTTP/1.1" 200 26416 "-" "Mozilla/5.0 (Linux; Android 6.0.1; Nexus 5X Build/MMB29P) AppleWebKit/537.36 (KHTML, like Gecko) Chrome/143.0.7499.192 Mobile Safari/537.36 (compatible; Googlebot/2.1; +http://www.google.com/bot.html)"
66.249.77.96 - - [19/Jan/2026:07:34:07 -0500] "GET /index.php/product/edit/28043314/cd.html//?q=268981021h014 HTTP/1.1" 200 26809 "-" "Mozilla/5.0 (Linux; Android 6.0.1; Nexus 5X Build/MMB29P) AppleWebKit/537.36 (KHTML, like Gecko) Chrome/143.0.7499.192 Mobile Safari/537.36 (compatible; Googlebot/2.1; +http://www.google.com/bot.html)"
66.249.77.99 - - [19/Jan/2026:07:34:07 -0500] "GET /index.php/product/edit/72479369/pcmypage//?q=1682147a0f3ai HTTP/1.1" 200 26417 "-" "Mozilla/5.0 (Linux; Android 6.0.1; Nexus 5X Build/MMB29P) AppleWebKit/537.36 (KHTML, like Gecko) Chrome/143.0.7499.192 Mobile Safari/537.36 (compatible; Googlebot/2.1; +http://www.google.com/bot.html)"
66.249.77.96 - - [19/Jan/2026:07:34:08 -0500] "GET /index.php/product/edit/09140035/toiawase//?q=415748935a747 HTTP/1.1" 200 28054 "-" "Mozilla/5.0 (Linux; Android 6.0.1; Nexus 5X Build/MMB29P) AppleWebKit/537.36 (KHTML, like Gecko) Chrome/143.0.7499.192 Mobile Safari/537.36 (compatible; Googlebot/2.1; +http://www.google.com/bot.html)"
66.249.77.96 - - [19/Jan/2026:07:34:09 -0500] "GET /index.php/product/edit/89915825/recruit//?q=2654195c4e6c6 HTTP/1.1" 200 26099 "-" "Mozilla/5.0 (Linux; Android 6.0.1; Nexus 5X Build/MMB29P) AppleWebKit/537.36 (KHTML, like Gecko) Chrome/143.0.7499.192 Mobile Safari/537.36 (compatible; Googlebot/2.1; +http://www.google.com/bot.html)"
66.249.77.98 - - [19/Jan/2026:07:34:10 -0500] "GET /index.php/product/edit/72479369/pcmypage//?q=3538811b2976c HTTP/1.1" 200 26588 "-" "Mozilla/5.0 (Linux; Android 6.0.1; Nexus 5X Build/MMB29P) AppleWebKit/537.36 (KHTML, like Gecko) Chrome/143.0.7499.192 Mobile Safari/537.36 (compatible; Googlebot/2.1; +http://www.google.com/bot.html)"
66.249.77.101 - - [19/Jan/2026:07:34:11 -0500] "GET /index.php/product/edit/67444042/toiawase//?q=1989404067fgj HTTP/1.1" 200 26571 "-" "Mozilla/5.0 (Linux; Android 6.0.1; Nexus 5X Build/MMB29P) AppleWebKit/537.36 (KHTML, like Gecko) Chrome/143.0.7499.192 Mobile Safari/537.36 (compatible; Googlebot/2.1; +http://www.google.com/bot.html)"
66.249.77.101 - - [19/Jan/2026:07:34:12 -0500] "GET /index.php/product/edit/72479369/pcmypage//?q=24806280938ib HTTP/1.1" 200 26148 "-" "Mozilla/5.0 (Linux; Android 6.0.1; Nexus 5X Build/MMB29P) AppleWebKit/537.36 (KHTML, like Gecko) Chrome/143.0.7499.192 Mobile Safari/537.36 (compatible; Googlebot/2.1; +http://www.google.com/bot.html)"
66.249.77.98 - - [19/Jan/2026:07:34:14 -0500] "GET /index.php/product/edit/67444042/toiawase//?q=3360444bjbg9b HTTP/1.1" 200 26865 "-" "Mozilla/5.0 (Linux; Android 6.0.1; Nexus 5X Build/MMB29P) AppleWebKit/537.36 (KHTML, like Gecko) Chrome/143.0.7499.192 Mobile Safari/537.36 (compatible; Googlebot/2.1; +http://www.google.com/bot.html)"
66.249.77.101 - - [19/Jan/2026:07:34:13 -0500] "GET /index.php/safe_search/config/shopdetail/315032032/books.html//?q=224733086eh57 HTTP/1.1" 200 26884 "-" "Mozilla/5.0 (Linux; Android 6.0.1; Nexus 5X Build/MMB29P) AppleWebKit/537.36 (KHTML, like Gecko) Chrome/143.0.7499.192 Mobile Safari/537.36 (compatible; Googlebot/2.1; +http://www.google.com/bot.html)"
66.249.77.100 - - [19/Jan/2026:07:34:14 -0500] "GET /index.php/product/edit/94211245/recruit//?q=1649418cc337i HTTP/1.1" 200 27120 "-" "Mozilla/5.0 (Linux; Android 6.0.1; Nexus 5X Build/MMB29P) AppleWebKit/537.36 (KHTML, like Gecko) Chrome/143.0.7499.192 Mobile Safari/537.36 (compatible; Googlebot/2.1; +http://www.google.com/bot.html)"
66.249.77.98 - - [19/Jan/2026:07:34:16 -0500] "GET /index.php/product/edit/38836278/recruit//?q=1254252i1i8gf HTTP/1.1" 200 26398 "-" "Mozilla/5.0 (Linux; Android 6.0.1; Nexus 5X Build/MMB29P) AppleWebKit/537.36 (KHTML, like Gecko) Chrome/143.0.7499.192 Mobile Safari/537.36 (compatible; Googlebot/2.1; +http://www.google.com/bot.html)"
66.249.77.98 - - [19/Jan/2026:07:34:17 -0500] "GET /index.php/product/edit/72479369/pcmypage//?q=101873051cdag HTTP/1.1" 200 25694 "-" "Mozilla/5.0 (Linux; Android 6.0.1; Nexus 5X Build/MMB29P) AppleWebKit/537.36 (KHTML, like Gecko) Chrome/143.0.7499.192 Mobile Safari/537.36 (compatible; Googlebot/2.1; +http://www.google.com/bot.html)"
66.249.77.99 - - [19/Jan/2026:07:34:17 -0500] "GET /index.php/product/edit/72479369/pcmypage//?q=3557325had13a HTTP/1.1" 200 26301 "-" "Mozilla/5.0 (Linux; Android 6.0.1; Nexus 5X Build/MMB29P) AppleWebKit/537.36 (KHTML, like Gecko) Chrome/143.0.7499.192 Mobile Safari/537.36 (compatible; Googlebot/2.1; +http://www.google.com/bot.html)"
66.249.77.99 - - [19/Jan/2026:07:34:18 -0500] "GET /index.php/product/edit/72479369/pcmypage//?q=3832194ij5j42 HTTP/1.1" 200 27204 "-" "Mozilla/5.0 (Linux; Android 6.0.1; Nexus 5X Build/MMB29P) AppleWebKit/537.36 (KHTML, like Gecko) Chrome/143.0.7499.192 Mobile Safari/537.36 (compatible; Googlebot/2.1; +http://www.google.com/bot.html)"
66.249.77.100 - - [19/Jan/2026:07:34:18 -0500] "GET /index.php/product/edit/72479369/pcmypage//?q=417644hc3ia2 HTTP/1.1" 200 27235 "-" "Mozilla/5.0 (Linux; Android 6.0.1; Nexus 5X Build/MMB29P) AppleWebKit/537.36 (KHTML, like Gecko) Chrome/143.0.7499.192 Mobile Safari/537.36 (compatible; Googlebot/2.1; +http://www.google.com/bot.html)"
213.180.203.113 - - [19/Jan/2026:07:34:19 -0500] "GET /good.php/3897264.shtml HTTP/1.1" 200 0 "-" "Mozilla/5.0 (compatible; YandexBot/3.0; +http://yandex.com/bots)"
66.249.77.99 - - [19/Jan/2026:07:34:19 -0500] "GET /?q=3553146c1e039 HTTP/1.1" 200 29164 "-" "Mozilla/5.0 (Linux; Android 6.0.1; Nexus 5X Build/MMB29P) AppleWebKit/537.36 (KHTML, like Gecko) Chrome/143.0.7499.192 Mobile Safari/537.36 (compatible; Googlebot/2.1; +http://www.google.com/bot.html)"
66.249.77.101 - - [19/Jan/2026:07:34:20 -0500] "GET /index.php/product/edit/72479369/pcmypage//?q=1321045i3b59c HTTP/1.1" 200 26557 "-" "Mozilla/5.0 (Linux; Android 6.0.1; Nexus 5X Build/MMB29P) AppleWebKit/537.36 (KHTML, like Gecko) Chrome/143.0.7499.192 Mobile Safari/537.36 (compatible; Googlebot/2.1; +http://www.google.com/bot.html)"
66.249.77.100 - - [19/Jan/2026:07:34:21 -0500] "GET /index.php/product/edit/72479369/pcmypage//?q=36638420d4ja4 HTTP/1.1" 200 26422 "-" "Mozilla/5.0 (Linux; Android 6.0.1; Nexus 5X Build/MMB29P) AppleWebKit/537.36 (KHTML, like Gecko) Chrome/143.0.7499.192 Mobile Safari/537.36 (compatible; Googlebot/2.1; +http://www.google.com/bot.html)"
66.249.77.101 - - [19/Jan/2026:07:34:21 -0500] "GET /index.php/product/edit/86861603/dozin.html/shopdetail/378165132//?q=3474993efe74i HTTP/1.1" 200 27238 "-" "Mozilla/5.0 (Linux; Android 6.0.1; Nexus 5X Build/MMB29P) AppleWebKit/537.36 (KHTML, like Gecko) Chrome/143.0.7499.192 Mobile Safari/537.36 (compatible; Googlebot/2.1; +http://www.google.com/bot.html)"
66.249.77.98 - - [19/Jan/2026:07:34:14 -0500] "GET /index.php/product/edit/72479369/pcmypage//?q=2003309cdc4g8 HTTP/1.1" 200 26480 "-" "Mozilla/5.0 (Linux; Android 6.0.1; Nexus 5X Build/MMB29P) AppleWebKit/537.36 (KHTML, like Gecko) Chrome/143.0.7499.192 Mobile Safari/537.36 (compatible; Googlebot/2.1; +http://www.google.com/bot.html)"
66.249.77.98 - - [19/Jan/2026:07:34:14 -0500] "GET /index.php/product/edit/72479369/pcmypage//?q=294544ff99ab HTTP/1.1" 200 26144 "-" "Mozilla/5.0 (Linux; Android 6.0.1; Nexus 5X Build/MMB29P) AppleWebKit/537.36 (KHTML, like Gecko) Chrome/143.0.7499.192 Mobile Safari/537.36 (compatible; Googlebot/2.1; +http://www.google.com/bot.html)"
66.249.77.99 - - [19/Jan/2026:07:34:15 -0500] "GET /index.php/product/edit/38836278/recruit//?q=2133514a2g9f7 HTTP/1.1" 200 26356 "-" "Mozilla/5.0 (Linux; Android 6.0.1; Nexus 5X Build/MMB29P) AppleWebKit/537.36 (KHTML, like Gecko) Chrome/143.0.7499.192 Mobile Safari/537.36 (compatible; Googlebot/2.1; +http://www.google.com/bot.html)"
66.249.77.98 - - [19/Jan/2026:07:34:15 -0500] "GET /index.php/product/edit/72479369/pcmypage//?q=261284545i9e HTTP/1.1" 200 26864 "-" "Mozilla/5.0 (Linux; Android 6.0.1; Nexus 5X Build/MMB29P) AppleWebKit/537.36 (KHTML, like Gecko) Chrome/143.0.7499.192 Mobile Safari/537.36 (compatible; Googlebot/2.1; +http://www.google.com/bot.html)"
66.249.77.99 - - [19/Jan/2026:07:34:15 -0500] "GET /index.php/product/edit/72479369/pcmypage//?q=1553421jcggi7 HTTP/1.1" 200 27403 "-" "Mozilla/5.0 (Linux; Android 6.0.1; Nexus 5X Build/MMB29P) AppleWebKit/537.36 (KHTML, like Gecko) Chrome/143.0.7499.192 Mobile Safari/537.36 (compatible; Googlebot/2.1; +http://www.google.com/bot.html)"
66.249.77.100 - - [19/Jan/2026:07:34:16 -0500] "GET /index.php/product/edit/38836278/recruit//?q=905779dbbifh HTTP/1.1" 200 26810 "-" "Mozilla/5.0 (Linux; Android 6.0.1; Nexus 5X Build/MMB29P) AppleWebKit/537.36 (KHTML, like Gecko) Chrome/143.0.7499.192 Mobile Safari/537.36 (compatible; Googlebot/2.1; +http://www.google.com/bot.html)"
66.249.77.98 - - [19/Jan/2026:07:34:19 -0500] "GET /index.php/product/edit/09140035/toiawase/etc/alcohol.html//?q=1023935cahfhg HTTP/1.1" 200 27557 "-" "Mozilla/5.0 (Linux; Android 6.0.1; Nexus 5X Build/MMB29P) AppleWebKit/537.36 (KHTML, like Gecko) Chrome/143.0.7499.192 Mobile Safari/537.36 (compatible; Googlebot/2.1; +http://www.google.com/bot.html)"
66.249.77.100 - - [19/Jan/2026:07:34:19 -0500] "GET /index.php/product/edit/72479369/pcmypage//?q=2849473e76id8 HTTP/1.1" 200 27076 "-" "Mozilla/5.0 (Linux; Android 6.0.1; Nexus 5X Build/MMB29P) AppleWebKit/537.36 (KHTML, like Gecko) Chrome/143.0.7499.192 Mobile Safari/537.36 (compatible; Googlebot/2.1; +http://www.google.com/bot.html)"
66.249.77.101 - - [19/Jan/2026:07:34:19 -0500] "GET /index.php/safe_search/config/shopdetail/376214432/e/26//?q=1991217f00j87 HTTP/1.1" 200 27226 "-" "Mozilla/5.0 (Linux; Android 6.0.1; Nexus 5X Build/MMB29P) AppleWebKit/537.36 (KHTML, like Gecko) Chrome/143.0.7499.192 Mobile Safari/537.36 (compatible; Googlebot/2.1; +http://www.google.com/bot.html)"
66.249.77.99 - - [19/Jan/2026:07:34:19 -0500] "GET /index.php/product/edit/72479369/pcmypage//?q=9322814bd63a HTTP/1.1" 200 26837 "-" "Mozilla/5.0 (Linux; Android 6.0.1; Nexus 5X Build/MMB29P) AppleWebKit/537.36 (KHTML, like Gecko) Chrome/143.0.7499.192 Mobile Safari/537.36 (compatible; Googlebot/2.1; +http://www.google.com/bot.html)"
66.249.77.99 - - [19/Jan/2026:07:34:20 -0500] "GET /index.php/product/edit/72479369/pcmypage//?q=550107661658 HTTP/1.1" 200 26877 "-" "Mozilla/5.0 (Linux; Android 6.0.1; Nexus 5X Build/MMB29P) AppleWebKit/537.36 (KHTML, like Gecko) Chrome/143.0.7499.192 Mobile Safari/537.36 (compatible; Googlebot/2.1; +http://www.google.com/bot.html)"
66.249.77.98 - - [19/Jan/2026:07:34:20 -0500] "GET /ctg/search/similarImageSearchResultView/?ctgItemCd=28898421 HTTP/1.1" 200 25725 "-" "Mozilla/5.0 (Linux; Android 6.0.1; Nexus 5X Build/MMB29P) AppleWebKit/537.36 (KHTML, like Gecko) Chrome/143.0.7499.192 Mobile Safari/537.36 (compatible; Googlebot/2.1; +http://www.google.com/bot.html)"
66.249.77.98 - - [19/Jan/2026:07:34:21 -0500] "GET /index.php/product/edit/72479369/pcmypage//?q=2784513bi00h8 HTTP/1.1" 200 27047 "-" "Mozilla/5.0 (Linux; Android 6.0.1; Nexus 5X Build/MMB29P) AppleWebKit/537.36 (KHTML, like Gecko) Chrome/143.0.7499.192 Mobile Safari/537.36 (compatible; Googlebot/2.1; +http://www.google.com/bot.html)"
66.249.77.98 - - [19/Jan/2026:07:34:21 -0500] "GET /index.php/product/edit/18706672//?q=3110043he0gjg HTTP/1.1" 200 27464 "-" "Mozilla/5.0 (Linux; Android 6.0.1; Nexus 5X Build/MMB29P) AppleWebKit/537.36 (KHTML, like Gecko) Chrome/143.0.7499.192 Mobile Safari/537.36 (compatible; Googlebot/2.1; +http://www.google.com/bot.html)"
66.249.77.101 - - [19/Jan/2026:07:34:22 -0500] "GET /index.php/safe_search/config/shopdetail/315032032/books.html//?q=1040180d18aij HTTP/1.1" 200 26646 "-" "Mozilla/5.0 (Linux; Android 6.0.1; Nexus 5X Build/MMB29P) AppleWebKit/537.36 (KHTML, like Gecko) Chrome/143.0.7499.192 Mobile Safari/537.36 (compatible; Googlebot/2.1; +http://www.google.com/bot.html)"
66.249.77.102 - - [19/Jan/2026:07:34:22 -0500] "GET /index.php/product/edit/38836278/recruit//?q=13535503echc9 HTTP/1.1" 200 27876 "-" "Mozilla/5.0 (Linux; Android 6.0.1; Nexus 5X Build/MMB29P) AppleWebKit/537.36 (KHTML, like Gecko) Chrome/143.0.7499.192 Mobile Safari/537.36 (compatible; Googlebot/2.1; +http://www.google.com/bot.html)"
66.249.77.98 - - [19/Jan/2026:07:34:24 -0500] "GET /index.php/product/edit/67444042/toiawase//?q=1158556d5b062 HTTP/1.1" 200 27303 "-" "Mozilla/5.0 (Linux; Android 6.0.1; Nexus 5X Build/MMB29P) AppleWebKit/537.36 (KHTML, like Gecko) Chrome/143.0.7499.192 Mobile Safari/537.36 (compatible; Googlebot/2.1; +http://www.google.com/bot.html)"
66.249.77.102 - - [19/Jan/2026:07:34:25 -0500] "GET /ctg/search/similarImageSearchResultView/?ctgItemCd=70343179 HTTP/1.1" 200 27351 "-" "Mozilla/5.0 (Linux; Android 6.0.1; Nexus 5X Build/MMB29P) AppleWebKit/537.36 (KHTML, like Gecko) Chrome/143.0.7499.192 Mobile Safari/537.36 (compatible; Googlebot/2.1; +http://www.google.com/bot.html)"
66.249.77.96 - - [19/Jan/2026:07:34:26 -0500] "GET /index.php/product/edit/38836278/recruit/f/before/toner/e/22//?q=3751320fd4117 HTTP/1.1" 200 26342 "-" "Mozilla/5.0 (Linux; Android 6.0.1; Nexus 5X Build/MMB29P) AppleWebKit/537.36 (KHTML, like Gecko) Chrome/143.0.7499.192 Mobile Safari/537.36 (compatible; Googlebot/2.1; +http://www.google.com/bot.html)"
66.249.77.101 - - [19/Jan/2026:07:34:26 -0500] "GET /index.php/product/edit/67444042/toiawase//?q=4194947g539be HTTP/1.1" 200 27899 "-" "Mozilla/5.0 (Linux; Android 6.0.1; Nexus 5X Build/MMB29P) AppleWebKit/537.36 (KHTML, like Gecko) Chrome/143.0.7499.192 Mobile Safari/537.36 (compatible; Googlebot/2.1; +http://www.google.com/bot.html)"
66.249.77.101 - - [19/Jan/2026:07:34:27 -0500] "GET /index.php/product/edit/67444042/toiawase//?q=12077012d37c2 HTTP/1.1" 200 27480 "-" "Mozilla/5.0 (Linux; Android 6.0.1; Nexus 5X Build/MMB29P) AppleWebKit/537.36 (KHTML, like Gecko) Chrome/143.0.7499.192 Mobile Safari/537.36 (compatible; Googlebot/2.1; +http://www.google.com/bot.html)"
66.249.77.100 - - [19/Jan/2026:07:34:27 -0500] "GET /index.php/product/edit/67444042/toiawase//?q=153342912e978 HTTP/1.1" 200 26769 "-" "Mozilla/5.0 (Linux; Android 6.0.1; Nexus 5X Build/MMB29P) AppleWebKit/537.36 (KHTML, like Gecko) Chrome/143.0.7499.192 Mobile Safari/537.36 (compatible; Googlebot/2.1; +http://www.google.com/bot.html)"
66.249.77.102 - - [19/Jan/2026:07:34:28 -0500] "GET /index.php/product/edit/74546977//?q=6825938c1i65 HTTP/1.1" 200 25848 "-" "Mozilla/5.0 (Linux; Android 6.0.1; Nexus 5X Build/MMB29P) AppleWebKit/537.36 (KHTML, like Gecko) Chrome/143.0.7499.192 Mobile Safari/537.36 (compatible; Googlebot/2.1; +http://www.google.com/bot.html)"
66.249.77.100 - - [19/Jan/2026:07:34:28 -0500] "GET /index.php/product/edit/72479369/pcmypage//?q=2832899a954fi HTTP/1.1" 200 28797 "-" "Mozilla/5.0 (Linux; Android 6.0.1; Nexus 5X Build/MMB29P) AppleWebKit/537.36 (KHTML, like Gecko) Chrome/143.0.7499.192 Mobile Safari/537.36 (compatible; Googlebot/2.1; +http://www.google.com/bot.html)"
66.249.77.101 - - [19/Jan/2026:07:34:22 -0500] "GET /index.php/product/edit/09140035/toiawase//?q=8173736g9ihh HTTP/1.1" 200 26682 "-" "Mozilla/5.0 (Linux; Android 6.0.1; Nexus 5X Build/MMB29P) AppleWebKit/537.36 (KHTML, like Gecko) Chrome/143.0.7499.192 Mobile Safari/537.36 (compatible; Googlebot/2.1; +http://www.google.com/bot.html)"
66.249.77.99 - - [19/Jan/2026:07:34:23 -0500] "GET /index.php/product/edit/67444042/toiawase//?q=56412i89eg7 HTTP/1.1" 200 27616 "-" "Mozilla/5.0 (Linux; Android 6.0.1; Nexus 5X Build/MMB29P) AppleWebKit/537.36 (KHTML, like Gecko) Chrome/143.0.7499.192 Mobile Safari/537.36 (compatible; Googlebot/2.1; +http://www.google.com/bot.html)"
66.249.77.98 - - [19/Jan/2026:07:34:23 -0500] "GET /index.php/product/edit/90229377//?q=21865120hd654 HTTP/1.1" 200 26472 "-" "Mozilla/5.0 (Linux; Android 6.0.1; Nexus 5X Build/MMB29P) AppleWebKit/537.36 (KHTML, like Gecko) Chrome/143.0.7499.192 Mobile Safari/537.36 (compatible; Googlebot/2.1; +http://www.google.com/bot.html)"
66.249.77.98 - - [19/Jan/2026:07:34:23 -0500] "GET /index.php/product/edit/38836278/recruit//?q=3810048a3egf5 HTTP/1.1" 200 27461 "-" "Mozilla/5.0 (Linux; Android 6.0.1; Nexus 5X Build/MMB29P) AppleWebKit/537.36 (KHTML, like Gecko) Chrome/143.0.7499.192 Mobile Safari/537.36 (compatible; Googlebot/2.1; +http://www.google.com/bot.html)"
66.249.77.102 - - [19/Jan/2026:07:34:24 -0500] "GET /index.php/product/edit/67444042/toiawase//?q=3858384a79h87 HTTP/1.1" 200 28715 "-" "Mozilla/5.0 (Linux; Android 6.0.1; Nexus 5X Build/MMB29P) AppleWebKit/537.36 (KHTML, like Gecko) Chrome/143.0.7499.192 Mobile Safari/537.36 (compatible; Googlebot/2.1; +http://www.google.com/bot.html)"
66.249.77.102 - - [19/Jan/2026:07:34:25 -0500] "GET /index.php/product/edit/38836278/recruit//?q=13293105hef7h HTTP/1.1" 200 25821 "-" "Mozilla/5.0 (Linux; Android 6.0.1; Nexus 5X Build/MMB29P) AppleWebKit/537.36 (KHTML, like Gecko) Chrome/143.0.7499.192 Mobile Safari/537.36 (compatible; Googlebot/2.1; +http://www.google.com/bot.html)"
66.249.77.100 - - [19/Jan/2026:07:34:25 -0500] "GET /index.php/product/edit/67444042/toiawase//?q=18358241b18i2 HTTP/1.1" 200 27766 "-" "Mozilla/5.0 (Linux; Android 6.0.1; Nexus 5X Build/MMB29P) AppleWebKit/537.36 (KHTML, like Gecko) Chrome/143.0.7499.192 Mobile Safari/537.36 (compatible; Googlebot/2.1; +http://www.google.com/bot.html)"
66.249.77.102 - - [19/Jan/2026:07:34:26 -0500] "GET /index.php/product/edit/38836278/recruit//?q=3088549930eaf HTTP/1.1" 200 26752 "-" "Mozilla/5.0 (Linux; Android 6.0.1; Nexus 5X Build/MMB29P) AppleWebKit/537.36 (KHTML, like Gecko) Chrome/143.0.7499.192 Mobile Safari/537.36 (compatible; Googlebot/2.1; +http://www.google.com/bot.html)"
154.54.249.194 - - [19/Jan/2026:07:34:28 -0500] "GET /sites/gfine/vendor/sebastian/resource-operations/src/?SA HTTP/1.1" 200 0 "-" "Mozilla/5.0 (compatible; Barkrowler/0.9; +https://babbar.tech/crawler)"
66.249.77.102 - - [19/Jan/2026:07:34:28 -0500] "GET /index.php/product/edit/38836278/recruit//?q=2237455c4d9h0 HTTP/1.1" 200 25696 "-" "Mozilla/5.0 (Linux; Android 6.0.1; Nexus 5X Build/MMB29P) AppleWebKit/537.36 (KHTML, like Gecko) Chrome/143.0.7499.192 Mobile Safari/537.36 (compatible; Googlebot/2.1; +http://www.google.com/bot.html)"
66.249.77.100 - - [19/Jan/2026:07:34:29 -0500] "GET /resource/js/json/megadrop_2015new.json HTTP/1.1" 200 26016 "https://gfects.com/index.php/product/edit/09140035/toiawase//?q=415748935a747" "Mozilla/5.0 (Linux; Android 6.0.1; Nexus 5X Build/MMB29P) AppleWebKit/537.36 (KHTML, like Gecko) Chrome/143.0.7499.192 Mobile Safari/537.36 (compatible; Googlebot/2.1; +http://www.google.com/bot.html)"
66.249.77.98 - - [19/Jan/2026:07:34:29 -0500] "GET /index.php/product/edit/72479369/pcmypage//?q=2168229cdi48g HTTP/1.1" 200 26161 "-" "Mozilla/5.0 (Linux; Android 6.0.1; Nexus 5X Build/MMB29P) AppleWebKit/537.36 (KHTML, like Gecko) Chrome/143.0.7499.192 Mobile Safari/537.36 (compatible; Googlebot/2.1; +http://www.google.com/bot.html)"
66.249.77.100 - - [19/Jan/2026:07:34:29 -0500] "GET /index.php/product/edit/72479369/pcmypage//?q=3985405idei33 HTTP/1.1" 200 27589 "-" "Mozilla/5.0 (Linux; Android 6.0.1; Nexus 5X Build/MMB29P) AppleWebKit/537.36 (KHTML, like Gecko) Chrome/143.0.7499.192 Mobile Safari/537.36 (compatible; Googlebot/2.1; +http://www.google.com/bot.html)"
66.249.77.98 - - [19/Jan/2026:07:34:30 -0500] "GET /index.php/product/edit/72479369/pcmypage//?q=2795222903fg3 HTTP/1.1" 200 26281 "-" "Mozilla/5.0 (Linux; Android 6.0.1; Nexus 5X Build/MMB29P) AppleWebKit/537.36 (KHTML, like Gecko) Chrome/143.0.7499.192 Mobile Safari/537.36 (compatible; Googlebot/2.1; +http://www.google.com/bot.html)"
66.249.77.102 - - [19/Jan/2026:07:34:31 -0500] "GET /index.php/product/edit/38836278/recruit//?q=34389532c1f58 HTTP/1.1" 200 26625 "-" "Mozilla/5.0 (Linux; Android 6.0.1; Nexus 5X Build/MMB29P) AppleWebKit/537.36 (KHTML, like Gecko) Chrome/143.0.7499.192 Mobile Safari/537.36 (compatible; Googlebot/2.1; +http://www.google.com/bot.html)"
66.249.77.101 - - [19/Jan/2026:07:34:31 -0500] "GET /index.php/product/edit/38836278/recruit//?q=947134di2f6c HTTP/1.1" 200 27433 "-" "Mozilla/5.0 (Linux; Android 6.0.1; Nexus 5X Build/MMB29P) AppleWebKit/537.36 (KHTML, like Gecko) Chrome/143.0.7499.192 Mobile Safari/537.36 (compatible; Googlebot/2.1; +http://www.google.com/bot.html)"
66.249.77.101 - - [19/Jan/2026:07:34:33 -0500] "GET /index.php/product/edit/38836278/recruit//?q=735981c2bjg8 HTTP/1.1" 200 27312 "-" "Mozilla/5.0 (Linux; Android 6.0.1; Nexus 5X Build/MMB29P) AppleWebKit/537.36 (KHTML, like Gecko) Chrome/143.0.7499.192 Mobile Safari/537.36 (compatible; Googlebot/2.1; +http://www.google.com/bot.html)"
66.249.77.101 - - [19/Jan/2026:07:34:33 -0500] "GET /?q=253020859e980 HTTP/1.1" 200 25900 "-" "Mozilla/5.0 (Linux; Android 6.0.1; Nexus 5X Build/MMB29P) AppleWebKit/537.36 (KHTML, like Gecko) Chrome/143.0.7499.192 Mobile Safari/537.36 (compatible; Googlebot/2.1; +http://www.google.com/bot.html)"
66.249.77.98 - - [19/Jan/2026:07:34:33 -0500] "GET /index.php/product/edit/72479369/pcmypage/f/special/power_tools//?q=3294304f6d2fc HTTP/1.1" 200 26630 "-" "Mozilla/5.0 (Linux; Android 6.0.1; Nexus 5X Build/MMB29P) AppleWebKit/537.36 (KHTML, like Gecko) Chrome/143.0.7499.192 Mobile Safari/537.36 (compatible; Googlebot/2.1; +http://www.google.com/bot.html)"
66.249.77.98 - - [19/Jan/2026:07:34:34 -0500] "GET /ctg/search/similarImageSearchResultView/?ctgItemCd=66936686 HTTP/1.1" 200 26287 "-" "Mozilla/5.0 (Linux; Android 6.0.1; Nexus 5X Build/MMB29P) AppleWebKit/537.36 (KHTML, like Gecko) Chrome/143.0.7499.192 Mobile Safari/537.36 (compatible; Googlebot/2.1; +http://www.google.com/bot.html)"
66.249.77.102 - - [19/Jan/2026:07:34:34 -0500] "GET /index.php/product/edit/38836278/recruit//?q=114013egd7h1 HTTP/1.1" 200 26369 "-" "Mozilla/5.0 (Linux; Android 6.0.1; Nexus 5X Build/MMB29P) AppleWebKit/537.36 (KHTML, like Gecko) Chrome/143.0.7499.192 Mobile Safari/537.36 (compatible; Googlebot/2.1; +http://www.google.com/bot.html)"
74.7.227.153 - - [19/Jan/2026:07:34:34 -0500] "GET / HTTP/1.1" 200 0 "https://www.way2check.cv" "Mozilla/5.0 AppleWebKit/537.36 (KHTML, like Gecko; compatible; GPTBot/1.3; +https://openai.com/gptbot)"
66.249.77.97 - - [19/Jan/2026:07:34:35 -0500] "GET /index.php/product/edit/67444042/toiawase//?q=176g1fb1c HTTP/1.1" 200 27148 "-" "Mozilla/5.0 (Linux; Android 6.0.1; Nexus 5X Build/MMB29P) AppleWebKit/537.36 (KHTML, like Gecko) Chrome/143.0.7499.192 Mobile Safari/537.36 (compatible; Googlebot/2.1; +http://www.google.com/bot.html)"
66.249.77.97 - - [19/Jan/2026:07:34:35 -0500] "GET /index.php/product/edit/67444042/toiawase//?q=464468fa9eih HTTP/1.1" 200 27234 "-" "Mozilla/5.0 (Linux; Android 6.0.1; Nexus 5X Build/MMB29P) AppleWebKit/537.36 (KHTML, like Gecko) Chrome/143.0.7499.192 Mobile Safari/537.36 (compatible; Googlebot/2.1; +http://www.google.com/bot.html)"
66.249.77.102 - - [19/Jan/2026:07:34:30 -0500] "GET /index.php/product/edit/38836278/recruit//?q=1503864f96669 HTTP/1.1" 200 27087 "-" "Mozilla/5.0 (Linux; Android 6.0.1; Nexus 5X Build/MMB29P) AppleWebKit/537.36 (KHTML, like Gecko) Chrome/143.0.7499.192 Mobile Safari/537.36 (compatible; Googlebot/2.1; +http://www.google.com/bot.html)"
66.249.77.98 - - [19/Jan/2026:07:34:32 -0500] "GET /index.php/product/edit/72479369/pcmypage//?q=2495070e08685 HTTP/1.1" 200 25782 "-" "Mozilla/5.0 (Linux; Android 6.0.1; Nexus 5X Build/MMB29P) AppleWebKit/537.36 (KHTML, like Gecko) Chrome/143.0.7499.192 Mobile Safari/537.36 (compatible; Googlebot/2.1; +http://www.google.com/bot.html)"
66.249.77.99 - - [19/Jan/2026:07:34:32 -0500] "GET /index.php/product/edit/09140035/toiawase//?q=1544717eag3ab HTTP/1.1" 200 27278 "-" "Mozilla/5.0 (Linux; Android 6.0.1; Nexus 5X Build/MMB29P) AppleWebKit/537.36 (KHTML, like Gecko) Chrome/143.0.7499.192 Mobile Safari/537.36 (compatible; Googlebot/2.1; +http://www.google.com/bot.html)"
66.249.77.100 - - [19/Jan/2026:07:34:33 -0500] "GET /index.php/safe_search/config/shopdetail/114007632/shopdetail/315012032//?q=4464407fba776 HTTP/1.1" 200 28080 "-" "Mozilla/5.0 (Linux; Android 6.0.1; Nexus 5X Build/MMB29P) AppleWebKit/537.36 (KHTML, like Gecko) Chrome/143.0.7499.192 Mobile Safari/537.36 (compatible; Googlebot/2.1; +http://www.google.com/bot.html)"
66.249.77.101 - - [19/Jan/2026:07:34:33 -0500] "GET /index.php/product/edit/09140035/toiawase//?q=8001545aiiga HTTP/1.1" 200 27434 "-" "Mozilla/5.0 (Linux; Android 6.0.1; Nexus 5X Build/MMB29P) AppleWebKit/537.36 (KHTML, like Gecko) Chrome/143.0.7499.192 Mobile Safari/537.36 (compatible; Googlebot/2.1; +http://www.google.com/bot.html)"
66.249.77.102 - - [19/Jan/2026:07:34:34 -0500] "GET /index.php/product/edit/09140035/toiawase//?q=30234732g4b0 HTTP/1.1" 200 26272 "-" "Mozilla/5.0 (Linux; Android 6.0.1; Nexus 5X Build/MMB29P) AppleWebKit/537.36 (KHTML, like Gecko) Chrome/143.0.7499.192 Mobile Safari/537.36 (compatible; Googlebot/2.1; +http://www.google.com/bot.html)"
66.249.77.96 - - [19/Jan/2026:07:34:37 -0500] "GET /index.php/product/edit/72479369/pcmypage//?q=26220604876g1 HTTP/1.1" 200 26685 "-" "Mozilla/5.0 (Linux; Android 6.0.1; Nexus 5X Build/MMB29P) AppleWebKit/537.36 (KHTML, like Gecko) Chrome/143.0.7499.192 Mobile Safari/537.36 (compatible; Googlebot/2.1; +http://www.google.com/bot.html)"
66.249.77.97 - - [19/Jan/2026:07:34:39 -0500] "GET /index.php/product/edit/72479369/pcmypage//?q=66589500aj88 HTTP/1.1" 200 26991 "-" "Mozilla/5.0 (Linux; Android 6.0.1; Nexus 5X Build/MMB29P) AppleWebKit/537.36 (KHTML, like Gecko) Chrome/143.0.7499.192 Mobile Safari/537.36 (compatible; Googlebot/2.1; +http://www.google.com/bot.html)"
66.249.77.101 - - [19/Jan/2026:07:34:40 -0500] "GET /index.php/product/edit/72479369/pcmypage//?q=4013683cbd254 HTTP/1.1" 200 27676 "-" "Mozilla/5.0 (Linux; Android 6.0.1; Nexus 5X Build/MMB29P) AppleWebKit/537.36 (KHTML, like Gecko) Chrome/143.0.7499.192 Mobile Safari/537.36 (compatible; Googlebot/2.1; +http://www.google.com/bot.html)"
213.180.203.150 - - [19/Jan/2026:07:34:40 -0500] "GET /good.php/3296972.shtml HTTP/1.1" 200 0 "-" "Mozilla/5.0 (compatible; YandexBot/3.0; +http://yandex.com/bots)"
66.249.77.99 - - [19/Jan/2026:07:34:41 -0500] "GET /index.php/product/edit/72479369/pcmypage//?q=14472909i45ea HTTP/1.1" 200 26126 "-" "Mozilla/5.0 (Linux; Android 6.0.1; Nexus 5X Build/MMB29P) AppleWebKit/537.36 (KHTML, like Gecko) Chrome/143.0.7499.192 Mobile Safari/537.36 (compatible; Googlebot/2.1; +http://www.google.com/bot.html)"
66.249.77.99 - - [19/Jan/2026:07:34:41 -0500] "GET /index.php/product/edit/72479369/pcmypage//?q=718693g253cc HTTP/1.1" 200 27499 "-" "Mozilla/5.0 (Linux; Android 6.0.1; Nexus 5X Build/MMB29P) AppleWebKit/537.36 (KHTML, like Gecko) Chrome/143.0.7499.192 Mobile Safari/537.36 (compatible; Googlebot/2.1; +http://www.google.com/bot.html)"
66.249.77.100 - - [19/Jan/2026:07:34:36 -0500] "GET /index.php/product/edit/72479369/pcmypage//?q=3878965g51947 HTTP/1.1" 200 26834 "-" "Mozilla/5.0 (Linux; Android 6.0.1; Nexus 5X Build/MMB29P) AppleWebKit/537.36 (KHTML, like Gecko) Chrome/143.0.7499.192 Mobile Safari/537.36 (compatible; Googlebot/2.1; +http://www.google.com/bot.html)"
66.249.77.97 - - [19/Jan/2026:07:34:36 -0500] "GET /index.php/safe_search/config/shopdetail/315032032/books.html//?q=44177295cbjae HTTP/1.1" 200 28077 "-" "Mozilla/5.0 (Linux; Android 6.0.1; Nexus 5X Build/MMB29P) AppleWebKit/537.36 (KHTML, like Gecko) Chrome/143.0.7499.192 Mobile Safari/537.36 (compatible; Googlebot/2.1; +http://www.google.com/bot.html)"
66.249.77.102 - - [19/Jan/2026:07:34:36 -0500] "GET /index.php/product/edit/72479369/pcmypage//?q=221137gad68b HTTP/1.1" 200 26573 "-" "Mozilla/5.0 (Linux; Android 6.0.1; Nexus 5X Build/MMB29P) AppleWebKit/537.36 (KHTML, like Gecko) Chrome/143.0.7499.192 Mobile Safari/537.36 (compatible; Googlebot/2.1; +http://www.google.com/bot.html)"
66.249.77.97 - - [19/Jan/2026:07:34:37 -0500] "GET /index.php/product/edit/67444042/toiawase//?q=73606fca1de HTTP/1.1" 200 26924 "-" "Mozilla/5.0 (Linux; Android 6.0.1; Nexus 5X Build/MMB29P) AppleWebKit/537.36 (KHTML, like Gecko) Chrome/143.0.7499.192 Mobile Safari/537.36 (compatible; Googlebot/2.1; +http://www.google.com/bot.html)"
66.249.77.96 - - [19/Jan/2026:07:34:38 -0500] "GET /index.php/product/edit/72479369/pcmypage//?q=1369296410h5f HTTP/1.1" 200 26827 "-" "Mozilla/5.0 (Linux; Android 6.0.1; Nexus 5X Build/MMB29P) AppleWebKit/537.36 (KHTML, like Gecko) Chrome/143.0.7499.192 Mobile Safari/537.36 (compatible; Googlebot/2.1; +http://www.google.com/bot.html)"
66.249.77.102 - - [19/Jan/2026:07:34:39 -0500] "GET /index.php/product/edit/67444042/toiawase//?q=3392480021bf5 HTTP/1.1" 200 27145 "-" "Mozilla/5.0 (Linux; Android 6.0.1; Nexus 5X Build/MMB29P) AppleWebKit/537.36 (KHTML, like Gecko) Chrome/143.0.7499.192 Mobile Safari/537.36 (compatible; Googlebot/2.1; +http://www.google.com/bot.html)"
66.249.77.102 - - [19/Jan/2026:07:34:39 -0500] "GET /index.php/safe_search/config/shopdetail/315032032/books.html//?q=3195733agfbj1 HTTP/1.1" 200 26870 "-" "Mozilla/5.0 (Linux; Android 6.0.1; Nexus 5X Build/MMB29P) AppleWebKit/537.36 (KHTML, like Gecko) Chrome/143.0.7499.192 Mobile Safari/537.36 (compatible; Googlebot/2.1; +http://www.google.com/bot.html)"
66.249.77.99 - - [19/Jan/2026:07:34:40 -0500] "GET /index.php/product/edit/67444042/toiawase//?q=212819983fjhe HTTP/1.1" 200 25996 "-" "Mozilla/5.0 (Linux; Android 6.0.1; Nexus 5X Build/MMB29P) AppleWebKit/537.36 (KHTML, like Gecko) Chrome/143.0.7499.192 Mobile Safari/537.36 (compatible; Googlebot/2.1; +http://www.google.com/bot.html)"
66.249.77.98 - - [19/Jan/2026:07:34:41 -0500] "GET /index.php/product/edit/60140663//?q=315292872hf09 HTTP/1.1" 200 27921 "-" "Mozilla/5.0 (Linux; Android 6.0.1; Nexus 5X Build/MMB29P) AppleWebKit/537.36 (KHTML, like Gecko) Chrome/143.0.7499.192 Mobile Safari/537.36 (compatible; Googlebot/2.1; +http://www.google.com/bot.html)"
66.249.77.98 - - [19/Jan/2026:07:34:42 -0500] "GET /index.php/product/edit/41051422/affiliate/?q=1070805heh4i7 HTTP/1.1" 200 26747 "-" "Mozilla/5.0 (Linux; Android 6.0.1; Nexus 5X Build/MMB29P) AppleWebKit/537.36 (KHTML, like Gecko) Chrome/143.0.7499.192 Mobile Safari/537.36 (compatible; Googlebot/2.1; +http://www.google.com/bot.html)"
66.249.77.100 - - [19/Jan/2026:07:34:43 -0500] "GET /index.php/product/edit/45384243/toiawase//?q=1034739h49717 HTTP/1.1" 200 26856 "-" "Mozilla/5.0 (Linux; Android 6.0.1; Nexus 5X Build/MMB29P) AppleWebKit/537.36 (KHTML, like Gecko) Chrome/143.0.7499.192 Mobile Safari/537.36 (compatible; Googlebot/2.1; +http://www.google.com/bot.html)"
217.113.194.17 - - [19/Jan/2026:07:34:44 -0500] "GET /sites/gfine/vendor/sebastian/object-reflector/ChangeLog.md HTTP/1.1" 200 0 "-" "Mozilla/5.0 (compatible; Barkrowler/0.9; +https://babbar.tech/crawler)"
66.249.77.97 - - [19/Jan/2026:07:34:42 -0500] "GET /index.php/product/edit/72479369/pcmypage//?q=4032486g04cae HTTP/1.1" 200 26814 "-" "Mozilla/5.0 (Linux; Android 6.0.1; Nexus 5X Build/MMB29P) AppleWebKit/537.36 (KHTML, like Gecko) Chrome/143.0.7499.192 Mobile Safari/537.36 (compatible; Googlebot/2.1; +http://www.google.com/bot.html)"
66.249.72.71 - - [19/Jan/2026:07:34:42 -0500] "GET /ctg/search/similarImageSearchResultView/?ctgItemCd=79122141 HTTP/1.1" 200 26744 "-" "Mozilla/5.0 (Linux; Android 6.0.1; Nexus 5X Build/MMB29P) AppleWebKit/537.36 (KHTML, like Gecko) Chrome/143.0.7499.192 Mobile Safari/537.36 (compatible; Googlebot/2.1; +http://www.google.com/bot.html)"
66.249.77.102 - - [19/Jan/2026:07:34:42 -0500] "GET /index.php/product/edit/72479369/pcmypage//?q=10459703b2296 HTTP/1.1" 200 27034 "-" "Mozilla/5.0 (Linux; Android 6.0.1; Nexus 5X Build/MMB29P) AppleWebKit/537.36 (KHTML, like Gecko) Chrome/143.0.7499.192 Mobile Safari/537.36 (compatible; Googlebot/2.1; +http://www.google.com/bot.html)"
66.249.77.101 - - [19/Jan/2026:07:34:43 -0500] "GET /index.php/product/edit/45384243/toiawase//?q=13273220ja7f HTTP/1.1" 200 26924 "-" "Mozilla/5.0 (Linux; Android 6.0.1; Nexus 5X Build/MMB29P) AppleWebKit/537.36 (KHTML, like Gecko) Chrome/143.0.7499.192 Mobile Safari/537.36 (compatible; Googlebot/2.1; +http://www.google.com/bot.html)"
