57.141.2.29 - - [22/Mar/2026:09:08:06 -0400] "GET /good.php/h2029137/ HTTP/1.1" 404 1251 "-" "meta-externalagent/1.1 (+https://developers.facebook.com/docs/sharing/webmasters/crawler)"
57.141.2.46 - - [22/Mar/2026:09:08:27 -0400] "GET /good.php/g543421/ HTTP/1.1" 404 1251 "-" "meta-externalagent/1.1 (+https://developers.facebook.com/docs/sharing/webmasters/crawler)"
57.141.2.71 - - [22/Mar/2026:09:08:38 -0400] "GET /good.php/2953089.shtml HTTP/1.1" 404 1251 "-" "meta-externalagent/1.1 (+https://developers.facebook.com/docs/sharing/webmasters/crawler)"
57.141.2.59 - - [22/Mar/2026:09:08:59 -0400] "GET /good.php/a2577629/ HTTP/1.1" 404 1251 "-" "meta-externalagent/1.1 (+https://developers.facebook.com/docs/sharing/webmasters/crawler)"
57.141.2.60 - - [22/Mar/2026:09:09:09 -0400] "GET /good.php/3078658.shtml HTTP/1.1" 404 1251 "-" "meta-externalagent/1.1 (+https://developers.facebook.com/docs/sharing/webmasters/crawler)"
57.141.2.25 - - [22/Mar/2026:09:09:20 -0400] "GET /3186817.shtml HTTP/1.1" 404 1251 "-" "meta-externalagent/1.1 (+https://developers.facebook.com/docs/sharing/webmasters/crawler)"
57.141.2.16 - - [22/Mar/2026:09:09:30 -0400] "GET /good.php/1956616.shtml HTTP/1.1" 404 1251 "-" "meta-externalagent/1.1 (+https://developers.facebook.com/docs/sharing/webmasters/crawler)"
74.7.227.32 - - [22/Mar/2026:09:09:50 -0400] "GET /wp-includes/class-wp-speculation-rules.php HTTP/1.1" 200 0 "https://4abetter.us/wp-includes/" "Mozilla/5.0 AppleWebKit/537.36 (KHTML, like Gecko; compatible; GPTBot/1.3; +https://openai.com/gptbot)"
74.7.227.32 - - [22/Mar/2026:09:07:25 -0400] "GET /wp-includes/class-wp-block-editor-context.php HTTP/1.1" 200 0 "https://4abetter.us/wp-includes/" "Mozilla/5.0 AppleWebKit/537.36 (KHTML, like Gecko; compatible; GPTBot/1.3; +https://openai.com/gptbot)"
66.249.72.71 - - [22/Mar/2026:09:07:35 -0400] "GET /q-~225xzUyiXMowZoA2At5QZdMIWzIwbjgHr11153/ HTTP/1.1" 404 1251 "-" "Mozilla/5.0 (Linux; Android 6.0.1; Nexus 5X Build/MMB29P) AppleWebKit/537.36 (KHTML, like Gecko) Chrome/145.0.7632.159 Mobile Safari/537.36 (compatible; Googlebot/2.1; +http://www.google.com/bot.html)"
74.7.227.32 - - [22/Mar/2026:09:07:35 -0400] "GET /wp-includes/class-wp-block-styles-registry.php HTTP/1.1" 200 0 "https://4abetter.us/wp-includes/" "Mozilla/5.0 AppleWebKit/537.36 (KHTML, like Gecko; compatible; GPTBot/1.3; +https://openai.com/gptbot)"
74.7.227.32 - - [22/Mar/2026:09:08:04 -0400] "GET /wp-content/plugins/loginizer/assets/images/social/GitHub.png HTTP/1.1" 200 2529 "https://4abetter.us/wp-signup.php" "Mozilla/5.0 AppleWebKit/537.36 (KHTML, like Gecko; compatible; GPTBot/1.3; +https://openai.com/gptbot)"
57.141.2.30 - - [22/Mar/2026:09:08:17 -0400] "GET /good.php/he1055501/ HTTP/1.1" 404 1251 "-" "meta-externalagent/1.1 (+https://developers.facebook.com/docs/sharing/webmasters/crawler)"
74.7.227.32 - - [22/Mar/2026:09:08:22 -0400] "GET /wp-includes/class-avif-info.php HTTP/1.1" 200 0 "https://4abetter.us/wp-includes/" "Mozilla/5.0 AppleWebKit/537.36 (KHTML, like Gecko; compatible; GPTBot/1.3; +https://openai.com/gptbot)"
74.7.227.32 - - [22/Mar/2026:09:08:40 -0400] "GET /sdk/js/ HTTP/1.1" 200 1001 "https://4abetter.us/sdk/" "Mozilla/5.0 AppleWebKit/537.36 (KHTML, like Gecko; compatible; GPTBot/1.3; +https://openai.com/gptbot)"
57.141.2.38 - - [22/Mar/2026:09:08:48 -0400] "GET /good.php/1954779.shtml HTTP/1.1" 404 1251 "-" "meta-externalagent/1.1 (+https://developers.facebook.com/docs/sharing/webmasters/crawler)"
74.7.227.32 - - [22/Mar/2026:09:08:55 -0400] "GET /wp-includes/class-wp-text-diff-renderer-inline.php HTTP/1.1" 500 0 "https://4abetter.us/wp-includes/" "Mozilla/5.0 AppleWebKit/537.36 (KHTML, like Gecko; compatible; GPTBot/1.3; +https://openai.com/gptbot)"
74.7.227.32 - - [22/Mar/2026:09:09:08 -0400] "GET /wp-includes/class-phpass.php HTTP/1.1" 200 0 "https://4abetter.us/wp-includes/" "Mozilla/5.0 AppleWebKit/537.36 (KHTML, like Gecko; compatible; GPTBot/1.3; +https://openai.com/gptbot)"
216.73.216.221 - - [22/Mar/2026:09:09:28 -0400] "GET /wp-includes/Requests/src/Transport/Curl.php HTTP/1.1" 500 0 "-" "Mozilla/5.0 AppleWebKit/537.36 (KHTML, like Gecko; compatible; ClaudeBot/1.0; +claudebot@anthropic.com)"
216.73.216.221 - - [22/Mar/2026:09:09:28 -0400] "GET /wp-includes/Requests/src/Exception/Transport.php HTTP/1.1" 500 0 "-" "Mozilla/5.0 AppleWebKit/537.36 (KHTML, like Gecko; compatible; ClaudeBot/1.0; +claudebot@anthropic.com)"
57.141.2.65 - - [22/Mar/2026:09:09:41 -0400] "GET /good.php/3516736.shtml HTTP/1.1" 404 1251 "-" "meta-externalagent/1.1 (+https://developers.facebook.com/docs/sharing/webmasters/crawler)"
57.141.2.50 - - [22/Mar/2026:09:09:51 -0400] "GET /good.php/ob1691889/ HTTP/1.1" 404 1251 "-" "meta-externalagent/1.1 (+https://developers.facebook.com/docs/sharing/webmasters/crawler)"
57.141.2.61 - - [22/Mar/2026:09:10:02 -0400] "GET /good.php/2206924.shtml HTTP/1.1" 404 1251 "-" "meta-externalagent/1.1 (+https://developers.facebook.com/docs/sharing/webmasters/crawler)"
57.141.2.62 - - [22/Mar/2026:09:10:12 -0400] "GET /good.php/1990451.shtml HTTP/1.1" 404 1251 "-" "meta-externalagent/1.1 (+https://developers.facebook.com/docs/sharing/webmasters/crawler)"
74.7.227.32 - - [22/Mar/2026:09:10:28 -0400] "GET /wp-includes/class-wp-recovery-mode-email-service.php HTTP/1.1" 200 0 "https://4abetter.us/wp-includes/" "Mozilla/5.0 AppleWebKit/537.36 (KHTML, like Gecko; compatible; GPTBot/1.3; +https://openai.com/gptbot)"
66.249.72.64 - - [22/Mar/2026:09:10:40 -0400] "GET /product/clerk7?c=g&l=11410 HTTP/1.1" 404 1251 "-" "Mozilla/5.0 (compatible; Googlebot/2.1; +http://www.google.com/bot.html)"
57.141.2.41 - - [22/Mar/2026:09:10:23 -0400] "GET /good.php/1665123.shtml HTTP/1.1" 404 1251 "-" "meta-externalagent/1.1 (+https://developers.facebook.com/docs/sharing/webmasters/crawler)"
57.141.2.11 - - [22/Mar/2026:09:10:34 -0400] "GET /good.php/cj1210730/ HTTP/1.1" 404 1251 "-" "meta-externalagent/1.1 (+https://developers.facebook.com/docs/sharing/webmasters/crawler)"
216.73.216.221 - - [22/Mar/2026:09:10:57 -0400] "GET /wp-includes/Requests/src/Exception/Transport HTTP/1.1" 301 795 "-" "Mozilla/5.0 AppleWebKit/537.36 (KHTML, like Gecko; compatible; ClaudeBot/1.0; +claudebot@anthropic.com)"
216.73.216.221 - - [22/Mar/2026:09:10:57 -0400] "GET /wp-includes/Requests/src/Exception/Transport/ HTTP/1.1" 200 643 "https://4abetter.us/wp-includes/Requests/src/Exception/Transport" "Mozilla/5.0 AppleWebKit/537.36 (KHTML, like Gecko; compatible; ClaudeBot/1.0; +claudebot@anthropic.com)"
57.141.2.30 - - [22/Mar/2026:09:11:05 -0400] "GET /good.php/2823943.shtml HTTP/1.1" 404 1251 "-" "meta-externalagent/1.1 (+https://developers.facebook.com/docs/sharing/webmasters/crawler)"
57.141.2.47 - - [22/Mar/2026:09:11:16 -0400] "GET /good.php/725352.shtml HTTP/1.1" 404 1251 "-" "meta-externalagent/1.1 (+https://developers.facebook.com/docs/sharing/webmasters/crawler)"
74.7.227.32 - - [22/Mar/2026:09:11:30 -0400] "GET /wp-includes/error-protection.php HTTP/1.1" 200 0 "https://4abetter.us/wp-includes/" "Mozilla/5.0 AppleWebKit/537.36 (KHTML, like Gecko; compatible; GPTBot/1.3; +https://openai.com/gptbot)"
57.141.2.61 - - [22/Mar/2026:09:11:47 -0400] "GET /good.php/4327307.shtml HTTP/1.1" 404 1251 "-" "meta-externalagent/1.1 (+https://developers.facebook.com/docs/sharing/webmasters/crawler)"
74.7.227.32 - - [22/Mar/2026:09:11:56 -0400] "GET /wp-includes/ms-default-constants.php HTTP/1.1" 200 0 "https://4abetter.us/wp-includes/" "Mozilla/5.0 AppleWebKit/537.36 (KHTML, like Gecko; compatible; GPTBot/1.3; +https://openai.com/gptbot)"
57.141.2.30 - - [22/Mar/2026:09:12:08 -0400] "GET /4243551.shtml HTTP/1.1" 404 1251 "-" "meta-externalagent/1.1 (+https://developers.facebook.com/docs/sharing/webmasters/crawler)"
57.141.2.61 - - [22/Mar/2026:09:12:19 -0400] "GET /good.php/799244.shtml HTTP/1.1" 404 1251 "-" "meta-externalagent/1.1 (+https://developers.facebook.com/docs/sharing/webmasters/crawler)"
57.141.2.1 - - [22/Mar/2026:09:12:29 -0400] "GET /good.php/2936234.shtml HTTP/1.1" 404 1251 "-" "meta-externalagent/1.1 (+https://developers.facebook.com/docs/sharing/webmasters/crawler)"
74.7.227.32 - - [22/Mar/2026:09:12:42 -0400] "GET /wp-includes/embed-template.php HTTP/1.1" 500 0 "https://4abetter.us/wp-includes/" "Mozilla/5.0 AppleWebKit/537.36 (KHTML, like Gecko; compatible; GPTBot/1.3; +https://openai.com/gptbot)"
57.141.2.29 - - [22/Mar/2026:09:12:50 -0400] "GET /good.php/1528028.shtml HTTP/1.1" 404 1251 "-" "meta-externalagent/1.1 (+https://developers.facebook.com/docs/sharing/webmasters/crawler)"
57.141.2.62 - - [22/Mar/2026:09:13:11 -0400] "GET /good.php/2388048.shtml HTTP/1.1" 404 1251 "-" "meta-externalagent/1.1 (+https://developers.facebook.com/docs/sharing/webmasters/crawler)"
57.141.2.2 - - [22/Mar/2026:09:13:22 -0400] "GET /good.php/t1534193/ HTTP/1.1" 404 1251 "-" "meta-externalagent/1.1 (+https://developers.facebook.com/docs/sharing/webmasters/crawler)"
57.141.2.46 - - [22/Mar/2026:09:13:32 -0400] "GET /good.php/ey4252095/ HTTP/1.1" 404 1251 "-" "meta-externalagent/1.1 (+https://developers.facebook.com/docs/sharing/webmasters/crawler)"
57.141.2.67 - - [22/Mar/2026:09:13:54 -0400] "GET /good.php/2499145.shtml HTTP/1.1" 404 1251 "-" "meta-externalagent/1.1 (+https://developers.facebook.com/docs/sharing/webmasters/crawler)"
57.141.2.10 - - [22/Mar/2026:09:14:14 -0400] "GET /good.php/q1737058/ HTTP/1.1" 404 1251 "-" "meta-externalagent/1.1 (+https://developers.facebook.com/docs/sharing/webmasters/crawler)"
57.141.2.22 - - [22/Mar/2026:09:14:36 -0400] "GET /good.php/1829702.shtml HTTP/1.1" 404 1251 "-" "meta-externalagent/1.1 (+https://developers.facebook.com/docs/sharing/webmasters/crawler)"
57.141.2.52 - - [22/Mar/2026:09:10:44 -0400] "GET /good.php/1413299.shtml HTTP/1.1" 404 1251 "-" "meta-externalagent/1.1 (+https://developers.facebook.com/docs/sharing/webmasters/crawler)"
216.73.216.221 - - [22/Mar/2026:09:10:51 -0400] "GET /wp-includes/Requests/src/Proxy/Http.php HTTP/1.1" 500 0 "-" "Mozilla/5.0 AppleWebKit/537.36 (KHTML, like Gecko; compatible; ClaudeBot/1.0; +claudebot@anthropic.com)"
57.141.2.51 - - [22/Mar/2026:09:10:54 -0400] "GET /good.php/aq2711123/ HTTP/1.1" 404 1251 "-" "meta-externalagent/1.1 (+https://developers.facebook.com/docs/sharing/webmasters/crawler)"
216.73.216.221 - - [22/Mar/2026:09:10:57 -0400] "GET /wp-includes/Requests/src/Cookie/Jar.php HTTP/1.1" 200 0 "-" "Mozilla/5.0 AppleWebKit/537.36 (KHTML, like Gecko; compatible; ClaudeBot/1.0; +claudebot@anthropic.com)"
216.73.216.221 - - [22/Mar/2026:09:10:58 -0400] "GET /wp-includes/Requests/src/Exception/ArgumentCount.php HTTP/1.1" 500 0 "-" "Mozilla/5.0 AppleWebKit/537.36 (KHTML, like Gecko; compatible; ClaudeBot/1.0; +claudebot@anthropic.com)"
74.7.227.32 - - [22/Mar/2026:09:11:01 -0400] "GET /wp-includes/class-wp-recovery-mode-cookie-service.php HTTP/1.1" 200 0 "https://4abetter.us/wp-includes/" "Mozilla/5.0 AppleWebKit/537.36 (KHTML, like Gecko; compatible; GPTBot/1.3; +https://openai.com/gptbot)"
57.141.2.24 - - [22/Mar/2026:09:11:27 -0400] "GET /good.php/3858584.shtml HTTP/1.1" 404 1251 "-" "meta-externalagent/1.1 (+https://developers.facebook.com/docs/sharing/webmasters/crawler)"
57.141.2.61 - - [22/Mar/2026:09:11:36 -0400] "GET /good.php/ob2462413/ HTTP/1.1" 404 1251 "-" "meta-externalagent/1.1 (+https://developers.facebook.com/docs/sharing/webmasters/crawler)"
57.141.2.32 - - [22/Mar/2026:09:11:58 -0400] "GET /good.php/1692715.shtml HTTP/1.1" 404 1251 "-" "meta-externalagent/1.1 (+https://developers.facebook.com/docs/sharing/webmasters/crawler)"
74.7.227.32 - - [22/Mar/2026:09:12:21 -0400] "GET /wp-includes/class-wp-customize-panel.php HTTP/1.1" 200 6 "https://4abetter.us/wp-includes/" "Mozilla/5.0 AppleWebKit/537.36 (KHTML, like Gecko; compatible; GPTBot/1.3; +https://openai.com/gptbot)"
57.141.2.14 - - [22/Mar/2026:09:12:40 -0400] "GET /good.php/2559808.shtml HTTP/1.1" 404 1251 "-" "meta-externalagent/1.1 (+https://developers.facebook.com/docs/sharing/webmasters/crawler)"
57.141.2.59 - - [22/Mar/2026:09:13:01 -0400] "GET /good.php/la3174369/ HTTP/1.1" 404 1251 "-" "meta-externalagent/1.1 (+https://developers.facebook.com/docs/sharing/webmasters/crawler)"
74.7.227.32 - - [22/Mar/2026:09:13:01 -0400] "GET /wp-includes/class-wp-simplepie-sanitize-kses.php HTTP/1.1" 200 6 "https://4abetter.us/wp-includes/" "Mozilla/5.0 AppleWebKit/537.36 (KHTML, like Gecko; compatible; GPTBot/1.3; +https://openai.com/gptbot)"
57.141.2.14 - - [22/Mar/2026:09:13:43 -0400] "GET /good.php/1593277.shtml HTTP/1.1" 404 1251 "-" "meta-externalagent/1.1 (+https://developers.facebook.com/docs/sharing/webmasters/crawler)"
74.7.227.32 - - [22/Mar/2026:09:13:58 -0400] "GET /wp-includes/class-wp-recovery-mode-link-service.php HTTP/1.1" 200 0 "https://4abetter.us/wp-includes/" "Mozilla/5.0 AppleWebKit/537.36 (KHTML, like Gecko; compatible; GPTBot/1.3; +https://openai.com/gptbot)"
57.141.2.49 - - [22/Mar/2026:09:14:04 -0400] "GET /good.php/2819638.shtml HTTP/1.1" 404 1251 "-" "meta-externalagent/1.1 (+https://developers.facebook.com/docs/sharing/webmasters/crawler)"
57.141.2.3 - - [22/Mar/2026:09:14:25 -0400] "GET /good.php/3895561.shtml HTTP/1.1" 404 1251 "-" "meta-externalagent/1.1 (+https://developers.facebook.com/docs/sharing/webmasters/crawler)"
57.141.2.20 - - [22/Mar/2026:09:14:46 -0400] "GET /good.php/z1287842/ HTTP/1.1" 404 1251 "-" "meta-externalagent/1.1 (+https://developers.facebook.com/docs/sharing/webmasters/crawler)"
74.7.227.32 - - [22/Mar/2026:09:14:51 -0400] "GET /wp-includes/class-phpmailer.php HTTP/1.1" 200 0 "https://4abetter.us/wp-includes/" "Mozilla/5.0 AppleWebKit/537.36 (KHTML, like Gecko; compatible; GPTBot/1.3; +https://openai.com/gptbot)"
57.141.2.11 - - [22/Mar/2026:09:14:57 -0400] "GET /good.php/1943153.shtml HTTP/1.1" 404 1251 "-" "meta-externalagent/1.1 (+https://developers.facebook.com/docs/sharing/webmasters/crawler)"
57.141.2.55 - - [22/Mar/2026:09:15:07 -0400] "GET /good.php/c1252249/ HTTP/1.1" 404 1251 "-" "meta-externalagent/1.1 (+https://developers.facebook.com/docs/sharing/webmasters/crawler)"
57.141.2.56 - - [22/Mar/2026:09:15:18 -0400] "GET /good.php/3196075.shtml HTTP/1.1" 404 1251 "-" "meta-externalagent/1.1 (+https://developers.facebook.com/docs/sharing/webmasters/crawler)"
57.141.2.61 - - [22/Mar/2026:09:15:39 -0400] "GET /good.php/4315711.shtml HTTP/1.1" 404 1251 "-" "meta-externalagent/1.1 (+https://developers.facebook.com/docs/sharing/webmasters/crawler)"
74.7.227.32 - - [22/Mar/2026:09:15:40 -0400] "GET /wp-includes/class-wp-http.php HTTP/1.1" 200 6 "https://4abetter.us/wp-includes/" "Mozilla/5.0 AppleWebKit/537.36 (KHTML, like Gecko; compatible; GPTBot/1.3; +https://openai.com/gptbot)"
57.141.2.61 - - [22/Mar/2026:09:16:00 -0400] "GET /good.php/912120.shtml HTTP/1.1" 404 1251 "-" "meta-externalagent/1.1 (+https://developers.facebook.com/docs/sharing/webmasters/crawler)"
57.141.2.18 - - [22/Mar/2026:09:16:10 -0400] "GET /good.php/wq3295609/ HTTP/1.1" 404 1251 "-" "meta-externalagent/1.1 (+https://developers.facebook.com/docs/sharing/webmasters/crawler)"
74.7.227.32 - - [22/Mar/2026:09:16:23 -0400] "GET /wp-includes/class-wp-site.php HTTP/1.1" 200 0 "https://4abetter.us/wp-includes/" "Mozilla/5.0 AppleWebKit/537.36 (KHTML, like Gecko; compatible; GPTBot/1.3; +https://openai.com/gptbot)"
57.141.2.12 - - [22/Mar/2026:09:16:52 -0400] "GET /good.php/3189163.shtml HTTP/1.1" 404 1251 "-" "meta-externalagent/1.1 (+https://developers.facebook.com/docs/sharing/webmasters/crawler)"
74.7.227.32 - - [22/Mar/2026:09:17:00 -0400] "GET /?sitemapindex.xml HTTP/1.1" 200 2400 "-" "Mozilla/5.0 AppleWebKit/537.36 (KHTML, like Gecko; compatible; GPTBot/1.3; +https://openai.com/gptbot)"
57.141.2.61 - - [22/Mar/2026:09:17:13 -0400] "GET /good.php/a4151376/ HTTP/1.1" 404 1251 "-" "meta-externalagent/1.1 (+https://developers.facebook.com/docs/sharing/webmasters/crawler)"
57.141.2.32 - - [22/Mar/2026:09:17:34 -0400] "GET /good.php/1599544.shtml HTTP/1.1" 404 1251 "-" "meta-externalagent/1.1 (+https://developers.facebook.com/docs/sharing/webmasters/crawler)"
74.7.227.32 - - [22/Mar/2026:09:17:36 -0400] "GET /wp-includes/class-wp-block-template.php HTTP/1.1" 200 0 "https://4abetter.us/wp-includes/" "Mozilla/5.0 AppleWebKit/537.36 (KHTML, like Gecko; compatible; GPTBot/1.3; +https://openai.com/gptbot)"
66.249.72.71 - - [22/Mar/2026:09:17:39 -0400] "GET /q-~1fDy9SEWxjqijYGT631KfNwyWH5JykR31979/ HTTP/1.1" 404 1251 "-" "Mozilla/5.0 (Linux; Android 6.0.1; Nexus 5X Build/MMB29P) AppleWebKit/537.36 (KHTML, like Gecko) Chrome/145.0.7632.159 Mobile Safari/537.36 (compatible; Googlebot/2.1; +http://www.google.com/bot.html)"
57.141.2.1 - - [22/Mar/2026:09:17:45 -0400] "GET /good.php/w3907562/ HTTP/1.1" 404 1251 "-" "meta-externalagent/1.1 (+https://developers.facebook.com/docs/sharing/webmasters/crawler)"
74.7.227.32 - - [22/Mar/2026:09:18:05 -0400] "GET /wp-includes/class-wp-widget-factory.php HTTP/1.1" 200 0 "https://4abetter.us/wp-includes/" "Mozilla/5.0 AppleWebKit/537.36 (KHTML, like Gecko; compatible; GPTBot/1.3; +https://openai.com/gptbot)"
57.141.2.4 - - [22/Mar/2026:09:18:06 -0400] "GET /good.php/xn2457120/ HTTP/1.1" 404 1251 "-" "meta-externalagent/1.1 (+https://developers.facebook.com/docs/sharing/webmasters/crawler)"
57.141.2.34 - - [22/Mar/2026:09:18:27 -0400] "GET /good.php/1790402.shtml HTTP/1.1" 404 1251 "-" "meta-externalagent/1.1 (+https://developers.facebook.com/docs/sharing/webmasters/crawler)"
57.141.2.70 - - [22/Mar/2026:09:18:38 -0400] "GET /good.php/g3512302/ HTTP/1.1" 404 1251 "-" "meta-externalagent/1.1 (+https://developers.facebook.com/docs/sharing/webmasters/crawler)"
57.141.2.13 - - [22/Mar/2026:09:19:20 -0400] "GET /good.php/3156800.shtml HTTP/1.1" 404 1251 "-" "meta-externalagent/1.1 (+https://developers.facebook.com/docs/sharing/webmasters/crawler)"
57.141.2.9 - - [22/Mar/2026:09:19:51 -0400] "GET /good.php/2888439.shtml HTTP/1.1" 404 1251 "-" "meta-externalagent/1.1 (+https://developers.facebook.com/docs/sharing/webmasters/crawler)"
74.7.227.32 - - [22/Mar/2026:09:20:00 -0400] "GET /wp-includes/class-wp-xmlrpc-server.php HTTP/1.1" 500 0 "https://4abetter.us/wp-includes/" "Mozilla/5.0 AppleWebKit/537.36 (KHTML, like Gecko; compatible; GPTBot/1.3; +https://openai.com/gptbot)"
57.141.2.52 - - [22/Mar/2026:09:15:28 -0400] "GET /good.php/3544873.shtml HTTP/1.1" 404 1251 "-" "meta-externalagent/1.1 (+https://developers.facebook.com/docs/sharing/webmasters/crawler)"
57.141.2.61 - - [22/Mar/2026:09:15:49 -0400] "GET /good.php/3914395.shtml HTTP/1.1" 404 1251 "-" "meta-externalagent/1.1 (+https://developers.facebook.com/docs/sharing/webmasters/crawler)"
57.141.2.61 - - [22/Mar/2026:09:16:21 -0400] "GET /good.php/1896107.shtml HTTP/1.1" 404 1251 "-" "meta-externalagent/1.1 (+https://developers.facebook.com/docs/sharing/webmasters/crawler)"
57.141.2.23 - - [22/Mar/2026:09:16:31 -0400] "GET /good.php/2220180.shtml HTTP/1.1" 404 1251 "-" "meta-externalagent/1.1 (+https://developers.facebook.com/docs/sharing/webmasters/crawler)"
57.141.2.64 - - [22/Mar/2026:09:16:42 -0400] "GET /good.php/4382882.shtml HTTP/1.1" 404 1251 "-" "meta-externalagent/1.1 (+https://developers.facebook.com/docs/sharing/webmasters/crawler)"
57.141.2.61 - - [22/Mar/2026:09:17:03 -0400] "GET /good.php/z1562468/ HTTP/1.1" 404 1251 "-" "meta-externalagent/1.1 (+https://developers.facebook.com/docs/sharing/webmasters/crawler)"
57.141.2.60 - - [22/Mar/2026:09:17:24 -0400] "GET /good.php/1017766.shtml HTTP/1.1" 404 1251 "-" "meta-externalagent/1.1 (+https://developers.facebook.com/docs/sharing/webmasters/crawler)"
216.73.216.221 - - [22/Mar/2026:09:17:30 -0400] "GET /wp-includes/Requests/src/Response/Headers.php HTTP/1.1" 500 0 "-" "Mozilla/5.0 AppleWebKit/537.36 (KHTML, like Gecko; compatible; ClaudeBot/1.0; +claudebot@anthropic.com)"
57.141.2.65 - - [22/Mar/2026:09:17:55 -0400] "GET /good.php/3744068.shtml HTTP/1.1" 404 1251 "-" "meta-externalagent/1.1 (+https://developers.facebook.com/docs/sharing/webmasters/crawler)"
57.141.2.29 - - [22/Mar/2026:09:18:17 -0400] "GET /good.php/2932878.shtml HTTP/1.1" 404 1251 "-" "meta-externalagent/1.1 (+https://developers.facebook.com/docs/sharing/webmasters/crawler)"
74.7.227.32 - - [22/Mar/2026:09:18:34 -0400] "GET /wp-includes/class-wp-block-supports.php HTTP/1.1" 200 0 "https://4abetter.us/wp-includes/" "Mozilla/5.0 AppleWebKit/537.36 (KHTML, like Gecko; compatible; GPTBot/1.3; +https://openai.com/gptbot)"
57.141.2.6 - - [22/Mar/2026:09:18:48 -0400] "GET /good.php/l1274550/ HTTP/1.1" 404 1251 "-" "meta-externalagent/1.1 (+https://developers.facebook.com/docs/sharing/webmasters/crawler)"
74.7.227.32 - - [22/Mar/2026:09:18:58 -0400] "GET /wp-includes/class-wp-post-type.php HTTP/1.1" 200 0 "https://4abetter.us/wp-includes/" "Mozilla/5.0 AppleWebKit/537.36 (KHTML, like Gecko; compatible; GPTBot/1.3; +https://openai.com/gptbot)"
57.141.2.61 - - [22/Mar/2026:09:18:59 -0400] "GET /good.php/g901109/ HTTP/1.1" 404 1251 "-" "meta-externalagent/1.1 (+https://developers.facebook.com/docs/sharing/webmasters/crawler)"
57.141.2.9 - - [22/Mar/2026:09:19:09 -0400] "GET /good.php/1010823.shtml HTTP/1.1" 404 1251 "-" "meta-externalagent/1.1 (+https://developers.facebook.com/docs/sharing/webmasters/crawler)"
74.7.227.32 - - [22/Mar/2026:09:19:21 -0400] "GET /wp-includes/class-wp-ajax-response.php HTTP/1.1" 200 0 "https://4abetter.us/wp-includes/" "Mozilla/5.0 AppleWebKit/537.36 (KHTML, like Gecko; compatible; GPTBot/1.3; +https://openai.com/gptbot)"
57.141.2.60 - - [22/Mar/2026:09:19:31 -0400] "GET /good.php/jd1899049/ HTTP/1.1" 404 1251 "-" "meta-externalagent/1.1 (+https://developers.facebook.com/docs/sharing/webmasters/crawler)"
57.141.2.13 - - [22/Mar/2026:09:19:41 -0400] "GET /good.php/r2270747/ HTTP/1.1" 404 1251 "-" "meta-externalagent/1.1 (+https://developers.facebook.com/docs/sharing/webmasters/crawler)"
74.7.227.32 - - [22/Mar/2026:09:19:42 -0400] "GET /wp-includes/class-wp-http-response.php HTTP/1.1" 200 0 "https://4abetter.us/wp-includes/" "Mozilla/5.0 AppleWebKit/537.36 (KHTML, like Gecko; compatible; GPTBot/1.3; +https://openai.com/gptbot)"
57.141.2.61 - - [22/Mar/2026:09:20:02 -0400] "GET /good.php/3129590.shtml HTTP/1.1" 404 1251 "-" "meta-externalagent/1.1 (+https://developers.facebook.com/docs/sharing/webmasters/crawler)"
57.141.2.63 - - [22/Mar/2026:09:20:12 -0400] "GET /good.php/a2969876/ HTTP/1.1" 404 1251 "-" "meta-externalagent/1.1 (+https://developers.facebook.com/docs/sharing/webmasters/crawler)"
74.7.227.32 - - [22/Mar/2026:09:20:17 -0400] "GET /wp-includes/class-wp-customize-nav-menus.php HTTP/1.1" 200 0 "https://4abetter.us/wp-includes/" "Mozilla/5.0 AppleWebKit/537.36 (KHTML, like Gecko; compatible; GPTBot/1.3; +https://openai.com/gptbot)"
57.141.2.26 - - [22/Mar/2026:09:20:23 -0400] "GET /good.php/3855477.shtml HTTP/1.1" 404 1251 "-" "meta-externalagent/1.1 (+https://developers.facebook.com/docs/sharing/webmasters/crawler)"
57.141.2.70 - - [22/Mar/2026:09:20:55 -0400] "GET /good.php/1366638.shtml HTTP/1.1" 404 1251 "-" "meta-externalagent/1.1 (+https://developers.facebook.com/docs/sharing/webmasters/crawler)"
57.141.2.51 - - [22/Mar/2026:09:21:05 -0400] "GET /good.php/qd1865590/ HTTP/1.1" 404 1251 "-" "meta-externalagent/1.1 (+https://developers.facebook.com/docs/sharing/webmasters/crawler)"
74.7.227.32 - - [22/Mar/2026:09:21:07 -0400] "GET /wp-includes/class-walker-nav-menu.php HTTP/1.1" 500 0 "https://4abetter.us/wp-includes/" "Mozilla/5.0 AppleWebKit/537.36 (KHTML, like Gecko; compatible; GPTBot/1.3; +https://openai.com/gptbot)"
57.141.2.63 - - [22/Mar/2026:09:21:26 -0400] "GET /good.php/2782436.shtml HTTP/1.1" 404 1251 "-" "meta-externalagent/1.1 (+https://developers.facebook.com/docs/sharing/webmasters/crawler)"
57.141.2.59 - - [22/Mar/2026:09:21:47 -0400] "GET /good.php/1261930.shtml HTTP/1.1" 404 1251 "-" "meta-externalagent/1.1 (+https://developers.facebook.com/docs/sharing/webmasters/crawler)"
74.7.227.32 - - [22/Mar/2026:09:21:53 -0400] "GET /wp-includes/spl-autoload-compat.php HTTP/1.1" 500 0 "https://4abetter.us/wp-includes/" "Mozilla/5.0 AppleWebKit/537.36 (KHTML, like Gecko; compatible; GPTBot/1.3; +https://openai.com/gptbot)"
57.141.2.61 - - [22/Mar/2026:09:21:58 -0400] "GET /good.php/4023259.shtml HTTP/1.1" 404 1251 "-" "meta-externalagent/1.1 (+https://developers.facebook.com/docs/sharing/webmasters/crawler)"
216.73.216.221 - - [22/Mar/2026:09:22:02 -0400] "GET /0773f4/?edit=gfinition.gfects.com-Nov-2024.gz&path=%2Fhome%2Fgfecatvj%2Flogs HTTP/1.1" 200 2407 "-" "Mozilla/5.0 AppleWebKit/537.36 (KHTML, like Gecko; compatible; ClaudeBot/1.0; +claudebot@anthropic.com)"
216.73.216.221 - - [22/Mar/2026:09:22:03 -0400] "GET /0773f4/?edit=gfx.gfects.com-Jan-2022.gz&path=%2Fhome%2Fgfecatvj%2Flogs HTTP/1.1" 200 2382 "-" "Mozilla/5.0 AppleWebKit/537.36 (KHTML, like Gecko; compatible; ClaudeBot/1.0; +claudebot@anthropic.com)"
216.73.216.221 - - [22/Mar/2026:09:22:03 -0400] "GET /0773f4/?edit=gfects.com-Mar-2026.gz&path=%2Fhome%2Fgfecatvj%2Flogs HTTP/1.1" 200 2380 "-" "Mozilla/5.0 AppleWebKit/537.36 (KHTML, like Gecko; compatible; ClaudeBot/1.0; +claudebot@anthropic.com)"
216.73.216.221 - - [22/Mar/2026:09:22:04 -0400] "GET /0773f4/?edit=gfinition.gfects.com-Dec-2024.gz&path=%2Fhome%2Fgfecatvj%2Flogs HTTP/1.1" 200 2404 "-" "Mozilla/5.0 AppleWebKit/537.36 (KHTML, like Gecko; compatible; ClaudeBot/1.0; +claudebot@anthropic.com)"
216.73.216.221 - - [22/Mar/2026:09:22:05 -0400] "GET /0773f4/?edit=qlinz.gfects.com-Nov-2018.gz&path=%2Fhome%2Fgfecatvj%2Flogs HTTP/1.1" 200 2380 "-" "Mozilla/5.0 AppleWebKit/537.36 (KHTML, like Gecko; compatible; ClaudeBot/1.0; +claudebot@anthropic.com)"
216.73.216.221 - - [22/Mar/2026:09:22:06 -0400] "GET /0773f4/?edit=qlinz.gfects.com-ssl_log-Nov-2018.gz&path=%2Fhome%2Fgfecatvj%2Flogs HTTP/1.1" 200 2402 "-" "Mozilla/5.0 AppleWebKit/537.36 (KHTML, like Gecko; compatible; ClaudeBot/1.0; +claudebot@anthropic.com)"
216.73.216.221 - - [22/Mar/2026:09:22:06 -0400] "GET /0773f4/?edit=gfinition.gfects.com-ssl_log-Feb-2026.gz&path=%2Fhome%2Fgfecatvj%2Flogs HTTP/1.1" 200 2403 "-" "Mozilla/5.0 AppleWebKit/537.36 (KHTML, like Gecko; compatible; ClaudeBot/1.0; +claudebot@anthropic.com)"
57.141.2.39 - - [22/Mar/2026:09:20:33 -0400] "GET /good.php/3498658.shtml HTTP/1.1" 404 1251 "-" "meta-externalagent/1.1 (+https://developers.facebook.com/docs/sharing/webmasters/crawler)"
57.141.2.33 - - [22/Mar/2026:09:20:44 -0400] "GET /good.php/911792.shtml HTTP/1.1" 404 1251 "-" "meta-externalagent/1.1 (+https://developers.facebook.com/docs/sharing/webmasters/crawler)"
57.141.2.54 - - [22/Mar/2026:09:21:16 -0400] "GET /good.php/wp3013540/ HTTP/1.1" 404 1251 "-" "meta-externalagent/1.1 (+https://developers.facebook.com/docs/sharing/webmasters/crawler)"
57.141.2.18 - - [22/Mar/2026:09:21:37 -0400] "GET /good.php/s3323502/ HTTP/1.1" 404 1251 "-" "meta-externalagent/1.1 (+https://developers.facebook.com/docs/sharing/webmasters/crawler)"
216.73.216.221 - - [22/Mar/2026:09:22:02 -0400] "GET /0773f4/?edit=gfx.gfects.com-Jun-2022.gz&path=%2Fhome%2Fgfecatvj%2Flogs HTTP/1.1" 200 2407 "-" "Mozilla/5.0 AppleWebKit/537.36 (KHTML, like Gecko; compatible; ClaudeBot/1.0; +claudebot@anthropic.com)"
216.73.216.221 - - [22/Mar/2026:09:22:02 -0400] "GET /0773f4/?edit=scustime.gfects.com-Jun-2022.gz&path=%2Fhome%2Fgfecatvj%2Flogs HTTP/1.1" 200 2382 "-" "Mozilla/5.0 AppleWebKit/537.36 (KHTML, like Gecko; compatible; ClaudeBot/1.0; +claudebot@anthropic.com)"
216.73.216.221 - - [22/Mar/2026:09:22:04 -0400] "GET /0773f4/?edit=ftp.gfects.com-ftp_log-Aug-2025.gz&path=%2Fhome%2Fgfecatvj%2Flogs HTTP/1.1" 200 2406 "-" "Mozilla/5.0 AppleWebKit/537.36 (KHTML, like Gecko; compatible; ClaudeBot/1.0; +claudebot@anthropic.com)"
216.73.216.221 - - [22/Mar/2026:09:22:05 -0400] "GET /0773f4/?edit=gfects.com-ssl_log-Mar-2026.gz&path=%2Fhome%2Fgfecatvj%2Flogs HTTP/1.1" 200 2379 "-" "Mozilla/5.0 AppleWebKit/537.36 (KHTML, like Gecko; compatible; ClaudeBot/1.0; +claudebot@anthropic.com)"
216.73.216.221 - - [22/Mar/2026:09:22:05 -0400] "GET /0773f4/?edit=scustime.gfects.com-ssl_log-Jan-2022.gz&path=%2Fhome%2Fgfecatvj%2Flogs HTTP/1.1" 200 2379 "-" "Mozilla/5.0 AppleWebKit/537.36 (KHTML, like Gecko; compatible; ClaudeBot/1.0; +claudebot@anthropic.com)"
216.73.216.221 - - [22/Mar/2026:09:22:06 -0400] "GET /0773f4/?edit=gfinition.gfects.com-ssl_log-Oct-2025.gz&path=%2Fhome%2Fgfecatvj%2Flogs HTTP/1.1" 200 2403 "-" "Mozilla/5.0 AppleWebKit/537.36 (KHTML, like Gecko; compatible; ClaudeBot/1.0; +claudebot@anthropic.com)"
216.73.216.221 - - [22/Mar/2026:09:22:07 -0400] "GET /0773f4/?edit=ftp.gfects.com-ftp_log-Jul-2018.gz&path=%2Fhome%2Fgfecatvj%2Flogs HTTP/1.1" 200 2332 "-" "Mozilla/5.0 AppleWebKit/537.36 (KHTML, like Gecko; compatible; ClaudeBot/1.0; +claudebot@anthropic.com)"
216.73.216.221 - - [22/Mar/2026:09:22:07 -0400] "GET /0773f4/?edit=qlinz.gfects.com-Dec-2018.gz&path=%2Fhome%2Fgfecatvj%2Flogs HTTP/1.1" 200 2405 "-" "Mozilla/5.0 AppleWebKit/537.36 (KHTML, like Gecko; compatible; ClaudeBot/1.0; +claudebot@anthropic.com)"
216.73.216.221 - - [22/Mar/2026:09:22:07 -0400] "GET /0773f4/?edit=gfinition.gfects.com-ssl_log-Feb-2022.gz&path=%2Fhome%2Fgfecatvj%2Flogs HTTP/1.1" 200 2403 "-" "Mozilla/5.0 AppleWebKit/537.36 (KHTML, like Gecko; compatible; ClaudeBot/1.0; +claudebot@anthropic.com)"
216.73.216.221 - - [22/Mar/2026:09:22:08 -0400] "GET /0773f4/?edit=gfx.gfects.com-ssl_log-Dec-2021.gz&path=%2Fhome%2Fgfecatvj%2Flogs HTTP/1.1" 200 2408 "-" "Mozilla/5.0 AppleWebKit/537.36 (KHTML, like Gecko; compatible; ClaudeBot/1.0; +claudebot@anthropic.com)"
216.73.216.221 - - [22/Mar/2026:09:22:08 -0400] "GET /0773f4/?edit=gfx.gfects.com-Dec-2025.gz&path=%2Fhome%2Fgfecatvj%2Flogs HTTP/1.1" 200 2410 "-" "Mozilla/5.0 AppleWebKit/537.36 (KHTML, like Gecko; compatible; ClaudeBot/1.0; +claudebot@anthropic.com)"
57.141.2.5 - - [22/Mar/2026:09:22:19 -0400] "GET /good.php/vm1745761/ HTTP/1.1" 404 1251 "-" "meta-externalagent/1.1 (+https://developers.facebook.com/docs/sharing/webmasters/crawler)"
66.249.72.70 - - [22/Mar/2026:09:22:23 -0400] "GET /q-~136eJRonwqJadTvHiwwaBXm8xdVd2rINf37314/ HTTP/1.1" 404 1251 "-" "Mozilla/5.0 (Linux; Android 6.0.1; Nexus 5X Build/MMB29P) AppleWebKit/537.36 (KHTML, like Gecko) Chrome/145.0.7632.159 Mobile Safari/537.36 (compatible; Googlebot/2.1; +http://www.google.com/bot.html)"
57.141.2.61 - - [22/Mar/2026:09:22:40 -0400] "GET /good.php/2575644.shtml HTTP/1.1" 404 1251 "-" "meta-externalagent/1.1 (+https://developers.facebook.com/docs/sharing/webmasters/crawler)"
57.141.2.19 - - [22/Mar/2026:09:22:50 -0400] "GET /good.php/3049724.shtml HTTP/1.1" 404 1251 "-" "meta-externalagent/1.1 (+https://developers.facebook.com/docs/sharing/webmasters/crawler)"
74.7.227.32 - - [22/Mar/2026:09:22:53 -0400] "GET /wp-includes/class-wp-embed.php HTTP/1.1" 200 0 "https://4abetter.us/wp-includes/" "Mozilla/5.0 AppleWebKit/537.36 (KHTML, like Gecko; compatible; GPTBot/1.3; +https://openai.com/gptbot)"
57.141.2.24 - - [22/Mar/2026:09:23:12 -0400] "GET /good.php/2478405.shtml HTTP/1.1" 404 1251 "-" "meta-externalagent/1.1 (+https://developers.facebook.com/docs/sharing/webmasters/crawler)"
57.141.2.54 - - [22/Mar/2026:09:23:22 -0400] "GET /good.php/lq2422129/ HTTP/1.1" 404 1251 "-" "meta-externalagent/1.1 (+https://developers.facebook.com/docs/sharing/webmasters/crawler)"
216.73.216.221 - - [22/Mar/2026:09:23:27 -0400] "GET /0773f4/?edit=scustime.gfects.com-Feb-2026.gz&path=%2Fhome%2Fgfecatvj%2Flogs HTTP/1.1" 200 2332 "-" "Mozilla/5.0 AppleWebKit/537.36 (KHTML, like Gecko; compatible; ClaudeBot/1.0; +claudebot@anthropic.com)"
216.73.216.221 - - [22/Mar/2026:09:23:27 -0400] "GET /0773f4/?edit=scustime.gfects.com-Feb-2023.gz&path=%2Fhome%2Fgfecatvj%2Flogs HTTP/1.1" 200 2406 "-" "Mozilla/5.0 AppleWebKit/537.36 (KHTML, like Gecko; compatible; ClaudeBot/1.0; +claudebot@anthropic.com)"
216.73.216.221 - - [22/Mar/2026:09:23:27 -0400] "GET /0773f4/?edit=gfx.gfects.com-ssl_log-Feb-2026.gz&path=%2Fhome%2Fgfecatvj%2Flogs HTTP/1.1" 200 2379 "-" "Mozilla/5.0 AppleWebKit/537.36 (KHTML, like Gecko; compatible; ClaudeBot/1.0; +claudebot@anthropic.com)"
216.73.216.221 - - [22/Mar/2026:09:23:28 -0400] "GET /0773f4/?edit=radontect.gfects.com-ssl_log-May-2024.gz&path=%2Fhome%2Fgfecatvj%2Flogs HTTP/1.1" 200 2328 "-" "Mozilla/5.0 AppleWebKit/537.36 (KHTML, like Gecko; compatible; ClaudeBot/1.0; +claudebot@anthropic.com)"
216.73.216.221 - - [22/Mar/2026:09:23:28 -0400] "GET /0773f4/?edit=radontect.gfects.com-ssl_log-Jan-2024.gz&path=%2Fhome%2Fgfecatvj%2Flogs HTTP/1.1" 200 2406 "-" "Mozilla/5.0 AppleWebKit/537.36 (KHTML, like Gecko; compatible; ClaudeBot/1.0; +claudebot@anthropic.com)"
216.73.216.221 - - [22/Mar/2026:09:23:28 -0400] "GET /0773f4/?edit=radontect.gfects.com-Jun-2022.gz&path=%2Fhome%2Fgfecatvj%2Flogs HTTP/1.1" 200 2380 "-" "Mozilla/5.0 AppleWebKit/537.36 (KHTML, like Gecko; compatible; ClaudeBot/1.0; +claudebot@anthropic.com)"
216.73.216.221 - - [22/Mar/2026:09:23:28 -0400] "GET /0773f4/?edit=radontect.gfects.com-ssl_log-Jan-2023.gz&path=%2Fhome%2Fgfecatvj%2Flogs HTTP/1.1" 200 2331 "-" "Mozilla/5.0 AppleWebKit/537.36 (KHTML, like Gecko; compatible; ClaudeBot/1.0; +claudebot@anthropic.com)"
216.73.216.221 - - [22/Mar/2026:09:23:29 -0400] "GET /0773f4/?edit=radontect.gfects.com-Jan-2022.gz&path=%2Fhome%2Fgfecatvj%2Flogs HTTP/1.1" 200 2403 "-" "Mozilla/5.0 AppleWebKit/537.36 (KHTML, like Gecko; compatible; ClaudeBot/1.0; +claudebot@anthropic.com)"
216.73.216.221 - - [22/Mar/2026:09:23:29 -0400] "GET /0773f4/?edit=radontect.gfects.com-Apr-2024.gz&path=%2Fhome%2Fgfecatvj%2Flogs HTTP/1.1" 200 2332 "-" "Mozilla/5.0 AppleWebKit/537.36 (KHTML, like Gecko; compatible; ClaudeBot/1.0; +claudebot@anthropic.com)"
216.73.216.221 - - [22/Mar/2026:09:23:29 -0400] "GET /0773f4/?edit=radontect.gfects.com-ssl_log-Aug-2025.gz&path=%2Fhome%2Fgfecatvj%2Flogs HTTP/1.1" 200 2381 "-" "Mozilla/5.0 AppleWebKit/537.36 (KHTML, like Gecko; compatible; ClaudeBot/1.0; +claudebot@anthropic.com)"
216.73.216.221 - - [22/Mar/2026:09:22:06 -0400] "GET /0773f4/?edit=gfinition.gfects.com-ssl_log-Feb-2024.gz&path=%2Fhome%2Fgfecatvj%2Flogs HTTP/1.1" 200 2379 "-" "Mozilla/5.0 AppleWebKit/537.36 (KHTML, like Gecko; compatible; ClaudeBot/1.0; +claudebot@anthropic.com)"
216.73.216.221 - - [22/Mar/2026:09:22:07 -0400] "GET /0773f4/?edit=scustime.gfects.com-Sep-2024.gz&path=%2Fhome%2Fgfecatvj%2Flogs HTTP/1.1" 200 2404 "-" "Mozilla/5.0 AppleWebKit/537.36 (KHTML, like Gecko; compatible; ClaudeBot/1.0; +claudebot@anthropic.com)"
216.73.216.221 - - [22/Mar/2026:09:22:08 -0400] "GET /0773f4/?edit=radontect.gfects.com-ssl_log-Mar-2021.gz&path=%2Fhome%2Fgfecatvj%2Flogs HTTP/1.1" 200 2384 "-" "Mozilla/5.0 AppleWebKit/537.36 (KHTML, like Gecko; compatible; ClaudeBot/1.0; +claudebot@anthropic.com)"
216.73.216.221 - - [22/Mar/2026:09:22:08 -0400] "GET /0773f4/?edit=radontect.gfects.com-ssl_log-Mar-2026.gz&path=%2Fhome%2Fgfecatvj%2Flogs HTTP/1.1" 200 2326 "-" "Mozilla/5.0 AppleWebKit/537.36 (KHTML, like Gecko; compatible; ClaudeBot/1.0; +claudebot@anthropic.com)"
57.141.2.55 - - [22/Mar/2026:09:22:08 -0400] "GET /good.php/3119860.shtml HTTP/1.1" 404 1251 "-" "meta-externalagent/1.1 (+https://developers.facebook.com/docs/sharing/webmasters/crawler)"
216.73.216.221 - - [22/Mar/2026:09:22:08 -0400] "GET /0773f4/?edit=ftp.gfects.com-ftp_log-Sep-2019.gz&path=%2Fhome%2Fgfecatvj%2Flogs HTTP/1.1" 200 2404 "-" "Mozilla/5.0 AppleWebKit/537.36 (KHTML, like Gecko; compatible; ClaudeBot/1.0; +claudebot@anthropic.com)"
66.249.69.195 - - [22/Mar/2026:09:22:11 -0400] "GET /q-~30A2UEm9g4WEjOVjZAPKRXDhVuwoDoIJ40742/ HTTP/1.1" 404 1251 "-" "Mozilla/5.0 (Linux; Android 6.0.1; Nexus 5X Build/MMB29P) AppleWebKit/537.36 (KHTML, like Gecko) Chrome/145.0.7632.159 Mobile Safari/537.36 (compatible; Googlebot/2.1; +http://www.google.com/bot.html)"
57.141.2.61 - - [22/Mar/2026:09:22:29 -0400] "GET /good.php/1148104.shtml HTTP/1.1" 404 1251 "-" "meta-externalagent/1.1 (+https://developers.facebook.com/docs/sharing/webmasters/crawler)"
57.141.2.26 - - [22/Mar/2026:09:23:01 -0400] "GET /good.php/4281858.shtml HTTP/1.1" 404 1251 "-" "meta-externalagent/1.1 (+https://developers.facebook.com/docs/sharing/webmasters/crawler)"
216.73.216.221 - - [22/Mar/2026:09:23:27 -0400] "GET /0773f4/?edit=qazser.gfects.com-Dec-2018.gz&path=%2Fhome%2Fgfecatvj%2Flogs HTTP/1.1" 200 2381 "-" "Mozilla/5.0 AppleWebKit/537.36 (KHTML, like Gecko; compatible; ClaudeBot/1.0; +claudebot@anthropic.com)"
216.73.216.221 - - [22/Mar/2026:09:23:27 -0400] "GET /0773f4/?edit=qazser.gfects.com-ssl_log-Dec-2018.gz&path=%2Fhome%2Fgfecatvj%2Flogs HTTP/1.1" 200 2330 "-" "Mozilla/5.0 AppleWebKit/537.36 (KHTML, like Gecko; compatible; ClaudeBot/1.0; +claudebot@anthropic.com)"
216.73.216.221 - - [22/Mar/2026:09:23:28 -0400] "GET /0773f4/?edit=radontect.gfects.com-ssl_log-Jan-2025.gz&path=%2Fhome%2Fgfecatvj%2Flogs HTTP/1.1" 200 2379 "-" "Mozilla/5.0 AppleWebKit/537.36 (KHTML, like Gecko; compatible; ClaudeBot/1.0; +claudebot@anthropic.com)"
216.73.216.221 - - [22/Mar/2026:09:23:29 -0400] "GET /0773f4/?edit=radontect.gfects.com-Jan-2023.gz&path=%2Fhome%2Fgfecatvj%2Flogs HTTP/1.1" 200 2383 "-" "Mozilla/5.0 AppleWebKit/537.36 (KHTML, like Gecko; compatible; ClaudeBot/1.0; +claudebot@anthropic.com)"
216.73.216.221 - - [22/Mar/2026:09:23:29 -0400] "GET /0773f4/?edit=ftp.gfects.com-ftp_log-Sep-2017.gz&path=%2Fhome%2Fgfecatvj%2Flogs HTTP/1.1" 200 2378 "-" "Mozilla/5.0 AppleWebKit/537.36 (KHTML, like Gecko; compatible; ClaudeBot/1.0; +claudebot@anthropic.com)"
216.73.216.221 - - [22/Mar/2026:09:23:29 -0400] "GET /0773f4/?edit=radontect.gfects.com-ssl_log-Apr-2021.gz&path=%2Fhome%2Fgfecatvj%2Flogs HTTP/1.1" 200 2405 "-" "Mozilla/5.0 AppleWebKit/537.36 (KHTML, like Gecko; compatible; ClaudeBot/1.0; +claudebot@anthropic.com)"
216.73.216.221 - - [22/Mar/2026:09:23:30 -0400] "GET /0773f4/?edit=radontect.gfects.com-ssl_log-Sep-2023.gz&path=%2Fhome%2Fgfecatvj%2Flogs HTTP/1.1" 200 2401 "-" "Mozilla/5.0 AppleWebKit/537.36 (KHTML, like Gecko; compatible; ClaudeBot/1.0; +claudebot@anthropic.com)"
216.73.216.221 - - [22/Mar/2026:09:23:30 -0400] "GET /0773f4/?edit=ftp.gfects.com-ftp_log-Oct-2017.gz&path=%2Fhome%2Fgfecatvj%2Flogs HTTP/1.1" 200 2406 "-" "Mozilla/5.0 AppleWebKit/537.36 (KHTML, like Gecko; compatible; ClaudeBot/1.0; +claudebot@anthropic.com)"
216.73.216.221 - - [22/Mar/2026:09:23:30 -0400] "GET /0773f4/?edit=radontect.gfects.com-ssl_log-Nov-2023.gz&path=%2Fhome%2Fgfecatvj%2Flogs HTTP/1.1" 200 2403 "-" "Mozilla/5.0 AppleWebKit/537.36 (KHTML, like Gecko; compatible; ClaudeBot/1.0; +claudebot@anthropic.com)"
57.141.2.8 - - [22/Mar/2026:09:23:32 -0400] "GET /good.php/2481322.shtml HTTP/1.1" 404 1251 "-" "meta-externalagent/1.1 (+https://developers.facebook.com/docs/sharing/webmasters/crawler)"
57.141.2.63 - - [22/Mar/2026:09:23:54 -0400] "GET /good.php/2687758.shtml HTTP/1.1" 404 1251 "-" "meta-externalagent/1.1 (+https://developers.facebook.com/docs/sharing/webmasters/crawler)"
216.73.216.221 - - [22/Mar/2026:09:23:54 -0400] "GET /0773f4/?edit=radontect.gfects.com-Dec-2024.gz&path=%2Fhome%2Fgfecatvj%2Flogs HTTP/1.1" 200 2380 "-" "Mozilla/5.0 AppleWebKit/537.36 (KHTML, like Gecko; compatible; ClaudeBot/1.0; +claudebot@anthropic.com)"
216.73.216.221 - - [22/Mar/2026:09:23:54 -0400] "GET /0773f4/?edit=radontect.gfects.com-Nov-2023.gz&path=%2Fhome%2Fgfecatvj%2Flogs HTTP/1.1" 200 2403 "-" "Mozilla/5.0 AppleWebKit/537.36 (KHTML, like Gecko; compatible; ClaudeBot/1.0; +claudebot@anthropic.com)"
216.73.216.221 - - [22/Mar/2026:09:23:54 -0400] "GET /0773f4/?edit=radontect.gfects.com-ssl_log-Feb-2024.gz&path=%2Fhome%2Fgfecatvj%2Flogs HTTP/1.1" 200 2402 "-" "Mozilla/5.0 AppleWebKit/537.36 (KHTML, like Gecko; compatible; ClaudeBot/1.0; +claudebot@anthropic.com)"
216.73.216.221 - - [22/Mar/2026:09:23:54 -0400] "GET /0773f4/?edit=radontect.gfects.com-ssl_log-Feb-2026.gz&path=%2Fhome%2Fgfecatvj%2Flogs HTTP/1.1" 200 2379 "-" "Mozilla/5.0 AppleWebKit/537.36 (KHTML, like Gecko; compatible; ClaudeBot/1.0; +claudebot@anthropic.com)"
216.73.216.221 - - [22/Mar/2026:09:23:54 -0400] "GET /0773f4/?edit=qcoder.gfects.com-ssl_log-Mar-2025.gz&path=%2Fhome%2Fgfecatvj%2Flogs HTTP/1.1" 200 2377 "-" "Mozilla/5.0 AppleWebKit/537.36 (KHTML, like Gecko; compatible; ClaudeBot/1.0; +claudebot@anthropic.com)"
216.73.216.221 - - [22/Mar/2026:09:23:54 -0400] "GET /0773f4/?edit=qcoder.gfects.com-ssl_log-Mar-2024.gz&path=%2Fhome%2Fgfecatvj%2Flogs HTTP/1.1" 200 2380 "-" "Mozilla/5.0 AppleWebKit/537.36 (KHTML, like Gecko; compatible; ClaudeBot/1.0; +claudebot@anthropic.com)"
216.73.216.221 - - [22/Mar/2026:09:23:54 -0400] "GET /0773f4/?edit=qcoder.gfects.com-ssl_log-Mar-2022.gz&path=%2Fhome%2Fgfecatvj%2Flogs HTTP/1.1" 200 2380 "-" "Mozilla/5.0 AppleWebKit/537.36 (KHTML, like Gecko; compatible; ClaudeBot/1.0; +claudebot@anthropic.com)"
216.73.216.221 - - [22/Mar/2026:09:23:54 -0400] "GET /0773f4/?edit=qcoder.gfects.com-ssl_log-May-2024.gz&path=%2Fhome%2Fgfecatvj%2Flogs HTTP/1.1" 200 2377 "-" "Mozilla/5.0 AppleWebKit/537.36 (KHTML, like Gecko; compatible; ClaudeBot/1.0; +claudebot@anthropic.com)"
216.73.216.221 - - [22/Mar/2026:09:23:54 -0400] "GET /0773f4/?edit=qcoder.gfects.com-ssl_log-Jan-2025.gz&path=%2Fhome%2Fgfecatvj%2Flogs HTTP/1.1" 200 2404 "-" "Mozilla/5.0 AppleWebKit/537.36 (KHTML, like Gecko; compatible; ClaudeBot/1.0; +claudebot@anthropic.com)"
216.73.216.221 - - [22/Mar/2026:09:23:55 -0400] "GET /0773f4/?edit=qcoder.gfects.com-May-2023.gz&path=%2Fhome%2Fgfecatvj%2Flogs HTTP/1.1" 200 2334 "-" "Mozilla/5.0 AppleWebKit/537.36 (KHTML, like Gecko; compatible; ClaudeBot/1.0; +claudebot@anthropic.com)"
216.73.216.221 - - [22/Mar/2026:09:23:55 -0400] "GET /0773f4/?edit=qcoder.gfects.com-Jun-2022.gz&path=%2Fhome%2Fgfecatvj%2Flogs HTTP/1.1" 200 2405 "-" "Mozilla/5.0 AppleWebKit/537.36 (KHTML, like Gecko; compatible; ClaudeBot/1.0; +claudebot@anthropic.com)"
216.73.216.221 - - [22/Mar/2026:09:23:55 -0400] "GET /0773f4/?edit=qcoder.gfects.com-Apr-2024.gz&path=%2Fhome%2Fgfecatvj%2Flogs HTTP/1.1" 200 2405 "-" "Mozilla/5.0 AppleWebKit/537.36 (KHTML, like Gecko; compatible; ClaudeBot/1.0; +claudebot@anthropic.com)"
216.73.216.221 - - [22/Mar/2026:09:23:29 -0400] "GET /0773f4/?edit=radontect.gfects.com-ssl_log-Sep-2024.gz&path=%2Fhome%2Fgfecatvj%2Flogs HTTP/1.1" 200 2404 "-" "Mozilla/5.0 AppleWebKit/537.36 (KHTML, like Gecko; compatible; ClaudeBot/1.0; +claudebot@anthropic.com)"
216.73.216.221 - - [22/Mar/2026:09:23:30 -0400] "GET /0773f4/?edit=radontect.gfects.com-Sep-2024.gz&path=%2Fhome%2Fgfecatvj%2Flogs HTTP/1.1" 200 2403 "-" "Mozilla/5.0 AppleWebKit/537.36 (KHTML, like Gecko; compatible; ClaudeBot/1.0; +claudebot@anthropic.com)"
216.73.216.221 - - [22/Mar/2026:09:23:30 -0400] "GET /0773f4/?edit=radontect.gfects.com-Sep-2023.gz&path=%2Fhome%2Fgfecatvj%2Flogs HTTP/1.1" 200 2382 "-" "Mozilla/5.0 AppleWebKit/537.36 (KHTML, like Gecko; compatible; ClaudeBot/1.0; +claudebot@anthropic.com)"
216.73.216.221 - - [22/Mar/2026:09:23:30 -0400] "GET /0773f4/?edit=radontect.gfects.com-ssl_log-Dec-2021.gz&path=%2Fhome%2Fgfecatvj%2Flogs HTTP/1.1" 200 2405 "-" "Mozilla/5.0 AppleWebKit/537.36 (KHTML, like Gecko; compatible; ClaudeBot/1.0; +claudebot@anthropic.com)"
57.141.2.61 - - [22/Mar/2026:09:23:43 -0400] "GET /good.php/y3596094/ HTTP/1.1" 404 1251 "-" "meta-externalagent/1.1 (+https://developers.facebook.com/docs/sharing/webmasters/crawler)"
216.73.216.221 - - [22/Mar/2026:09:23:54 -0400] "GET /0773f4/?edit=qcoder.gfects.com-ssl_log-Mar-2026.gz&path=%2Fhome%2Fgfecatvj%2Flogs HTTP/1.1" 200 2404 "-" "Mozilla/5.0 AppleWebKit/537.36 (KHTML, like Gecko; compatible; ClaudeBot/1.0; +claudebot@anthropic.com)"
216.73.216.221 - - [22/Mar/2026:09:23:55 -0400] "GET /0773f4/?edit=qcoder.gfects.com-Jan-2023.gz&path=%2Fhome%2Fgfecatvj%2Flogs HTTP/1.1" 200 2408 "-" "Mozilla/5.0 AppleWebKit/537.36 (KHTML, like Gecko; compatible; ClaudeBot/1.0; +claudebot@anthropic.com)"
216.73.216.221 - - [22/Mar/2026:09:23:55 -0400] "GET /0773f4/?edit=qcoder.gfects.com-ssl_log-Aug-2025.gz&path=%2Fhome%2Fgfecatvj%2Flogs HTTP/1.1" 200 2381 "-" "Mozilla/5.0 AppleWebKit/537.36 (KHTML, like Gecko; compatible; ClaudeBot/1.0; +claudebot@anthropic.com)"
216.73.216.221 - - [22/Mar/2026:09:23:55 -0400] "GET /0773f4/?edit=qcoder.gfects.com-ssl_log-Sep-2024.gz&path=%2Fhome%2Fgfecatvj%2Flogs HTTP/1.1" 200 2381 "-" "Mozilla/5.0 AppleWebKit/537.36 (KHTML, like Gecko; compatible; ClaudeBot/1.0; +claudebot@anthropic.com)"
216.73.216.221 - - [22/Mar/2026:09:23:55 -0400] "GET /0773f4/?edit=horde.log&path=%2Fhome%2Fgfecatvj%2F.cphorde HTTP/1.1" 200 758 "-" "Mozilla/5.0 AppleWebKit/537.36 (KHTML, like Gecko; compatible; ClaudeBot/1.0; +claudebot@anthropic.com)"
74.7.227.32 - - [22/Mar/2026:09:23:55 -0400] "GET /wp-includes/class-wp-block-parser-frame.php HTTP/1.1" 200 0 "https://4abetter.us/wp-includes/" "Mozilla/5.0 AppleWebKit/537.36 (KHTML, like Gecko; compatible; GPTBot/1.3; +https://openai.com/gptbot)"
216.73.216.221 - - [22/Mar/2026:09:23:55 -0400] "GET /0773f4/?edit=qcoder.gfects.com-Sep-2024.gz&path=%2Fhome%2Fgfecatvj%2Flogs HTTP/1.1" 200 2333 "-" "Mozilla/5.0 AppleWebKit/537.36 (KHTML, like Gecko; compatible; ClaudeBot/1.0; +claudebot@anthropic.com)"
216.73.216.221 - - [22/Mar/2026:09:23:55 -0400] "GET /0773f4/?edit=qcoder.gfects.com-Sep-2023.gz&path=%2Fhome%2Fgfecatvj%2Flogs HTTP/1.1" 200 2405 "-" "Mozilla/5.0 AppleWebKit/537.36 (KHTML, like Gecko; compatible; ClaudeBot/1.0; +claudebot@anthropic.com)"
216.73.216.221 - - [22/Mar/2026:09:23:55 -0400] "GET /0773f4/?edit=qcoder.gfects.com-Dec-2024.gz&path=%2Fhome%2Fgfecatvj%2Flogs HTTP/1.1" 200 2334 "-" "Mozilla/5.0 AppleWebKit/537.36 (KHTML, like Gecko; compatible; ClaudeBot/1.0; +claudebot@anthropic.com)"
216.73.216.221 - - [22/Mar/2026:09:23:56 -0400] "GET /0773f4/?edit=qcoder.gfects.com-Nov-2024.gz&path=%2Fhome%2Fgfecatvj%2Flogs HTTP/1.1" 200 2407 "-" "Mozilla/5.0 AppleWebKit/537.36 (KHTML, like Gecko; compatible; ClaudeBot/1.0; +claudebot@anthropic.com)"
216.73.216.221 - - [22/Mar/2026:09:23:56 -0400] "GET /0773f4/?edit=qcoder.gfects.com-Nov-2023.gz&path=%2Fhome%2Fgfecatvj%2Flogs HTTP/1.1" 200 2333 "-" "Mozilla/5.0 AppleWebKit/537.36 (KHTML, like Gecko; compatible; ClaudeBot/1.0; +claudebot@anthropic.com)"
57.141.2.32 - - [22/Mar/2026:09:24:04 -0400] "GET /good.php/2525114.shtml HTTP/1.1" 404 1251 "-" "meta-externalagent/1.1 (+https://developers.facebook.com/docs/sharing/webmasters/crawler)"
57.141.2.61 - - [22/Mar/2026:09:24:15 -0400] "GET /good.php/2395594.shtml HTTP/1.1" 404 1251 "-" "meta-externalagent/1.1 (+https://developers.facebook.com/docs/sharing/webmasters/crawler)"
57.141.2.20 - - [22/Mar/2026:09:24:25 -0400] "GET /good.php/2824784.shtml HTTP/1.1" 404 1251 "-" "meta-externalagent/1.1 (+https://developers.facebook.com/docs/sharing/webmasters/crawler)"
198.54.114.204 - - [22/Mar/2026:09:24:54 -0400] "POST /wp-cron.php?doing_wp_cron=1774185894.7859809398651123046875 HTTP/1.1" 200 0 "-" "WordPress/6.9.4; https://4abetter.us"
74.7.227.32 - - [22/Mar/2026:09:24:54 -0400] "GET /wp-login.php?redirect_to=https%3A%2F%2F4abetter.us%2Fwp-admin%2Fupdate-core.php&reauth=1 HTTP/1.1" 200 3389 "https://4abetter.us/wp-admin/update-core.php" "Mozilla/5.0 AppleWebKit/537.36 (KHTML, like Gecko; compatible; GPTBot/1.3; +https://openai.com/gptbot)"
216.73.216.221 - - [22/Mar/2026:09:24:54 -0400] "GET /0773f4/?path=%2Fhome%2Fgfecatvj%2Frepositories%2F.. HTTP/1.1" 200 1520 "-" "Mozilla/5.0 AppleWebKit/537.36 (KHTML, like Gecko; compatible; ClaudeBot/1.0; +claudebot@anthropic.com)"
216.73.216.221 - - [22/Mar/2026:09:24:54 -0400] "GET /0773f4/?edit=_wildcard_.4abetter.us-Mar-2026.gz&path=%2Fhome%2Fgfecatvj%2Flogs HTTP/1.1" 200 2404 "-" "Mozilla/5.0 AppleWebKit/537.36 (KHTML, like Gecko; compatible; ClaudeBot/1.0; +claudebot@anthropic.com)"
216.73.216.221 - - [22/Mar/2026:09:24:55 -0400] "GET /0773f4/?path=%2Fhome%2Fgfecatvj%2F.spamassassin%2F.. HTTP/1.1" 200 1520 "-" "Mozilla/5.0 AppleWebKit/537.36 (KHTML, like Gecko; compatible; ClaudeBot/1.0; +claudebot@anthropic.com)"
216.73.216.221 - - [22/Mar/2026:09:24:55 -0400] "GET /0773f4/?path=%2Fhome%2Fgfecatvj%2F.cagefs%2F.. HTTP/1.1" 200 1520 "-" "Mozilla/5.0 AppleWebKit/537.36 (KHTML, like Gecko; compatible; ClaudeBot/1.0; +claudebot@anthropic.com)"
216.73.216.221 - - [22/Mar/2026:09:24:55 -0400] "GET /0773f4/?path=%2Fhome%2Fgfecatvj%2Fgfects.com%2F.. HTTP/1.1" 200 1520 "-" "Mozilla/5.0 AppleWebKit/537.36 (KHTML, like Gecko; compatible; ClaudeBot/1.0; +claudebot@anthropic.com)"
216.73.216.221 - - [22/Mar/2026:09:24:55 -0400] "GET /0773f4/?path=%2Fusr%2Flocal%2Fapache%2Fdomlogs HTTP/1.1" 200 596 "-" "Mozilla/5.0 AppleWebKit/537.36 (KHTML, like Gecko; compatible; ClaudeBot/1.0; +claudebot@anthropic.com)"
216.73.216.221 - - [22/Mar/2026:09:24:55 -0400] "GET /0773f4/?path=%2Fusr%2Flocal%2Fapache%2Fdomlogs%2Fgfecatvj%2F.. HTTP/1.1" 200 596 "-" "Mozilla/5.0 AppleWebKit/537.36 (KHTML, like Gecko; compatible; ClaudeBot/1.0; +claudebot@anthropic.com)"
216.73.216.221 - - [22/Mar/2026:09:24:56 -0400] "GET /0773f4/?path=%2Fusr%2Flocal HTTP/1.1" 200 664 "-" "Mozilla/5.0 AppleWebKit/537.36 (KHTML, like Gecko; compatible; ClaudeBot/1.0; +claudebot@anthropic.com)"
216.73.216.221 - - [22/Mar/2026:09:24:56 -0400] "GET /wp-includes/l10n/class-wp-translation-file-mo.php HTTP/1.1" 500 0 "-" "Mozilla/5.0 AppleWebKit/537.36 (KHTML, like Gecko; compatible; ClaudeBot/1.0; +claudebot@anthropic.com)"
216.73.216.221 - - [22/Mar/2026:09:24:56 -0400] "GET /wp-includes/l10n/class-wp-translation-file.php HTTP/1.1" 200 0 "-" "Mozilla/5.0 AppleWebKit/537.36 (KHTML, like Gecko; compatible; ClaudeBot/1.0; +claudebot@anthropic.com)"
216.73.216.221 - - [22/Mar/2026:09:24:56 -0400] "GET /0773f4/?path=%2Fusr HTTP/1.1" 200 670 "-" "Mozilla/5.0 AppleWebKit/537.36 (KHTML, like Gecko; compatible; ClaudeBot/1.0; +claudebot@anthropic.com)"
216.73.216.221 - - [22/Mar/2026:09:24:56 -0400] "GET /wp-includes/l10n/class-wp-translation-controller.php HTTP/1.1" 200 0 "-" "Mozilla/5.0 AppleWebKit/537.36 (KHTML, like Gecko; compatible; ClaudeBot/1.0; +claudebot@anthropic.com)"
