216.73.216.221 - - [22/Mar/2026:09:27:42 -0400] "GET /0773f4/?edit=feed.php&path=%2Fhome%2Fgfecatvj%2F4abetter.us%2Fwp-includes HTTP/1.1" 200 11893 "-" "Mozilla/5.0 AppleWebKit/537.36 (KHTML, like Gecko; compatible; ClaudeBot/1.0; +claudebot@anthropic.com)"
216.73.216.221 - - [22/Mar/2026:09:27:43 -0400] "GET /0773f4/?edit=class-wp-dependencies.php&path=%2Fhome%2Fgfecatvj%2F4abetter.us%2Fwp-includes HTTP/1.1" 200 9371 "-" "Mozilla/5.0 AppleWebKit/537.36 (KHTML, like Gecko; compatible; ClaudeBot/1.0; +claudebot@anthropic.com)"
216.73.216.221 - - [22/Mar/2026:09:27:42 -0400] "GET /0773f4/?edit=link-manager.php&path=%2Fhome%2Fgfecatvj%2F4abetter.us%2Fwp-admin HTTP/1.1" 200 4048 "-" "Mozilla/5.0 AppleWebKit/537.36 (KHTML, like Gecko; compatible; ClaudeBot/1.0; +claudebot@anthropic.com)"
216.73.216.221 - - [22/Mar/2026:09:27:43 -0400] "GET /0773f4/?edit=feed-atom.php&path=%2Fhome%2Fgfecatvj%2F4abetter.us%2Fwp-includes HTTP/1.1" 200 6080 "-" "Mozilla/5.0 AppleWebKit/537.36 (KHTML, like Gecko; compatible; ClaudeBot/1.0; +claudebot@anthropic.com)"
216.73.216.221 - - [22/Mar/2026:09:27:42 -0400] "GET /0773f4/?edit=edit-form-blocks.php&path=%2Fhome%2Fgfecatvj%2F4abetter.us%2Fwp-admin HTTP/1.1" 200 7586 "-" "Mozilla/5.0 AppleWebKit/537.36 (KHTML, like Gecko; compatible; ClaudeBot/1.0; +claudebot@anthropic.com)"
57.141.2.17 - - [22/Mar/2026:09:28:06 -0400] "GET /good.php/z1787460/ HTTP/1.1" 404 1251 "-" "meta-externalagent/1.1 (+https://developers.facebook.com/docs/sharing/webmasters/crawler)"
216.73.216.221 - - [22/Mar/2026:09:28:12 -0400] "GET /0773f4/?path=%2Fhome%2Fgfecatvj%2Fpublic_html%2Fg HTTP/1.1" 200 624 "-" "Mozilla/5.0 AppleWebKit/537.36 (KHTML, like Gecko; compatible; ClaudeBot/1.0; +claudebot@anthropic.com)"
216.73.216.221 - - [22/Mar/2026:09:28:12 -0400] "GET /0773f4/?path=%2Fhome%2Fgfecatvj%2F4abetter.us%2Fwp-includes%2FRequests HTTP/1.1" 200 679 "-" "Mozilla/5.0 AppleWebKit/537.36 (KHTML, like Gecko; compatible; ClaudeBot/1.0; +claudebot@anthropic.com)"
216.73.216.221 - - [22/Mar/2026:09:28:12 -0400] "GET /0773f4/?edit=gfx.gfects.com-ssl_log&path=%2Fusr%2Flocal%2Fapache%2Fdomlogs%2Fgfecatvj HTTP/1.1" 200 969 "-" "Mozilla/5.0 AppleWebKit/537.36 (KHTML, like Gecko; compatible; ClaudeBot/1.0; +claudebot@anthropic.com)"
216.73.216.221 - - [22/Mar/2026:09:28:12 -0400] "GET /0773f4/?path=%2Fhome%2Fgfecatvj%2F4abetter.us%2Fwp-includes%2FSimplePie HTTP/1.1" 200 731 "-" "Mozilla/5.0 AppleWebKit/537.36 (KHTML, like Gecko; compatible; ClaudeBot/1.0; +claudebot@anthropic.com)"
216.73.216.221 - - [22/Mar/2026:09:28:12 -0400] "GET /0773f4/?edit=class-wp-image-editor-gd.php&path=%2Fhome%2Fgfecatvj%2F4abetter.us%2Fwp-includes HTTP/1.1" 200 10213 "-" "Mozilla/5.0 AppleWebKit/537.36 (KHTML, like Gecko; compatible; ClaudeBot/1.0; +claudebot@anthropic.com)"
216.73.216.221 - - [22/Mar/2026:09:28:12 -0400] "GET /0773f4/?edit=class-wp-taxonomy.php&path=%2Fhome%2Fgfecatvj%2F4abetter.us%2Fwp-includes HTTP/1.1" 200 9572 "-" "Mozilla/5.0 AppleWebKit/537.36 (KHTML, like Gecko; compatible; ClaudeBot/1.0; +claudebot@anthropic.com)"
216.73.216.221 - - [22/Mar/2026:09:28:12 -0400] "GET /0773f4/?edit=option.php&path=%2Fhome%2Fgfecatvj%2F4abetter.us%2Fwp-includes HTTP/1.1" 200 25037 "-" "Mozilla/5.0 AppleWebKit/537.36 (KHTML, like Gecko; compatible; ClaudeBot/1.0; +claudebot@anthropic.com)"
216.73.216.221 - - [22/Mar/2026:09:28:13 -0400] "GET /0773f4/?edit=class-wp-site-query.php&path=%2Fhome%2Fgfecatvj%2F4abetter.us%2Fwp-includes HTTP/1.1" 200 12179 "-" "Mozilla/5.0 AppleWebKit/537.36 (KHTML, like Gecko; compatible; ClaudeBot/1.0; +claudebot@anthropic.com)"
216.73.216.221 - - [22/Mar/2026:09:28:12 -0400] "GET /0773f4/?edit=author-template.php&path=%2Fhome%2Fgfecatvj%2F4abetter.us%2Fwp-includes HTTP/1.1" 200 10569 "-" "Mozilla/5.0 AppleWebKit/537.36 (KHTML, like Gecko; compatible; ClaudeBot/1.0; +claudebot@anthropic.com)"
216.73.216.221 - - [22/Mar/2026:09:28:12 -0400] "GET /0773f4/?edit=admin-footer.php&path=%2Fhome%2Fgfecatvj%2F4abetter.us%2Fwp-admin HTTP/1.1" 200 3256 "-" "Mozilla/5.0 AppleWebKit/537.36 (KHTML, like Gecko; compatible; ClaudeBot/1.0; +claudebot@anthropic.com)"
216.73.216.221 - - [22/Mar/2026:09:28:12 -0400] "GET /0773f4/?edit=registration.php&path=%2Fhome%2Fgfecatvj%2F4abetter.us%2Fwp-includes HTTP/1.1" 200 4940 "-" "Mozilla/5.0 AppleWebKit/537.36 (KHTML, like Gecko; compatible; ClaudeBot/1.0; +claudebot@anthropic.com)"
216.73.216.221 - - [22/Mar/2026:09:28:13 -0400] "GET /0773f4/?edit=gfx.gfects.com&path=%2Fusr%2Flocal%2Fapache%2Fdomlogs%2Fgfecatvj HTTP/1.1" 200 971 "-" "Mozilla/5.0 AppleWebKit/537.36 (KHTML, like Gecko; compatible; ClaudeBot/1.0; +claudebot@anthropic.com)"
216.73.216.221 - - [22/Mar/2026:09:28:13 -0400] "GET /0773f4/?edit=sitemaps.php&path=%2Fhome%2Fgfecatvj%2F4abetter.us%2Fwp-includes HTTP/1.1" 200 5997 "-" "Mozilla/5.0 AppleWebKit/537.36 (KHTML, like Gecko; compatible; ClaudeBot/1.0; +claudebot@anthropic.com)"
216.73.216.221 - - [22/Mar/2026:09:28:13 -0400] "GET /0773f4/?edit=meta.php&path=%2Fhome%2Fgfecatvj%2F4abetter.us%2Fwp-includes HTTP/1.1" 200 16818 "-" "Mozilla/5.0 AppleWebKit/537.36 (KHTML, like Gecko; compatible; ClaudeBot/1.0; +claudebot@anthropic.com)"
57.141.2.37 - - [22/Mar/2026:09:28:27 -0400] "GET /good.php/a2303660/ HTTP/1.1" 404 1251 "-" "meta-externalagent/1.1 (+https://developers.facebook.com/docs/sharing/webmasters/crawler)"
216.73.216.221 - - [22/Mar/2026:09:28:48 -0400] "GET /0773f4/?edit=error_log&path=%2Fhome%2Fgfecatvj%2F4abetter.us%2Fwp-includes HTTP/1.1" 200 6707 "-" "Mozilla/5.0 AppleWebKit/537.36 (KHTML, like Gecko; compatible; ClaudeBot/1.0; +claudebot@anthropic.com)"
216.73.216.221 - - [22/Mar/2026:09:28:48 -0400] "GET /0773f4/?edit=post-thumbnail-template.php&path=%2Fhome%2Fgfecatvj%2F4abetter.us%2Fwp-includes HTTP/1.1" 200 7304 "-" "Mozilla/5.0 AppleWebKit/537.36 (KHTML, like Gecko; compatible; ClaudeBot/1.0; +claudebot@anthropic.com)"
216.73.216.221 - - [22/Mar/2026:09:28:48 -0400] "GET /0773f4/?edit=category.php&path=%2Fhome%2Fgfecatvj%2F4abetter.us%2Fwp-includes HTTP/1.1" 200 8667 "-" "Mozilla/5.0 AppleWebKit/537.36 (KHTML, like Gecko; compatible; ClaudeBot/1.0; +claudebot@anthropic.com)"
216.73.216.221 - - [22/Mar/2026:09:28:48 -0400] "GET /0773f4/?path=%2Fhome%2Fgfecatvj%2F4abetter.us%2Fwp-admin%2Fuser HTTP/1.1" 200 826 "-" "Mozilla/5.0 AppleWebKit/537.36 (KHTML, like Gecko; compatible; ClaudeBot/1.0; +claudebot@anthropic.com)"
216.73.216.221 - - [22/Mar/2026:09:28:48 -0400] "GET /0773f4/?edit=category-template.php&path=%2Fhome%2Fgfecatvj%2F4abetter.us%2Fwp-includes HTTP/1.1" 200 19004 "-" "Mozilla/5.0 AppleWebKit/537.36 (KHTML, like Gecko; compatible; ClaudeBot/1.0; +claudebot@anthropic.com)"
216.73.216.221 - - [22/Mar/2026:09:28:49 -0400] "GET /0773f4/?edit=upgrade.php&path=%2Fhome%2Fgfecatvj%2F4abetter.us%2Fwp-admin HTTP/1.1" 200 4344 "-" "Mozilla/5.0 AppleWebKit/537.36 (KHTML, like Gecko; compatible; ClaudeBot/1.0; +claudebot@anthropic.com)"
216.73.216.221 - - [22/Mar/2026:09:28:49 -0400] "GET /0773f4/?path=%2Fhome%2Fgfecatvj%2F4abetter.us%2Fwp-includes%2Fcustomize HTTP/1.1" 200 1284 "-" "Mozilla/5.0 AppleWebKit/537.36 (KHTML, like Gecko; compatible; ClaudeBot/1.0; +claudebot@anthropic.com)"
216.73.216.221 - - [22/Mar/2026:09:28:49 -0400] "GET /0773f4/?edit=class-walker-category-dropdown.php&path=%2Fhome%2Fgfecatvj%2F4abetter.us%2Fwp-includes HTTP/1.1" 200 6059 "-" "Mozilla/5.0 AppleWebKit/537.36 (KHTML, like Gecko; compatible; ClaudeBot/1.0; +claudebot@anthropic.com)"
216.73.216.221 - - [22/Mar/2026:09:28:13 -0400] "GET /0773f4/?edit=install-helper.php&path=%2Fhome%2Fgfecatvj%2F4abetter.us%2Fwp-admin HTTP/1.1" 200 4149 "-" "Mozilla/5.0 AppleWebKit/537.36 (KHTML, like Gecko; compatible; ClaudeBot/1.0; +claudebot@anthropic.com)"
216.73.216.221 - - [22/Mar/2026:09:28:13 -0400] "GET /0773f4/?path=%2Fhome%2Fgfecatvj%2Fsites HTTP/1.1" 200 810 "-" "Mozilla/5.0 AppleWebKit/537.36 (KHTML, like Gecko; compatible; ClaudeBot/1.0; +claudebot@anthropic.com)"
216.73.216.221 - - [22/Mar/2026:09:28:13 -0400] "GET /0773f4/?edit=composer.lock&path=%2Fhome%2Fgfecatvj%2F.composer HTTP/1.1" 200 4207 "-" "Mozilla/5.0 AppleWebKit/537.36 (KHTML, like Gecko; compatible; ClaudeBot/1.0; +claudebot@anthropic.com)"
216.73.216.221 - - [22/Mar/2026:09:28:13 -0400] "GET /0773f4/?edit=options-head.php&path=%2Fhome%2Fgfecatvj%2F4abetter.us%2Fwp-admin HTTP/1.1" 200 2539 "-" "Mozilla/5.0 AppleWebKit/537.36 (KHTML, like Gecko; compatible; ClaudeBot/1.0; +claudebot@anthropic.com)"
216.73.216.221 - - [22/Mar/2026:09:28:13 -0400] "GET /0773f4/?edit=link-add.php&path=%2Fhome%2Fgfecatvj%2F4abetter.us%2Fwp-admin HTTP/1.1" 200 2642 "-" "Mozilla/5.0 AppleWebKit/537.36 (KHTML, like Gecko; compatible; ClaudeBot/1.0; +claudebot@anthropic.com)"
216.73.216.221 - - [22/Mar/2026:09:28:13 -0400] "GET /0773f4/?edit=class-wp-image-editor-imagick.php&path=%2Fhome%2Fgfecatvj%2F4abetter.us%2Fwp-includes HTTP/1.1" 200 15717 "-" "Mozilla/5.0 AppleWebKit/537.36 (KHTML, like Gecko; compatible; ClaudeBot/1.0; +claudebot@anthropic.com)"
216.73.216.221 - - [22/Mar/2026:09:28:13 -0400] "GET /0773f4/?path=%2Fhome%2Fgfecatvj%2Fpublic_html%2Fsi HTTP/1.1" 200 641 "-" "Mozilla/5.0 AppleWebKit/537.36 (KHTML, like Gecko; compatible; ClaudeBot/1.0; +claudebot@anthropic.com)"
57.141.2.20 - - [22/Mar/2026:09:28:17 -0400] "GET /good.php/1679058.shtml HTTP/1.1" 404 1251 "-" "meta-externalagent/1.1 (+https://developers.facebook.com/docs/sharing/webmasters/crawler)"
74.7.227.32 - - [22/Mar/2026:09:28:23 -0400] "GET /js/utils.js HTTP/1.1" 200 57232 "https://4abetter.us/js/" "Mozilla/5.0 AppleWebKit/537.36 (KHTML, like Gecko; compatible; GPTBot/1.3; +https://openai.com/gptbot)"
57.141.2.19 - - [22/Mar/2026:09:28:38 -0400] "GET /good.php/st3420269/ HTTP/1.1" 404 1251 "-" "meta-externalagent/1.1 (+https://developers.facebook.com/docs/sharing/webmasters/crawler)"
57.141.2.54 - - [22/Mar/2026:09:28:49 -0400] "GET /good.php/1797140.shtml HTTP/1.1" 404 1251 "-" "meta-externalagent/1.1 (+https://developers.facebook.com/docs/sharing/webmasters/crawler)"
216.73.216.221 - - [22/Mar/2026:09:28:49 -0400] "GET /0773f4/?edit=alt_php56.cfg&path=%2Fhome%2Fgfecatvj%2F.cl.selector HTTP/1.1" 200 779 "-" "Mozilla/5.0 AppleWebKit/537.36 (KHTML, like Gecko; compatible; ClaudeBot/1.0; +claudebot@anthropic.com)"
216.73.216.221 - - [22/Mar/2026:09:28:49 -0400] "GET /0773f4/?edit=themes.php&path=%2Fhome%2Fgfecatvj%2F4abetter.us%2Fwp-admin HTTP/1.1" 200 11930 "-" "Mozilla/5.0 AppleWebKit/537.36 (KHTML, like Gecko; compatible; ClaudeBot/1.0; +claudebot@anthropic.com)"
216.73.216.221 - - [22/Mar/2026:09:28:49 -0400] "GET /0773f4/?path=%2Fhome%2Fgfecatvj%2F4abetter.us%2Fwp-includes%2Ftheme-compat HTTP/1.1" 200 833 "-" "Mozilla/5.0 AppleWebKit/537.36 (KHTML, like Gecko; compatible; ClaudeBot/1.0; +claudebot@anthropic.com)"
216.73.216.221 - - [22/Mar/2026:09:28:49 -0400] "GET /0773f4/?path=%2Fhome%2Fgfecatvj%2Fsites%2F.idea HTTP/1.1" 200 741 "-" "Mozilla/5.0 AppleWebKit/537.36 (KHTML, like Gecko; compatible; ClaudeBot/1.0; +claudebot@anthropic.com)"
216.73.216.221 - - [22/Mar/2026:09:28:49 -0400] "GET /0773f4/?edit=class-wp-customize-nav-menus.php&path=%2Fhome%2Fgfecatvj%2F4abetter.us%2Fwp-includes HTTP/1.1" 200 20688 "-" "Mozilla/5.0 AppleWebKit/537.36 (KHTML, like Gecko; compatible; ClaudeBot/1.0; +claudebot@anthropic.com)"
216.73.216.221 - - [22/Mar/2026:09:28:50 -0400] "GET /0773f4/?edit=class-wp-site.php&path=%2Fhome%2Fgfecatvj%2F4abetter.us%2Fwp-includes HTTP/1.1" 200 7139 "-" "Mozilla/5.0 AppleWebKit/537.36 (KHTML, like Gecko; compatible; ClaudeBot/1.0; +claudebot@anthropic.com)"
216.73.216.221 - - [22/Mar/2026:09:28:49 -0400] "GET /0773f4/?path=%2Fhome%2Fgfecatvj%2Fpublic_html%2F76473b7d HTTP/1.1" 200 635 "-" "Mozilla/5.0 AppleWebKit/537.36 (KHTML, like Gecko; compatible; ClaudeBot/1.0; +claudebot@anthropic.com)"
216.73.216.221 - - [22/Mar/2026:09:28:49 -0400] "GET /0773f4/?path=%2Fhome%2Fgfecatvj%2F.pki HTTP/1.1" 200 624 "-" "Mozilla/5.0 AppleWebKit/537.36 (KHTML, like Gecko; compatible; ClaudeBot/1.0; +claudebot@anthropic.com)"
216.73.216.221 - - [22/Mar/2026:09:28:49 -0400] "GET /0773f4/?edit=user-new.php&path=%2Fhome%2Fgfecatvj%2F4abetter.us%2Fwp-admin HTTP/1.1" 200 9285 "-" "Mozilla/5.0 AppleWebKit/537.36 (KHTML, like Gecko; compatible; ClaudeBot/1.0; +claudebot@anthropic.com)"
216.73.216.221 - - [22/Mar/2026:09:28:50 -0400] "GET /0773f4/?edit=error_log&path=%2Fhome%2Fgfecatvj%2F4abetter.us%2Fwp-admin HTTP/1.1" 200 2258 "-" "Mozilla/5.0 AppleWebKit/537.36 (KHTML, like Gecko; compatible; ClaudeBot/1.0; +claudebot@anthropic.com)"
216.73.216.221 - - [22/Mar/2026:09:28:50 -0400] "GET /0773f4/?edit=nav-menu-template.php&path=%2Fhome%2Fgfecatvj%2F4abetter.us%2Fwp-includes HTTP/1.1" 200 11660 "-" "Mozilla/5.0 AppleWebKit/537.36 (KHTML, like Gecko; compatible; ClaudeBot/1.0; +claudebot@anthropic.com)"
216.73.216.221 - - [22/Mar/2026:09:28:50 -0400] "GET /0773f4/?edit=privacy.php&path=%2Fhome%2Fgfecatvj%2F4abetter.us%2Fwp-admin HTTP/1.1" 200 3301 "-" "Mozilla/5.0 AppleWebKit/537.36 (KHTML, like Gecko; compatible; ClaudeBot/1.0; +claudebot@anthropic.com)"
216.73.216.221 - - [22/Mar/2026:09:28:50 -0400] "GET /0773f4/?edit=ms-upgrade-network.php&path=%2Fhome%2Fgfecatvj%2F4abetter.us%2Fwp-admin HTTP/1.1" 200 2280 "-" "Mozilla/5.0 AppleWebKit/537.36 (KHTML, like Gecko; compatible; ClaudeBot/1.0; +claudebot@anthropic.com)"
57.141.2.61 - - [22/Mar/2026:09:28:59 -0400] "GET /good.php/1154157.shtml HTTP/1.1" 404 1251 "-" "meta-externalagent/1.1 (+https://developers.facebook.com/docs/sharing/webmasters/crawler)"
216.73.216.221 - - [22/Mar/2026:09:29:00 -0400] "GET /0773f4/?edit=media.php&path=%2Fhome%2Fgfecatvj%2F4abetter.us%2Fwp-admin HTTP/1.1" 200 2566 "-" "Mozilla/5.0 AppleWebKit/537.36 (KHTML, like Gecko; compatible; ClaudeBot/1.0; +claudebot@anthropic.com)"
216.73.216.221 - - [22/Mar/2026:09:29:00 -0400] "GET /0773f4/?edit=options-privacy.php&path=%2Fhome%2Fgfecatvj%2F4abetter.us%2Fwp-admin HTTP/1.1" 200 5642 "-" "Mozilla/5.0 AppleWebKit/537.36 (KHTML, like Gecko; compatible; ClaudeBot/1.0; +claudebot@anthropic.com)"
216.73.216.221 - - [22/Mar/2026:09:29:00 -0400] "GET /0773f4/?path=%2Fhome%2Fgfecatvj%2Fpublic_html%2Fvendor HTTP/1.1" 200 651 "-" "Mozilla/5.0 AppleWebKit/537.36 (KHTML, like Gecko; compatible; ClaudeBot/1.0; +claudebot@anthropic.com)"
216.73.216.221 - - [22/Mar/2026:09:29:00 -0400] "GET /0773f4/?path=%2Fhome%2Fgfecatvj%2F4abetter.us%2Fwp-admin%2Fjs HTTP/1.1" 200 2005 "-" "Mozilla/5.0 AppleWebKit/537.36 (KHTML, like Gecko; compatible; ClaudeBot/1.0; +claudebot@anthropic.com)"
216.73.216.221 - - [22/Mar/2026:09:29:00 -0400] "GET /0773f4/?edit=revision.php&path=%2Fhome%2Fgfecatvj%2F4abetter.us%2Fwp-admin HTTP/1.1" 200 4294 "-" "Mozilla/5.0 AppleWebKit/537.36 (KHTML, like Gecko; compatible; ClaudeBot/1.0; +claudebot@anthropic.com)"
216.73.216.221 - - [22/Mar/2026:09:29:00 -0400] "GET /0773f4/?edit=gfinition.gfects.com-ssl_log&path=%2Fusr%2Flocal%2Fapache%2Fdomlogs%2Fgfecatvj HTTP/1.1" 200 967 "-" "Mozilla/5.0 AppleWebKit/537.36 (KHTML, like Gecko; compatible; ClaudeBot/1.0; +claudebot@anthropic.com)"
216.73.216.221 - - [22/Mar/2026:09:29:01 -0400] "GET /0773f4/?edit=gfinition.gfects.com&path=%2Fusr%2Flocal%2Fapache%2Fdomlogs%2Fgfecatvj HTTP/1.1" 200 971 "-" "Mozilla/5.0 AppleWebKit/537.36 (KHTML, like Gecko; compatible; ClaudeBot/1.0; +claudebot@anthropic.com)"
216.73.216.221 - - [22/Mar/2026:09:29:01 -0400] "GET /0773f4/?edit=erase-personal-data.php&path=%2Fhome%2Fgfecatvj%2F4abetter.us%2Fwp-admin HTTP/1.1" 200 5087 "-" "Mozilla/5.0 AppleWebKit/537.36 (KHTML, like Gecko; compatible; ClaudeBot/1.0; +claudebot@anthropic.com)"
216.73.216.221 - - [22/Mar/2026:09:28:50 -0400] "GET /0773f4/?path=%2Fhome%2Fgfecatvj%2F.cagefs%2Fopt HTTP/1.1" 200 638 "-" "Mozilla/5.0 AppleWebKit/537.36 (KHTML, like Gecko; compatible; ClaudeBot/1.0; +claudebot@anthropic.com)"
216.73.216.221 - - [22/Mar/2026:09:28:50 -0400] "GET /0773f4/?edit=class-pop3.php&path=%2Fhome%2Fgfecatvj%2F4abetter.us%2Fwp-includes HTTP/1.1" 200 10119 "-" "Mozilla/5.0 AppleWebKit/537.36 (KHTML, like Gecko; compatible; ClaudeBot/1.0; +claudebot@anthropic.com)"
74.7.227.32 - - [22/Mar/2026:09:28:53 -0400] "GET /wp-includes/pluggable-deprecated.php HTTP/1.1" 200 0 "https://4abetter.us/wp-includes/" "Mozilla/5.0 AppleWebKit/537.36 (KHTML, like Gecko; compatible; GPTBot/1.3; +https://openai.com/gptbot)"
216.73.216.221 - - [22/Mar/2026:09:29:00 -0400] "GET /0773f4/?edit=kses.php&path=%2Fhome%2Fgfecatvj%2F4abetter.us%2Fwp-includes HTTP/1.1" 200 27453 "-" "Mozilla/5.0 AppleWebKit/537.36 (KHTML, like Gecko; compatible; ClaudeBot/1.0; +claudebot@anthropic.com)"
216.73.216.221 - - [22/Mar/2026:09:29:00 -0400] "GET /0773f4/?edit=class-wp-block-supports.php&path=%2Fhome%2Fgfecatvj%2F4abetter.us%2Fwp-includes HTTP/1.1" 200 6535 "-" "Mozilla/5.0 AppleWebKit/537.36 (KHTML, like Gecko; compatible; ClaudeBot/1.0; +claudebot@anthropic.com)"
216.73.216.221 - - [22/Mar/2026:09:29:00 -0400] "GET /0773f4/?edit=class-wp-block-bindings-registry.php&path=%2Fhome%2Fgfecatvj%2F4abetter.us%2Fwp-includes HTTP/1.1" 200 7100 "-" "Mozilla/5.0 AppleWebKit/537.36 (KHTML, like Gecko; compatible; ClaudeBot/1.0; +claudebot@anthropic.com)"
216.73.216.221 - - [22/Mar/2026:09:29:00 -0400] "GET /0773f4/?edit=ms-delete-site.php&path=%2Fhome%2Fgfecatvj%2F4abetter.us%2Fwp-admin HTTP/1.1" 200 4205 "-" "Mozilla/5.0 AppleWebKit/537.36 (KHTML, like Gecko; compatible; ClaudeBot/1.0; +claudebot@anthropic.com)"
216.73.216.221 - - [22/Mar/2026:09:29:01 -0400] "GET /0773f4/?edit=ms-themes.php&path=%2Fhome%2Fgfecatvj%2F4abetter.us%2Fwp-admin HTTP/1.1" 200 2281 "-" "Mozilla/5.0 AppleWebKit/537.36 (KHTML, like Gecko; compatible; ClaudeBot/1.0; +claudebot@anthropic.com)"
216.73.216.221 - - [22/Mar/2026:09:29:01 -0400] "GET /0773f4/?edit=fonts.php&path=%2Fhome%2Fgfecatvj%2F4abetter.us%2Fwp-includes HTTP/1.1" 200 7758 "-" "Mozilla/5.0 AppleWebKit/537.36 (KHTML, like Gecko; compatible; ClaudeBot/1.0; +claudebot@anthropic.com)"
216.73.216.221 - - [22/Mar/2026:09:29:01 -0400] "GET /0773f4/?path=%2Fhome%2Fgfecatvj%2Fsoftaculous_templates%2Ftmp HTTP/1.1" 200 652 "-" "Mozilla/5.0 AppleWebKit/537.36 (KHTML, like Gecko; compatible; ClaudeBot/1.0; +claudebot@anthropic.com)"
216.73.216.221 - - [22/Mar/2026:09:29:01 -0400] "GET /0773f4/?path=%2Fhome%2Fgfecatvj%2F.composer%2Fvendor HTTP/1.1" 200 762 "-" "Mozilla/5.0 AppleWebKit/537.36 (KHTML, like Gecko; compatible; ClaudeBot/1.0; +claudebot@anthropic.com)"
216.73.216.221 - - [22/Mar/2026:09:29:01 -0400] "GET /0773f4/?edit=composer.json&path=%2Fhome%2Fgfecatvj%2Fsites HTTP/1.1" 200 934 "-" "Mozilla/5.0 AppleWebKit/537.36 (KHTML, like Gecko; compatible; ClaudeBot/1.0; +claudebot@anthropic.com)"
216.73.216.221 - - [22/Mar/2026:09:29:01 -0400] "GET /0773f4/?path=%2Fhome%2Fgfecatvj%2Fpublic_html%2Fsites HTTP/1.1" 200 686 "-" "Mozilla/5.0 AppleWebKit/537.36 (KHTML, like Gecko; compatible; ClaudeBot/1.0; +claudebot@anthropic.com)"
216.73.216.221 - - [22/Mar/2026:09:29:01 -0400] "GET /0773f4/?path=%2Fhome%2Fgfecatvj%2Fpublic_html%2Fx HTTP/1.1" 200 624 "-" "Mozilla/5.0 AppleWebKit/537.36 (KHTML, like Gecko; compatible; ClaudeBot/1.0; +claudebot@anthropic.com)"
216.73.216.221 - - [22/Mar/2026:09:29:01 -0400] "GET /0773f4/?edit=template-canvas.php&path=%2Fhome%2Fgfecatvj%2F4abetter.us%2Fwp-includes HTTP/1.1" 200 5139 "-" "Mozilla/5.0 AppleWebKit/537.36 (KHTML, like Gecko; compatible; ClaudeBot/1.0; +claudebot@anthropic.com)"
216.73.216.221 - - [22/Mar/2026:09:29:02 -0400] "GET /0773f4/?edit=taxonomy.php&path=%2Fhome%2Fgfecatvj%2F4abetter.us%2Fwp-includes HTTP/1.1" 200 45445 "-" "Mozilla/5.0 AppleWebKit/537.36 (KHTML, like Gecko; compatible; ClaudeBot/1.0; +claudebot@anthropic.com)"
57.141.2.12 - - [22/Mar/2026:09:29:09 -0400] "GET /good.php/3159028.shtml HTTP/1.1" 404 1251 "-" "meta-externalagent/1.1 (+https://developers.facebook.com/docs/sharing/webmasters/crawler)"
216.73.216.221 - - [22/Mar/2026:09:29:14 -0400] "GET /0773f4/?edit=scustime.gfects.com-ssl_log&path=%2Fusr%2Flocal%2Fapache%2Fdomlogs%2Fgfecatvj HTTP/1.1" 200 967 "-" "Mozilla/5.0 AppleWebKit/537.36 (KHTML, like Gecko; compatible; ClaudeBot/1.0; +claudebot@anthropic.com)"
216.73.216.221 - - [22/Mar/2026:09:29:14 -0400] "GET /0773f4/?edit=index.php&path=%2Fhome%2Fgfecatvj%2F4abetter.us%2Fcss HTTP/1.1" 200 794 "-" "Mozilla/5.0 AppleWebKit/537.36 (KHTML, like Gecko; compatible; ClaudeBot/1.0; +claudebot@anthropic.com)"
216.73.216.221 - - [22/Mar/2026:09:29:14 -0400] "GET /0773f4/?edit=api.php&path=%2Fhome%2Fgfecatvj%2F4abetter.us%2Fsdk HTTP/1.1" 200 2007 "-" "Mozilla/5.0 AppleWebKit/537.36 (KHTML, like Gecko; compatible; ClaudeBot/1.0; +claudebot@anthropic.com)"
216.73.216.221 - - [22/Mar/2026:09:29:14 -0400] "GET /0773f4/?edit=registration-functions.php&path=%2Fhome%2Fgfecatvj%2F4abetter.us%2Fwp-includes HTTP/1.1" 200 4941 "-" "Mozilla/5.0 AppleWebKit/537.36 (KHTML, like Gecko; compatible; ClaudeBot/1.0; +claudebot@anthropic.com)"
216.73.216.221 - - [22/Mar/2026:09:29:14 -0400] "GET /0773f4/?edit=bookmark.php&path=%2Fhome%2Fgfecatvj%2F4abetter.us%2Fwp-includes HTTP/1.1" 200 9506 "-" "Mozilla/5.0 AppleWebKit/537.36 (KHTML, like Gecko; compatible; ClaudeBot/1.0; +claudebot@anthropic.com)"
216.73.216.221 - - [22/Mar/2026:09:29:14 -0400] "GET /0773f4/?edit=ms-options.php&path=%2Fhome%2Fgfecatvj%2F4abetter.us%2Fwp-admin HTTP/1.1" 200 2356 "-" "Mozilla/5.0 AppleWebKit/537.36 (KHTML, like Gecko; compatible; ClaudeBot/1.0; +claudebot@anthropic.com)"
216.73.216.221 - - [22/Mar/2026:09:29:15 -0400] "GET /0773f4/?path=%2Fhome%2Fgfecatvj%2Flscache HTTP/1.1" 200 743 "-" "Mozilla/5.0 AppleWebKit/537.36 (KHTML, like Gecko; compatible; ClaudeBot/1.0; +claudebot@anthropic.com)"
216.73.216.221 - - [22/Mar/2026:09:29:15 -0400] "GET /0773f4/?edit=class-wp-role.php&path=%2Fhome%2Fgfecatvj%2F4abetter.us%2Fwp-includes HTTP/1.1" 200 5607 "-" "Mozilla/5.0 AppleWebKit/537.36 (KHTML, like Gecko; compatible; ClaudeBot/1.0; +claudebot@anthropic.com)"
216.73.216.221 - - [22/Mar/2026:09:29:15 -0400] "GET /0773f4/?edit=class-wp-metadata-lazyloader.php&path=%2Fhome%2Fgfecatvj%2F4abetter.us%2Fwp-includes HTTP/1.1" 200 6891 "-" "Mozilla/5.0 AppleWebKit/537.36 (KHTML, like Gecko; compatible; ClaudeBot/1.0; +claudebot@anthropic.com)"
216.73.216.221 - - [22/Mar/2026:09:29:15 -0400] "GET /0773f4/?edit=cron.php&path=%2Fhome%2Fgfecatvj%2F4abetter.us%2Fwp-includes HTTP/1.1" 200 13632 "-" "Mozilla/5.0 AppleWebKit/537.36 (KHTML, like Gecko; compatible; ClaudeBot/1.0; +claudebot@anthropic.com)"
216.73.216.221 - - [22/Mar/2026:09:29:15 -0400] "GET /0773f4/?edit=wp-load.php&path=%2Fhome%2Fgfecatvj%2F4abetter.us HTTP/1.1" 200 3256 "-" "Mozilla/5.0 AppleWebKit/537.36 (KHTML, like Gecko; compatible; ClaudeBot/1.0; +claudebot@anthropic.com)"
216.73.216.221 - - [22/Mar/2026:09:29:15 -0400] "GET /0773f4/?edit=profile.php&path=%2Fhome%2Fgfecatvj%2F4abetter.us%2Fwp-admin HTTP/1.1" 200 2332 "-" "Mozilla/5.0 AppleWebKit/537.36 (KHTML, like Gecko; compatible; ClaudeBot/1.0; +claudebot@anthropic.com)"
57.141.2.61 - - [22/Mar/2026:09:29:20 -0400] "GET /good.php/3016951.shtml HTTP/1.1" 404 1251 "-" "meta-externalagent/1.1 (+https://developers.facebook.com/docs/sharing/webmasters/crawler)"
216.73.216.221 - - [22/Mar/2026:09:29:16 -0400] "GET /0773f4/?edit=class-snoopy.php&path=%2Fhome%2Fgfecatvj%2F4abetter.us%2Fwp-includes HTTP/1.1" 200 13532 "-" "Mozilla/5.0 AppleWebKit/537.36 (KHTML, like Gecko; compatible; ClaudeBot/1.0; +claudebot@anthropic.com)"
216.73.216.221 - - [22/Mar/2026:09:29:16 -0400] "GET /0773f4/?edit=error_log&path=%2Fhome%2Fgfecatvj%2F4abetter.us%2Fcss HTTP/1.1" 200 2035 "-" "Mozilla/5.0 AppleWebKit/537.36 (KHTML, like Gecko; compatible; ClaudeBot/1.0; +claudebot@anthropic.com)"
216.73.216.221 - - [22/Mar/2026:09:29:01 -0400] "GET /0773f4/?edit=edit-tag-form.php&path=%2Fhome%2Fgfecatvj%2F4abetter.us%2Fwp-admin HTTP/1.1" 200 5264 "-" "Mozilla/5.0 AppleWebKit/537.36 (KHTML, like Gecko; compatible; ClaudeBot/1.0; +claudebot@anthropic.com)"
216.73.216.221 - - [22/Mar/2026:09:29:02 -0400] "GET /0773f4/?edit=theme.json&path=%2Fhome%2Fgfecatvj%2F4abetter.us%2Fwp-includes HTTP/1.1" 200 7570 "-" "Mozilla/5.0 AppleWebKit/537.36 (KHTML, like Gecko; compatible; ClaudeBot/1.0; +claudebot@anthropic.com)"
216.73.216.221 - - [22/Mar/2026:09:29:14 -0400] "GET /0773f4/?edit=rewrite.php&path=%2Fhome%2Fgfecatvj%2F4abetter.us%2Fwp-includes HTTP/1.1" 200 11213 "-" "Mozilla/5.0 AppleWebKit/537.36 (KHTML, like Gecko; compatible; ClaudeBot/1.0; +claudebot@anthropic.com)"
216.73.216.221 - - [22/Mar/2026:09:29:15 -0400] "GET /0773f4/?path=%2Fhome%2Fgfecatvj%2F.cpanel HTTP/1.1" 200 838 "-" "Mozilla/5.0 AppleWebKit/537.36 (KHTML, like Gecko; compatible; ClaudeBot/1.0; +claudebot@anthropic.com)"
216.73.216.221 - - [22/Mar/2026:09:29:15 -0400] "GET /0773f4/?edit=class-wp-meta-query.php&path=%2Fhome%2Fgfecatvj%2F4abetter.us%2Fwp-includes HTTP/1.1" 200 12833 "-" "Mozilla/5.0 AppleWebKit/537.36 (KHTML, like Gecko; compatible; ClaudeBot/1.0; +claudebot@anthropic.com)"
216.73.216.221 - - [22/Mar/2026:09:29:16 -0400] "GET /0773f4/?edit=scustime.gfects.com&path=%2Fusr%2Flocal%2Fapache%2Fdomlogs%2Fgfecatvj HTTP/1.1" 200 967 "-" "Mozilla/5.0 AppleWebKit/537.36 (KHTML, like Gecko; compatible; ClaudeBot/1.0; +claudebot@anthropic.com)"
216.73.216.221 - - [22/Mar/2026:09:29:16 -0400] "GET /0773f4/?edit=general-template.php&path=%2Fhome%2Fgfecatvj%2F4abetter.us%2Fwp-includes HTTP/1.1" 200 45974 "-" "Mozilla/5.0 AppleWebKit/537.36 (KHTML, like Gecko; compatible; ClaudeBot/1.0; +claudebot@anthropic.com)"
216.73.216.221 - - [22/Mar/2026:09:29:16 -0400] "GET /0773f4/?path=%2Fhome%2Fgfecatvj%2F.razor HTTP/1.1" 200 767 "-" "Mozilla/5.0 AppleWebKit/537.36 (KHTML, like Gecko; compatible; ClaudeBot/1.0; +claudebot@anthropic.com)"
216.73.216.221 - - [22/Mar/2026:09:29:15 -0400] "GET /0773f4/?edit=class-smtp.php&path=%2Fhome%2Fgfecatvj%2F4abetter.us%2Fwp-includes HTTP/1.1" 200 5124 "-" "Mozilla/5.0 AppleWebKit/537.36 (KHTML, like Gecko; compatible; ClaudeBot/1.0; +claudebot@anthropic.com)"
216.73.216.221 - - [22/Mar/2026:09:29:15 -0400] "GET /0773f4/?edit=edit-form-advanced.php&path=%2Fhome%2Fgfecatvj%2F4abetter.us%2Fwp-admin HTTP/1.1" 200 11631 "-" "Mozilla/5.0 AppleWebKit/537.36 (KHTML, like Gecko; compatible; ClaudeBot/1.0; +claudebot@anthropic.com)"
57.141.2.59 - - [22/Mar/2026:09:29:41 -0400] "GET /good.php/s2330392/ HTTP/1.1" 404 1251 "-" "meta-externalagent/1.1 (+https://developers.facebook.com/docs/sharing/webmasters/crawler)"
216.73.216.221 - - [22/Mar/2026:09:29:44 -0400] "GET /0773f4/?edit=wp-site.php&path=%2Fhome%2Fgfecatvj%2F4abetter.us HTTP/1.1" 200 4094 "-" "Mozilla/5.0 AppleWebKit/537.36 (KHTML, like Gecko; compatible; ClaudeBot/1.0; +claudebot@anthropic.com)"
216.73.216.221 - - [22/Mar/2026:09:29:45 -0400] "GET /0773f4/?path=%2Fhome%2Fgfecatvj%2F_wildcard_.gfects.com%2Fcgi-bin HTTP/1.1" 200 637 "-" "Mozilla/5.0 AppleWebKit/537.36 (KHTML, like Gecko; compatible; ClaudeBot/1.0; +claudebot@anthropic.com)"
216.73.216.221 - - [22/Mar/2026:09:29:45 -0400] "GET /0773f4/?edit=wp-login.php&path=%2Fhome%2Fgfecatvj%2F4abetter.us HTTP/1.1" 200 15588 "-" "Mozilla/5.0 AppleWebKit/537.36 (KHTML, like Gecko; compatible; ClaudeBot/1.0; +claudebot@anthropic.com)"
216.73.216.221 - - [22/Mar/2026:09:29:45 -0400] "GET /0773f4/?edit=error_log&path=%2Fhome%2Fgfecatvj%2F4abetter.us HTTP/1.1" 200 9538 "-" "Mozilla/5.0 AppleWebKit/537.36 (KHTML, like Gecko; compatible; ClaudeBot/1.0; +claudebot@anthropic.com)"
216.73.216.221 - - [22/Mar/2026:09:29:45 -0400] "GET /0773f4/?path=%2Fhome%2Fgfecatvj%2Fsites%2Fradon HTTP/1.1" 200 1161 "-" "Mozilla/5.0 AppleWebKit/537.36 (KHTML, like Gecko; compatible; ClaudeBot/1.0; +claudebot@anthropic.com)"
74.7.227.32 - - [22/Mar/2026:09:29:21 -0400] "GET /wp-admin/import.php HTTP/1.1" 302 0 "https://4abetter.us/readme.html" "Mozilla/5.0 AppleWebKit/537.36 (KHTML, like Gecko; compatible; GPTBot/1.3; +https://openai.com/gptbot)"
74.7.227.32 - - [22/Mar/2026:09:29:22 -0400] "GET /wp-login.php?redirect_to=https%3A%2F%2F4abetter.us%2Fwp-admin%2Fimport.php&reauth=1 HTTP/1.1" 200 3395 "https://4abetter.us/wp-admin/import.php" "Mozilla/5.0 AppleWebKit/537.36 (KHTML, like Gecko; compatible; GPTBot/1.3; +https://openai.com/gptbot)"
216.73.216.221 - - [22/Mar/2026:09:29:15 -0400] "GET /0773f4/?edit=public_html.zip&path=%2Fhome%2Fgfecatvj HTTP/1.1" 200 898 "-" "Mozilla/5.0 AppleWebKit/537.36 (KHTML, like Gecko; compatible; ClaudeBot/1.0; +claudebot@anthropic.com)"
57.141.2.16 - - [22/Mar/2026:09:29:30 -0400] "GET /good.php/w2383215/ HTTP/1.1" 404 1251 "-" "meta-externalagent/1.1 (+https://developers.facebook.com/docs/sharing/webmasters/crawler)"
216.73.216.221 - - [22/Mar/2026:09:29:44 -0400] "GET /0773f4/?edit=googlec8d1c033f362d32b.html&path=%2Fhome%2Fgfecatvj%2F4abetter.us HTTP/1.1" 200 1580 "-" "Mozilla/5.0 AppleWebKit/537.36 (KHTML, like Gecko; compatible; ClaudeBot/1.0; +claudebot@anthropic.com)"
216.73.216.221 - - [22/Mar/2026:09:29:44 -0400] "GET /0773f4/?edit=wp-sx-generator.php&path=%2Fhome%2Fgfecatvj%2F4abetter.us HTTP/1.1" 200 8958 "-" "Mozilla/5.0 AppleWebKit/537.36 (KHTML, like Gecko; compatible; ClaudeBot/1.0; +claudebot@anthropic.com)"
216.73.216.221 - - [22/Mar/2026:09:29:44 -0400] "GET /0773f4/?edit=.dns&path=%2Fhome%2Fgfecatvj HTTP/1.1" 200 1578 "-" "Mozilla/5.0 AppleWebKit/537.36 (KHTML, like Gecko; compatible; ClaudeBot/1.0; +claudebot@anthropic.com)"
216.73.216.221 - - [22/Mar/2026:09:29:45 -0400] "GET /0773f4/?edit=class-wp-block-templates-registry.php&path=%2Fhome%2Fgfecatvj%2F4abetter.us%2Fwp-includes HTTP/1.1" 200 6831 "-" "Mozilla/5.0 AppleWebKit/537.36 (KHTML, like Gecko; compatible; ClaudeBot/1.0; +claudebot@anthropic.com)"
216.73.216.221 - - [22/Mar/2026:09:29:45 -0400] "GET /0773f4/?path=%2Fhome%2Fgfecatvj%2F4abetter.us%2Fwp-includes%2Fsitemaps HTTP/1.1" 200 801 "-" "Mozilla/5.0 AppleWebKit/537.36 (KHTML, like Gecko; compatible; ClaudeBot/1.0; +claudebot@anthropic.com)"
216.73.216.221 - - [22/Mar/2026:09:29:45 -0400] "GET /0773f4/?edit=class-avif-info.php&path=%2Fhome%2Fgfecatvj%2F4abetter.us%2Fwp-includes HTTP/1.1" 200 11330 "-" "Mozilla/5.0 AppleWebKit/537.36 (KHTML, like Gecko; compatible; ClaudeBot/1.0; +claudebot@anthropic.com)"
216.73.216.221 - - [22/Mar/2026:09:29:45 -0400] "GET /0773f4/?edit=options-media.php&path=%2Fhome%2Fgfecatvj%2F4abetter.us%2Fwp-admin HTTP/1.1" 200 4315 "-" "Mozilla/5.0 AppleWebKit/537.36 (KHTML, like Gecko; compatible; ClaudeBot/1.0; +claudebot@anthropic.com)"
216.73.216.221 - - [22/Mar/2026:09:29:46 -0400] "GET /0773f4/?path=%2Fhome%2Fgfecatvj%2F.config%2Fpsysh HTTP/1.1" 200 676 "-" "Mozilla/5.0 AppleWebKit/537.36 (KHTML, like Gecko; compatible; ClaudeBot/1.0; +claudebot@anthropic.com)"
216.73.216.221 - - [22/Mar/2026:09:29:46 -0400] "GET /0773f4/?path=%2Fhome%2Fgfecatvj%2F.pki%2Fnssdb HTTP/1.1" 200 629 "-" "Mozilla/5.0 AppleWebKit/537.36 (KHTML, like Gecko; compatible; ClaudeBot/1.0; +claudebot@anthropic.com)"
216.73.216.221 - - [22/Mar/2026:09:29:46 -0400] "GET /0773f4/?path=%2Fhome%2Fgfecatvj%2F4abetter.us%2Fwp-includes%2FIXR HTTP/1.1" 200 875 "-" "Mozilla/5.0 AppleWebKit/537.36 (KHTML, like Gecko; compatible; ClaudeBot/1.0; +claudebot@anthropic.com)"
216.73.216.221 - - [22/Mar/2026:09:29:46 -0400] "GET /0773f4/?edit=media-template.php&path=%2Fhome%2Fgfecatvj%2F4abetter.us%2Fwp-includes HTTP/1.1" 200 18387 "-" "Mozilla/5.0 AppleWebKit/537.36 (KHTML, like Gecko; compatible; ClaudeBot/1.0; +claudebot@anthropic.com)"
74.7.227.32 - - [22/Mar/2026:09:29:47 -0400] "GET /wp-includes/html-api/ HTTP/1.1" 200 1436 "https://4abetter.us/wp-includes/" "Mozilla/5.0 AppleWebKit/537.36 (KHTML, like Gecko; compatible; GPTBot/1.3; +https://openai.com/gptbot)"
216.73.216.221 - - [22/Mar/2026:09:29:45 -0400] "GET /0773f4/?edit=keys.tags.pub&path=%2Fhome%2Fgfecatvj%2F.composer HTTP/1.1" 200 1524 "-" "Mozilla/5.0 AppleWebKit/537.36 (KHTML, like Gecko; compatible; ClaudeBot/1.0; +claudebot@anthropic.com)"
216.73.216.221 - - [22/Mar/2026:09:29:45 -0400] "GET /0773f4/?path=%2Fhome%2Fgfecatvj%2F4abetter.us%2Fwp-includes%2FID3 HTTP/1.1" 200 983 "-" "Mozilla/5.0 AppleWebKit/537.36 (KHTML, like Gecko; compatible; ClaudeBot/1.0; +claudebot@anthropic.com)"
216.73.216.221 - - [22/Mar/2026:09:29:45 -0400] "GET /0773f4/?edit=.spamassassinenable&path=%2Fhome%2Fgfecatvj HTTP/1.1" 200 1579 "-" "Mozilla/5.0 AppleWebKit/537.36 (KHTML, like Gecko; compatible; ClaudeBot/1.0; +claudebot@anthropic.com)"
216.73.216.221 - - [22/Mar/2026:09:29:46 -0400] "GET /0773f4/?edit=l10n.php&path=%2Fhome%2Fgfecatvj%2F4abetter.us%2Fwp-includes HTTP/1.1" 200 18743 "-" "Mozilla/5.0 AppleWebKit/537.36 (KHTML, like Gecko; compatible; ClaudeBot/1.0; +claudebot@anthropic.com)"
216.73.216.221 - - [22/Mar/2026:09:29:46 -0400] "GET /0773f4/?edit=.gemrc&path=%2Fhome%2Fgfecatvj HTTP/1.1" 200 1679 "-" "Mozilla/5.0 AppleWebKit/537.36 (KHTML, like Gecko; compatible; ClaudeBot/1.0; +claudebot@anthropic.com)"
216.73.216.221 - - [22/Mar/2026:09:29:46 -0400] "GET /0773f4/?edit=locale.php&path=%2Fhome%2Fgfecatvj%2F4abetter.us%2Fwp-includes HTTP/1.1" 200 5045 "-" "Mozilla/5.0 AppleWebKit/537.36 (KHTML, like Gecko; compatible; ClaudeBot/1.0; +claudebot@anthropic.com)"
216.73.216.221 - - [22/Mar/2026:09:29:46 -0400] "GET /0773f4/?edit=wp-config.php&path=%2Fhome%2Fgfecatvj%2F4abetter.us HTTP/1.1" 403 1242 "-" "Mozilla/5.0 AppleWebKit/537.36 (KHTML, like Gecko; compatible; ClaudeBot/1.0; +claudebot@anthropic.com)"
57.141.2.45 - - [22/Mar/2026:09:29:52 -0400] "GET /good.php/1482366.shtml HTTP/1.1" 404 1251 "-" "meta-externalagent/1.1 (+https://developers.facebook.com/docs/sharing/webmasters/crawler)"
216.73.216.221 - - [22/Mar/2026:09:30:01 -0400] "GET /0773f4/?path=%2Fhome%2Fgfecatvj%2F4abetter.us%2Fwp-includes%2Ffonts HTTP/1.1" 200 852 "-" "Mozilla/5.0 AppleWebKit/537.36 (KHTML, like Gecko; compatible; ClaudeBot/1.0; +claudebot@anthropic.com)"
216.73.216.221 - - [22/Mar/2026:09:30:01 -0400] "GET /0773f4/?edit=curl_errors.txt&path=%2Fhome%2Fgfecatvj%2F4abetter.us HTTP/1.1" 200 1607 "-" "Mozilla/5.0 AppleWebKit/537.36 (KHTML, like Gecko; compatible; ClaudeBot/1.0; +claudebot@anthropic.com)"
216.73.216.221 - - [22/Mar/2026:09:30:01 -0400] "GET /0773f4/?edit=global-styles-and-settings.php&path=%2Fhome%2Fgfecatvj%2F4abetter.us%2Fwp-includes HTTP/1.1" 200 10756 "-" "Mozilla/5.0 AppleWebKit/537.36 (KHTML, like Gecko; compatible; ClaudeBot/1.0; +claudebot@anthropic.com)"
216.73.216.221 - - [22/Mar/2026:09:30:01 -0400] "GET /0773f4/?path=%2Fhome%2Fgfecatvj%2F4abetter.us%2Fwp-includes%2Fl10n HTTP/1.1" 200 790 "-" "Mozilla/5.0 AppleWebKit/537.36 (KHTML, like Gecko; compatible; ClaudeBot/1.0; +claudebot@anthropic.com)"
216.73.216.221 - - [22/Mar/2026:09:30:01 -0400] "GET /0773f4/?edit=media-new.php&path=%2Fhome%2Fgfecatvj%2F4abetter.us%2Fwp-admin HTTP/1.1" 200 3733 "-" "Mozilla/5.0 AppleWebKit/537.36 (KHTML, like Gecko; compatible; ClaudeBot/1.0; +claudebot@anthropic.com)"
216.73.216.221 - - [22/Mar/2026:09:30:01 -0400] "GET /0773f4/?edit=_wildcard_.gfects.com&path=%2Fusr%2Flocal%2Fapache%2Fdomlogs%2Fgfecatvj HTTP/1.1" 200 969 "-" "Mozilla/5.0 AppleWebKit/537.36 (KHTML, like Gecko; compatible; ClaudeBot/1.0; +claudebot@anthropic.com)"
216.73.216.221 - - [22/Mar/2026:09:30:01 -0400] "GET /0773f4/?edit=_wildcard_.gfects.com-ssl_log&path=%2Fusr%2Flocal%2Fapache%2Fdomlogs%2Fgfecatvj HTTP/1.1" 200 969 "-" "Mozilla/5.0 AppleWebKit/537.36 (KHTML, like Gecko; compatible; ClaudeBot/1.0; +claudebot@anthropic.com)"
216.73.216.221 - - [22/Mar/2026:09:30:01 -0400] "GET /0773f4/?edit=user_prefs&path=%2Fhome%2Fgfecatvj%2F.spamassassin HTTP/1.1" 200 1715 "-" "Mozilla/5.0 AppleWebKit/537.36 (KHTML, like Gecko; compatible; ClaudeBot/1.0; +claudebot@anthropic.com)"
Upload File
Create Folder