X7ROOT File Manager
Current Path:
/usr/local/apache/domlogs/gfecatvj
usr
/
local
/
apache
/
domlogs
/
gfecatvj
/
📁
..
📄
4abetter.us.gfects.com
(0 B)
📄
4abetter.us.gfects.com-ssl_log
(228.72 KB)
📄
_wildcard_.4abetter.us
(0 B)
📄
_wildcard_.4abetter.us-ssl_log
(0 B)
📄
_wildcard_.gfects.com
(0 B)
📄
_wildcard_.gfects.com-ssl_log
(0 B)
📄
gfects.com
(905 B)
📄
gfects.com-ssl_log
(443.32 KB)
📄
gfinition.gfects.com
(0 B)
📄
gfinition.gfects.com-ssl_log
(0 B)
📄
gfx.gfects.com
(0 B)
📄
gfx.gfects.com-ssl_log
(0 B)
📄
qcoder.gfects.com
(0 B)
📄
qcoder.gfects.com-ssl_log
(0 B)
📄
radontect.gfects.com
(0 B)
📄
radontect.gfects.com-ssl_log
(0 B)
📄
scustime.gfects.com
(0 B)
📄
scustime.gfects.com-ssl_log
(0 B)
Editing: 4abetter.us.gfects.com-ssl_log
57.141.2.35 - - [22/Mar/2026:08:14:46 -0400] "GET /good.php/2716158.shtml HTTP/1.1" 404 1251 "-" "meta-externalagent/1.1 (+https://developers.facebook.com/docs/sharing/webmasters/crawler)"
57.141.2.71 - - [22/Mar/2026:08:14:57 -0400] "GET /good.php/2345532.shtml HTTP/1.1" 404 1251 "-" "meta-externalagent/1.1 (+https://developers.facebook.com/docs/sharing/webmasters/crawler)"
57.141.2.37 - - [22/Mar/2026:08:15:07 -0400] "GET /good.php/dl716931/ HTTP/1.1" 404 1251 "-" "meta-externalagent/1.1 (+https://developers.facebook.com/docs/sharing/webmasters/crawler)"
66.249.72.64 - - [22/Mar/2026:08:15:29 -0400] "GET /q-~57ETEpOflbtROvrBKZV2GkgcSwPquLPS27969/ HTTP/1.1" 404 1251 "-" "Mozilla/5.0 (compatible; Googlebot/2.1; +http://www.google.com/bot.html)"
57.141.2.19 - - [22/Mar/2026:08:15:39 -0400] "GET /good.php/4033238.shtml HTTP/1.1" 404 1251 "-" "meta-externalagent/1.1 (+https://developers.facebook.com/docs/sharing/webmasters/crawler)"
57.141.2.16 - - [22/Mar/2026:08:16:10 -0400] "GET /good.php/903056.shtml HTTP/1.1" 404 1251 "-" "meta-externalagent/1.1 (+https://developers.facebook.com/docs/sharing/webmasters/crawler)"
57.141.2.30 - - [22/Mar/2026:08:17:14 -0400] "GET /good.php/f935303/ HTTP/1.1" 404 1251 "-" "meta-externalagent/1.1 (+https://developers.facebook.com/docs/sharing/webmasters/crawler)"
57.141.2.66 - - [22/Mar/2026:08:17:34 -0400] "GET /good.php/1533498.shtml HTTP/1.1" 404 1251 "-" "meta-externalagent/1.1 (+https://developers.facebook.com/docs/sharing/webmasters/crawler)"
57.141.2.37 - - [22/Mar/2026:08:17:56 -0400] "GET /good.php/1239802.shtml HTTP/1.1" 404 1251 "-" "meta-externalagent/1.1 (+https://developers.facebook.com/docs/sharing/webmasters/crawler)"
57.141.2.12 - - [22/Mar/2026:08:18:17 -0400] "GET /good.php/1291393.shtml HTTP/1.1" 404 1251 "-" "meta-externalagent/1.1 (+https://developers.facebook.com/docs/sharing/webmasters/crawler)"
57.141.2.31 - - [22/Mar/2026:08:18:27 -0400] "GET /good.php/4166718.shtml HTTP/1.1" 404 1251 "-" "meta-externalagent/1.1 (+https://developers.facebook.com/docs/sharing/webmasters/crawler)"
66.249.72.64 - - [22/Mar/2026:08:18:37 -0400] "GET /q-~233X8AZBOpKJ6HLJk1JhxkbWnqBddleYe263/ HTTP/1.1" 404 1251 "-" "Mozilla/5.0 (Linux; Android 6.0.1; Nexus 5X Build/MMB29P) AppleWebKit/537.36 (KHTML, like Gecko) Chrome/145.0.7632.159 Mobile Safari/537.36 (compatible; Googlebot/2.1; +http://www.google.com/bot.html)"
57.141.2.26 - - [22/Mar/2026:08:18:38 -0400] "GET /good.php/ix4437489/ HTTP/1.1" 404 1251 "-" "meta-externalagent/1.1 (+https://developers.facebook.com/docs/sharing/webmasters/crawler)"
57.141.2.57 - - [22/Mar/2026:08:18:48 -0400] "GET /good.php/547593.shtml HTTP/1.1" 404 1251 "-" "meta-externalagent/1.1 (+https://developers.facebook.com/docs/sharing/webmasters/crawler)"
57.141.2.4 - - [22/Mar/2026:08:18:59 -0400] "GET /good.php/vr2175533/ HTTP/1.1" 404 1251 "-" "meta-externalagent/1.1 (+https://developers.facebook.com/docs/sharing/webmasters/crawler)"
57.141.2.8 - - [22/Mar/2026:08:19:09 -0400] "GET /good.php/3496299.shtml HTTP/1.1" 404 1251 "-" "meta-externalagent/1.1 (+https://developers.facebook.com/docs/sharing/webmasters/crawler)"
57.141.2.64 - - [22/Mar/2026:08:19:20 -0400] "GET /good.php/1356796.shtml HTTP/1.1" 404 1251 "-" "meta-externalagent/1.1 (+https://developers.facebook.com/docs/sharing/webmasters/crawler)"
66.249.72.70 - - [22/Mar/2026:08:19:21 -0400] "GET /q-~299bIxmpt3oLUKYgHQM62vtdb1YR8wLTR31877/ HTTP/1.1" 404 1251 "-" "Mozilla/5.0 (Linux; Android 6.0.1; Nexus 5X Build/MMB29P) AppleWebKit/537.36 (KHTML, like Gecko) Chrome/145.0.7632.159 Mobile Safari/537.36 (compatible; Googlebot/2.1; +http://www.google.com/bot.html)"
57.141.2.8 - - [22/Mar/2026:08:19:30 -0400] "GET /good.php/3833856.shtml HTTP/1.1" 404 1251 "-" "meta-externalagent/1.1 (+https://developers.facebook.com/docs/sharing/webmasters/crawler)"
57.141.2.41 - - [22/Mar/2026:08:19:41 -0400] "GET /good.php/3868586.shtml HTTP/1.1" 404 1251 "-" "meta-externalagent/1.1 (+https://developers.facebook.com/docs/sharing/webmasters/crawler)"
57.141.2.71 - - [22/Mar/2026:08:20:12 -0400] "GET /good.php/2581211.shtml HTTP/1.1" 404 1251 "-" "meta-externalagent/1.1 (+https://developers.facebook.com/docs/sharing/webmasters/crawler)"
57.141.2.8 - - [22/Mar/2026:08:20:33 -0400] "GET /good.php/1453309.shtml HTTP/1.1" 404 1251 "-" "meta-externalagent/1.1 (+https://developers.facebook.com/docs/sharing/webmasters/crawler)"
57.141.2.51 - - [22/Mar/2026:08:20:44 -0400] "GET /good.php/h4396555/ HTTP/1.1" 404 1251 "-" "meta-externalagent/1.1 (+https://developers.facebook.com/docs/sharing/webmasters/crawler)"
57.141.2.9 - - [22/Mar/2026:08:15:18 -0400] "GET /good.php/1234811.shtml HTTP/1.1" 404 1251 "-" "meta-externalagent/1.1 (+https://developers.facebook.com/docs/sharing/webmasters/crawler)"
57.141.2.57 - - [22/Mar/2026:08:15:28 -0400] "GET /good.php/2521244.shtml HTTP/1.1" 404 1251 "-" "meta-externalagent/1.1 (+https://developers.facebook.com/docs/sharing/webmasters/crawler)"
57.141.2.50 - - [22/Mar/2026:08:15:50 -0400] "GET /good.php/1427056.shtml HTTP/1.1" 404 1251 "-" "meta-externalagent/1.1 (+https://developers.facebook.com/docs/sharing/webmasters/crawler)"
57.141.2.42 - - [22/Mar/2026:08:16:00 -0400] "GET /good.php/c1027399/ HTTP/1.1" 404 1251 "-" "meta-externalagent/1.1 (+https://developers.facebook.com/docs/sharing/webmasters/crawler)"
57.141.2.65 - - [22/Mar/2026:08:16:21 -0400] "GET /good.php/3562673.shtml HTTP/1.1" 404 1251 "-" "meta-externalagent/1.1 (+https://developers.facebook.com/docs/sharing/webmasters/crawler)"
57.141.2.37 - - [22/Mar/2026:08:16:31 -0400] "GET /good.php/3556694.shtml HTTP/1.1" 404 1251 "-" "meta-externalagent/1.1 (+https://developers.facebook.com/docs/sharing/webmasters/crawler)"
66.249.72.64 - - [22/Mar/2026:08:16:33 -0400] "GET /q-~103XsJYFG3f3Piszyb6rlku97tBbfYcqL47115/ HTTP/1.1" 404 1251 "-" "Mozilla/5.0 (Linux; Android 6.0.1; Nexus 5X Build/MMB29P) AppleWebKit/537.36 (KHTML, like Gecko) Chrome/145.0.7632.159 Mobile Safari/537.36 (compatible; Googlebot/2.1; +http://www.google.com/bot.html)"
57.141.2.20 - - [22/Mar/2026:08:16:42 -0400] "GET /good.php/ry3595568/ HTTP/1.1" 404 1251 "-" "meta-externalagent/1.1 (+https://developers.facebook.com/docs/sharing/webmasters/crawler)"
57.141.2.20 - - [22/Mar/2026:08:16:52 -0400] "GET /good.php/w1533051/ HTTP/1.1" 404 1251 "-" "meta-externalagent/1.1 (+https://developers.facebook.com/docs/sharing/webmasters/crawler)"
57.141.2.55 - - [22/Mar/2026:08:17:03 -0400] "GET /good.php/1720319.shtml HTTP/1.1" 404 1251 "-" "meta-externalagent/1.1 (+https://developers.facebook.com/docs/sharing/webmasters/crawler)"
57.141.2.15 - - [22/Mar/2026:08:17:24 -0400] "GET /3151863.shtml HTTP/1.1" 404 1251 "-" "meta-externalagent/1.1 (+https://developers.facebook.com/docs/sharing/webmasters/crawler)"
57.141.2.39 - - [22/Mar/2026:08:17:45 -0400] "GET /good.php/1152923.shtml HTTP/1.1" 404 1251 "-" "meta-externalagent/1.1 (+https://developers.facebook.com/docs/sharing/webmasters/crawler)"
57.141.2.24 - - [22/Mar/2026:08:18:06 -0400] "GET /good.php/3109211.shtml HTTP/1.1" 404 1251 "-" "meta-externalagent/1.1 (+https://developers.facebook.com/docs/sharing/webmasters/crawler)"
57.141.2.50 - - [22/Mar/2026:08:19:51 -0400] "GET /good.php/2289873.shtml HTTP/1.1" 404 1251 "-" "meta-externalagent/1.1 (+https://developers.facebook.com/docs/sharing/webmasters/crawler)"
57.141.2.11 - - [22/Mar/2026:08:20:02 -0400] "GET /good.php/4305309.shtml HTTP/1.1" 404 1251 "-" "meta-externalagent/1.1 (+https://developers.facebook.com/docs/sharing/webmasters/crawler)"
57.141.2.8 - - [22/Mar/2026:08:20:23 -0400] "GET /good.php/3800028.shtml HTTP/1.1" 404 1251 "-" "meta-externalagent/1.1 (+https://developers.facebook.com/docs/sharing/webmasters/crawler)"
66.249.69.195 - - [22/Mar/2026:08:20:50 -0400] "GET /q-~260Z7A5vfgDmHdhPRKMIZirzy57s0pkrt40584/ HTTP/1.1" 404 1251 "-" "Mozilla/5.0 (Linux; Android 6.0.1; Nexus 5X Build/MMB29P) AppleWebKit/537.36 (KHTML, like Gecko) Chrome/145.0.7632.159 Mobile Safari/537.36 (compatible; Googlebot/2.1; +http://www.google.com/bot.html)"
57.141.2.61 - - [22/Mar/2026:08:21:26 -0400] "GET /good.php/c4170721/ HTTP/1.1" 404 1251 "-" "meta-externalagent/1.1 (+https://developers.facebook.com/docs/sharing/webmasters/crawler)"
57.141.2.44 - - [22/Mar/2026:08:21:47 -0400] "GET /good.php/537180.shtml HTTP/1.1" 404 1251 "-" "meta-externalagent/1.1 (+https://developers.facebook.com/docs/sharing/webmasters/crawler)"
57.141.2.5 - - [22/Mar/2026:08:22:08 -0400] "GET /good.php/3990013.shtml HTTP/1.1" 404 1251 "-" "meta-externalagent/1.1 (+https://developers.facebook.com/docs/sharing/webmasters/crawler)"
57.141.2.20 - - [22/Mar/2026:08:22:29 -0400] "GET /good.php/1935380.shtml HTTP/1.1" 404 1251 "-" "meta-externalagent/1.1 (+https://developers.facebook.com/docs/sharing/webmasters/crawler)"
57.141.2.13 - - [22/Mar/2026:08:22:40 -0400] "GET /good.php/2309093.shtml HTTP/1.1" 404 1251 "-" "meta-externalagent/1.1 (+https://developers.facebook.com/docs/sharing/webmasters/crawler)"
66.249.72.64 - - [22/Mar/2026:08:22:44 -0400] "GET /auc-orangetokei-ej-3386554 HTTP/1.1" 404 1251 "-" "Mozilla/5.0 (compatible; Googlebot/2.1; +http://www.google.com/bot.html)"
66.249.72.71 - - [22/Mar/2026:08:22:56 -0400] "GET /q-~115jpEDIZVjzKfpVuVarR27Koci5eBw4b9099/ HTTP/1.1" 404 1251 "-" "Mozilla/5.0 (Linux; Android 6.0.1; Nexus 5X Build/MMB29P) AppleWebKit/537.36 (KHTML, like Gecko) Chrome/145.0.7632.159 Mobile Safari/537.36 (compatible; Googlebot/2.1; +http://www.google.com/bot.html)"
57.141.2.61 - - [22/Mar/2026:08:23:01 -0400] "GET /good.php/p2831330/ HTTP/1.1" 404 1251 "-" "meta-externalagent/1.1 (+https://developers.facebook.com/docs/sharing/webmasters/crawler)"
57.141.2.39 - - [22/Mar/2026:08:23:33 -0400] "GET /good.php/oc1474316/ HTTP/1.1" 404 1251 "-" "meta-externalagent/1.1 (+https://developers.facebook.com/docs/sharing/webmasters/crawler)"
57.141.2.70 - - [22/Mar/2026:08:23:43 -0400] "GET /good.php/cf527485/ HTTP/1.1" 404 1251 "-" "meta-externalagent/1.1 (+https://developers.facebook.com/docs/sharing/webmasters/crawler)"
57.141.2.41 - - [22/Mar/2026:08:23:54 -0400] "GET /good.php/581668.shtml HTTP/1.1" 404 1251 "-" "meta-externalagent/1.1 (+https://developers.facebook.com/docs/sharing/webmasters/crawler)"
57.141.2.44 - - [22/Mar/2026:08:24:04 -0400] "GET /good.php/4146192.shtml HTTP/1.1" 404 1251 "-" "meta-externalagent/1.1 (+https://developers.facebook.com/docs/sharing/webmasters/crawler)"
57.141.2.61 - - [22/Mar/2026:08:24:25 -0400] "GET /good.php/2300996.shtml HTTP/1.1" 404 1251 "-" "meta-externalagent/1.1 (+https://developers.facebook.com/docs/sharing/webmasters/crawler)"
57.141.2.41 - - [22/Mar/2026:08:24:35 -0400] "GET /good.php/1096227.shtml HTTP/1.1" 404 1251 "-" "meta-externalagent/1.1 (+https://developers.facebook.com/docs/sharing/webmasters/crawler)"
57.141.2.28 - - [22/Mar/2026:08:24:46 -0400] "GET /good.php/604334.shtml HTTP/1.1" 404 1251 "-" "meta-externalagent/1.1 (+https://developers.facebook.com/docs/sharing/webmasters/crawler)"
57.141.2.61 - - [22/Mar/2026:08:25:07 -0400] "GET /good.php/1429556.shtml HTTP/1.1" 404 1251 "-" "meta-externalagent/1.1 (+https://developers.facebook.com/docs/sharing/webmasters/crawler)"
57.141.2.30 - - [22/Mar/2026:08:25:39 -0400] "GET /4310938.shtml HTTP/1.1" 404 1251 "-" "meta-externalagent/1.1 (+https://developers.facebook.com/docs/sharing/webmasters/crawler)"
57.141.2.35 - - [22/Mar/2026:08:25:49 -0400] "GET /good.php/4312971.shtml HTTP/1.1" 404 1251 "-" "meta-externalagent/1.1 (+https://developers.facebook.com/docs/sharing/webmasters/crawler)"
57.141.2.54 - - [22/Mar/2026:08:26:00 -0400] "GET /good.php/3076006.shtml HTTP/1.1" 404 1251 "-" "meta-externalagent/1.1 (+https://developers.facebook.com/docs/sharing/webmasters/crawler)"
57.141.2.37 - - [22/Mar/2026:08:26:31 -0400] "GET /good.php/723763.shtml HTTP/1.1" 404 1251 "-" "meta-externalagent/1.1 (+https://developers.facebook.com/docs/sharing/webmasters/crawler)"
57.141.2.24 - - [22/Mar/2026:08:26:42 -0400] "GET /good.php/2039293.shtml HTTP/1.1" 404 1251 "-" "meta-externalagent/1.1 (+https://developers.facebook.com/docs/sharing/webmasters/crawler)"
57.141.2.3 - - [22/Mar/2026:08:27:13 -0400] "GET /good.php/3361634.shtml HTTP/1.1" 404 1251 "-" "meta-externalagent/1.1 (+https://developers.facebook.com/docs/sharing/webmasters/crawler)"
57.141.2.4 - - [22/Mar/2026:08:27:24 -0400] "GET /good.php/4245959.shtml HTTP/1.1" 404 1251 "-" "meta-externalagent/1.1 (+https://developers.facebook.com/docs/sharing/webmasters/crawler)"
57.141.2.4 - - [22/Mar/2026:08:27:36 -0400] "GET /good.php/4091515.shtml HTTP/1.1" 404 1251 "-" "meta-externalagent/1.1 (+https://developers.facebook.com/docs/sharing/webmasters/crawler)"
57.141.2.24 - - [22/Mar/2026:08:20:55 -0400] "GET /good.php/u3586959/ HTTP/1.1" 404 1251 "-" "meta-externalagent/1.1 (+https://developers.facebook.com/docs/sharing/webmasters/crawler)"
57.141.2.31 - - [22/Mar/2026:08:21:05 -0400] "GET /good.php/681031.shtml HTTP/1.1" 404 1251 "-" "meta-externalagent/1.1 (+https://developers.facebook.com/docs/sharing/webmasters/crawler)"
57.141.2.20 - - [22/Mar/2026:08:21:16 -0400] "GET /good.php/3670133.shtml HTTP/1.1" 404 1251 "-" "meta-externalagent/1.1 (+https://developers.facebook.com/docs/sharing/webmasters/crawler)"
57.141.2.6 - - [22/Mar/2026:08:21:37 -0400] "GET /good.php/2866909.shtml HTTP/1.1" 404 1251 "-" "meta-externalagent/1.1 (+https://developers.facebook.com/docs/sharing/webmasters/crawler)"
57.141.2.7 - - [22/Mar/2026:08:21:58 -0400] "GET /good.php/2559079.shtml HTTP/1.1" 404 1251 "-" "meta-externalagent/1.1 (+https://developers.facebook.com/docs/sharing/webmasters/crawler)"
57.141.2.21 - - [22/Mar/2026:08:22:19 -0400] "GET /good.php/1750120.shtml HTTP/1.1" 404 1251 "-" "meta-externalagent/1.1 (+https://developers.facebook.com/docs/sharing/webmasters/crawler)"
57.141.2.30 - - [22/Mar/2026:08:22:50 -0400] "GET /good.php/647083.shtml HTTP/1.1" 404 1251 "-" "meta-externalagent/1.1 (+https://developers.facebook.com/docs/sharing/webmasters/crawler)"
57.141.2.22 - - [22/Mar/2026:08:23:11 -0400] "GET /good.php/805108.shtml HTTP/1.1" 404 1251 "-" "meta-externalagent/1.1 (+https://developers.facebook.com/docs/sharing/webmasters/crawler)"
66.249.69.195 - - [22/Mar/2026:08:23:13 -0400] "GET /q-~82b83ob0mplv5jPtxAm7la9iD5kQG4Sn4852/ HTTP/1.1" 404 1251 "-" "Mozilla/5.0 (Linux; Android 6.0.1; Nexus 5X Build/MMB29P) AppleWebKit/537.36 (KHTML, like Gecko) Chrome/145.0.7632.159 Mobile Safari/537.36 (compatible; Googlebot/2.1; +http://www.google.com/bot.html)"
57.141.2.25 - - [22/Mar/2026:08:23:22 -0400] "GET /good.php/n1378277/ HTTP/1.1" 404 1251 "-" "meta-externalagent/1.1 (+https://developers.facebook.com/docs/sharing/webmasters/crawler)"
57.141.2.25 - - [22/Mar/2026:08:24:15 -0400] "GET /good.php/3560261.shtml HTTP/1.1" 404 1251 "-" "meta-externalagent/1.1 (+https://developers.facebook.com/docs/sharing/webmasters/crawler)"
57.141.2.29 - - [22/Mar/2026:08:24:57 -0400] "GET /good.php/3558370.shtml HTTP/1.1" 404 1251 "-" "meta-externalagent/1.1 (+https://developers.facebook.com/docs/sharing/webmasters/crawler)"
57.141.2.41 - - [22/Mar/2026:08:25:18 -0400] "GET /good.php/3624439.shtml HTTP/1.1" 404 1251 "-" "meta-externalagent/1.1 (+https://developers.facebook.com/docs/sharing/webmasters/crawler)"
57.141.2.65 - - [22/Mar/2026:08:25:28 -0400] "GET /good.php/4327053.shtml HTTP/1.1" 404 1251 "-" "meta-externalagent/1.1 (+https://developers.facebook.com/docs/sharing/webmasters/crawler)"
57.141.2.61 - - [22/Mar/2026:08:26:10 -0400] "GET /good.php/2001889.shtml HTTP/1.1" 404 1251 "-" "meta-externalagent/1.1 (+https://developers.facebook.com/docs/sharing/webmasters/crawler)"
57.141.2.61 - - [22/Mar/2026:08:26:21 -0400] "GET /good.php/3850042.shtml HTTP/1.1" 404 1251 "-" "meta-externalagent/1.1 (+https://developers.facebook.com/docs/sharing/webmasters/crawler)"
57.141.2.13 - - [22/Mar/2026:08:26:52 -0400] "GET /good.php/1027183.shtml HTTP/1.1" 404 1251 "-" "meta-externalagent/1.1 (+https://developers.facebook.com/docs/sharing/webmasters/crawler)"
57.141.2.7 - - [22/Mar/2026:08:27:03 -0400] "GET /good.php/2145672.shtml HTTP/1.1" 404 1251 "-" "meta-externalagent/1.1 (+https://developers.facebook.com/docs/sharing/webmasters/crawler)"
57.141.2.23 - - [22/Mar/2026:08:27:45 -0400] "GET /good.php/3838960.shtml HTTP/1.1" 404 1251 "-" "meta-externalagent/1.1 (+https://developers.facebook.com/docs/sharing/webmasters/crawler)"
57.141.2.28 - - [22/Mar/2026:08:27:56 -0400] "GET /good.php/2281108.shtml HTTP/1.1" 404 1251 "-" "meta-externalagent/1.1 (+https://developers.facebook.com/docs/sharing/webmasters/crawler)"
57.141.2.47 - - [22/Mar/2026:08:28:06 -0400] "GET /good.php/or3484531/ HTTP/1.1" 404 1251 "-" "meta-externalagent/1.1 (+https://developers.facebook.com/docs/sharing/webmasters/crawler)"
66.249.72.71 - - [22/Mar/2026:08:27:52 -0400] "GET /q-~27MLrjlJlKfvh4O1tC5hrJsvCbDjAkHj1321/ HTTP/1.1" 404 1251 "-" "Mozilla/5.0 (compatible; Googlebot/2.1; +http://www.google.com/bot.html)"
57.141.2.31 - - [22/Mar/2026:08:28:17 -0400] "GET /good.php/ys3447360/ HTTP/1.1" 404 1251 "-" "meta-externalagent/1.1 (+https://developers.facebook.com/docs/sharing/webmasters/crawler)"
57.141.2.30 - - [22/Mar/2026:08:28:38 -0400] "GET /good.php/s967413/ HTTP/1.1" 404 1251 "-" "meta-externalagent/1.1 (+https://developers.facebook.com/docs/sharing/webmasters/crawler)"
57.141.2.35 - - [22/Mar/2026:08:29:09 -0400] "GET /good.php/4356333.shtml HTTP/1.1" 404 1251 "-" "meta-externalagent/1.1 (+https://developers.facebook.com/docs/sharing/webmasters/crawler)"
57.141.2.5 - - [22/Mar/2026:08:29:20 -0400] "GET /good.php/z1511533/ HTTP/1.1" 404 1251 "-" "meta-externalagent/1.1 (+https://developers.facebook.com/docs/sharing/webmasters/crawler)"
57.141.2.35 - - [22/Mar/2026:08:29:41 -0400] "GET /good.php/1087795.shtml HTTP/1.1" 404 1251 "-" "meta-externalagent/1.1 (+https://developers.facebook.com/docs/sharing/webmasters/crawler)"
57.141.2.66 - - [22/Mar/2026:08:30:02 -0400] "GET /good.php/j1040810/ HTTP/1.1" 404 1251 "-" "meta-externalagent/1.1 (+https://developers.facebook.com/docs/sharing/webmasters/crawler)"
57.141.2.50 - - [22/Mar/2026:08:30:12 -0400] "GET /good.php/3898322.shtml HTTP/1.1" 404 1251 "-" "meta-externalagent/1.1 (+https://developers.facebook.com/docs/sharing/webmasters/crawler)"
57.141.2.24 - - [22/Mar/2026:08:30:23 -0400] "GET /good.php/2343619.shtml HTTP/1.1" 404 1251 "-" "meta-externalagent/1.1 (+https://developers.facebook.com/docs/sharing/webmasters/crawler)"
57.141.2.4 - - [22/Mar/2026:08:30:55 -0400] "GET /good.php/1571346.shtml HTTP/1.1" 404 1251 "-" "meta-externalagent/1.1 (+https://developers.facebook.com/docs/sharing/webmasters/crawler)"
66.249.72.64 - - [22/Mar/2026:08:30:59 -0400] "GET /q-~11WT4dr3BNeQPWyueErXuU3BZSg7oCNM38949/ HTTP/1.1" 404 1251 "-" "Mozilla/5.0 (Linux; Android 6.0.1; Nexus 5X Build/MMB29P) AppleWebKit/537.36 (KHTML, like Gecko) Chrome/145.0.7632.159 Mobile Safari/537.36 (compatible; Googlebot/2.1; +http://www.google.com/bot.html)"
57.141.2.35 - - [22/Mar/2026:08:31:05 -0400] "GET /good.php/3450190.shtml HTTP/1.1" 404 1251 "-" "meta-externalagent/1.1 (+https://developers.facebook.com/docs/sharing/webmasters/crawler)"
57.141.2.44 - - [22/Mar/2026:08:31:37 -0400] "GET /good.php/645302.shtml HTTP/1.1" 404 1251 "-" "meta-externalagent/1.1 (+https://developers.facebook.com/docs/sharing/webmasters/crawler)"
57.141.2.33 - - [22/Mar/2026:08:31:47 -0400] "GET /good.php/3976020.shtml HTTP/1.1" 404 1251 "-" "meta-externalagent/1.1 (+https://developers.facebook.com/docs/sharing/webmasters/crawler)"
57.141.2.22 - - [22/Mar/2026:08:32:08 -0400] "GET /good.php/2980963.shtml HTTP/1.1" 404 1251 "-" "meta-externalagent/1.1 (+https://developers.facebook.com/docs/sharing/webmasters/crawler)"
57.141.2.48 - - [22/Mar/2026:08:32:19 -0400] "GET /good.php/4326835.shtml HTTP/1.1" 404 1251 "-" "meta-externalagent/1.1 (+https://developers.facebook.com/docs/sharing/webmasters/crawler)"
66.249.72.71 - - [22/Mar/2026:08:32:21 -0400] "GET /q-~40jdcjnBCrs8dJkeUtLi5KnZC91XCvQu35572/ HTTP/1.1" 404 1251 "-" "Mozilla/5.0 (Linux; Android 6.0.1; Nexus 5X Build/MMB29P) AppleWebKit/537.36 (KHTML, like Gecko) Chrome/145.0.7632.159 Mobile Safari/537.36 (compatible; Googlebot/2.1; +http://www.google.com/bot.html)"
57.141.2.63 - - [22/Mar/2026:08:32:29 -0400] "GET /good.php/4330826.shtml HTTP/1.1" 404 1251 "-" "meta-externalagent/1.1 (+https://developers.facebook.com/docs/sharing/webmasters/crawler)"
57.141.2.2 - - [22/Mar/2026:08:32:40 -0400] "GET /good.php/bu2446456/ HTTP/1.1" 404 1251 "-" "meta-externalagent/1.1 (+https://developers.facebook.com/docs/sharing/webmasters/crawler)"
57.141.2.4 - - [22/Mar/2026:08:32:51 -0400] "GET /good.php/3235524.shtml HTTP/1.1" 404 1251 "-" "meta-externalagent/1.1 (+https://developers.facebook.com/docs/sharing/webmasters/crawler)"
57.141.2.5 - - [22/Mar/2026:08:28:27 -0400] "GET /good.php/4311122.shtml HTTP/1.1" 404 1251 "-" "meta-externalagent/1.1 (+https://developers.facebook.com/docs/sharing/webmasters/crawler)"
57.141.2.22 - - [22/Mar/2026:08:28:48 -0400] "GET /good.php/680054.shtml HTTP/1.1" 404 1251 "-" "meta-externalagent/1.1 (+https://developers.facebook.com/docs/sharing/webmasters/crawler)"
57.141.2.67 - - [22/Mar/2026:08:28:59 -0400] "GET /good.php/2193105.shtml HTTP/1.1" 404 1251 "-" "meta-externalagent/1.1 (+https://developers.facebook.com/docs/sharing/webmasters/crawler)"
57.141.2.60 - - [22/Mar/2026:08:29:30 -0400] "GET /good.php/736876.shtml HTTP/1.1" 404 1251 "-" "meta-externalagent/1.1 (+https://developers.facebook.com/docs/sharing/webmasters/crawler)"
66.249.72.71 - - [22/Mar/2026:08:29:32 -0400] "GET /q-~14kHvHaWVqhyTG6GAZkKpkMsYKlPZvwi16830/ HTTP/1.1" 404 1251 "-" "Mozilla/5.0 (Linux; Android 6.0.1; Nexus 5X Build/MMB29P) AppleWebKit/537.36 (KHTML, like Gecko) Chrome/145.0.7632.159 Mobile Safari/537.36 (compatible; Googlebot/2.1; +http://www.google.com/bot.html)"
57.141.2.23 - - [22/Mar/2026:08:29:51 -0400] "GET /good.php/io3973971/ HTTP/1.1" 404 1251 "-" "meta-externalagent/1.1 (+https://developers.facebook.com/docs/sharing/webmasters/crawler)"
57.141.2.53 - - [22/Mar/2026:08:30:34 -0400] "GET /good.php/969093.shtml HTTP/1.1" 404 1251 "-" "meta-externalagent/1.1 (+https://developers.facebook.com/docs/sharing/webmasters/crawler)"
57.141.2.56 - - [22/Mar/2026:08:30:44 -0400] "GET /good.php/3023134.shtml HTTP/1.1" 404 1251 "-" "meta-externalagent/1.1 (+https://developers.facebook.com/docs/sharing/webmasters/crawler)"
66.249.69.196 - - [22/Mar/2026:08:31:00 -0400] "GET /product/nationwide270?c=g&l=875 HTTP/1.1" 404 1251 "-" "Mozilla/5.0 (Linux; Android 6.0.1; Nexus 5X Build/MMB29P) AppleWebKit/537.36 (KHTML, like Gecko) Chrome/145.0.7632.159 Mobile Safari/537.36 (compatible; Googlebot/2.1; +http://www.google.com/bot.html)"
66.249.69.195 - - [22/Mar/2026:08:31:00 -0400] "GET /product/nationwide270?c=g&l=875 HTTP/1.1" 404 1251 "-" "Mozilla/5.0 (compatible; Googlebot/2.1; +http://www.google.com/bot.html)"
57.141.2.28 - - [22/Mar/2026:08:31:16 -0400] "GET /good.php/1249873.shtml HTTP/1.1" 404 1251 "-" "meta-externalagent/1.1 (+https://developers.facebook.com/docs/sharing/webmasters/crawler)"
57.141.2.31 - - [22/Mar/2026:08:31:26 -0400] "GET /good.php/1490923.shtml HTTP/1.1" 404 1251 "-" "meta-externalagent/1.1 (+https://developers.facebook.com/docs/sharing/webmasters/crawler)"
57.141.2.26 - - [22/Mar/2026:08:31:58 -0400] "GET /good.php/3022831.shtml HTTP/1.1" 404 1251 "-" "meta-externalagent/1.1 (+https://developers.facebook.com/docs/sharing/webmasters/crawler)"
57.141.2.44 - - [22/Mar/2026:08:33:11 -0400] "GET /good.php/tn1591149/ HTTP/1.1" 404 1251 "-" "meta-externalagent/1.1 (+https://developers.facebook.com/docs/sharing/webmasters/crawler)"
57.141.2.56 - - [22/Mar/2026:08:33:43 -0400] "GET /good.php/tl1622748/ HTTP/1.1" 404 1251 "-" "meta-externalagent/1.1 (+https://developers.facebook.com/docs/sharing/webmasters/crawler)"
57.141.2.66 - - [22/Mar/2026:08:33:54 -0400] "GET /good.php/2765859.shtml HTTP/1.1" 404 1251 "-" "meta-externalagent/1.1 (+https://developers.facebook.com/docs/sharing/webmasters/crawler)"
66.249.69.196 - - [22/Mar/2026:08:34:20 -0400] "GET /q-~72qHsdKmXiGB3Pzt4ZdXes1UApfYxkeD6636/ HTTP/1.1" 404 1251 "-" "Mozilla/5.0 (Linux; Android 6.0.1; Nexus 5X Build/MMB29P) AppleWebKit/537.36 (KHTML, like Gecko) Chrome/145.0.7632.159 Mobile Safari/537.36 (compatible; Googlebot/2.1; +http://www.google.com/bot.html)"
57.141.2.6 - - [22/Mar/2026:08:34:25 -0400] "GET /good.php/he2892491/ HTTP/1.1" 404 1251 "-" "meta-externalagent/1.1 (+https://developers.facebook.com/docs/sharing/webmasters/crawler)"
57.141.2.41 - - [22/Mar/2026:08:34:36 -0400] "GET /good.php/900375.shtml HTTP/1.1" 404 1251 "-" "meta-externalagent/1.1 (+https://developers.facebook.com/docs/sharing/webmasters/crawler)"
57.141.2.69 - - [22/Mar/2026:08:34:46 -0400] "GET /good.php/2614004.shtml HTTP/1.1" 404 1251 "-" "meta-externalagent/1.1 (+https://developers.facebook.com/docs/sharing/webmasters/crawler)"
57.141.2.61 - - [22/Mar/2026:08:35:07 -0400] "GET /good.php/4365493.shtml HTTP/1.1" 404 1251 "-" "meta-externalagent/1.1 (+https://developers.facebook.com/docs/sharing/webmasters/crawler)"
57.141.2.69 - - [22/Mar/2026:08:35:38 -0400] "GET /good.php/1305316.shtml HTTP/1.1" 404 1251 "-" "meta-externalagent/1.1 (+https://developers.facebook.com/docs/sharing/webmasters/crawler)"
57.141.2.59 - - [22/Mar/2026:08:35:49 -0400] "GET /good.php/577671.shtml HTTP/1.1" 404 1251 "-" "meta-externalagent/1.1 (+https://developers.facebook.com/docs/sharing/webmasters/crawler)"
216.73.216.221 - - [22/Mar/2026:08:36:25 -0400] "GET /robots.txt HTTP/1.1" 200 105 "-" "Mozilla/5.0 AppleWebKit/537.36 (KHTML, like Gecko; compatible; ClaudeBot/1.0; +claudebot@anthropic.com)"
57.141.2.60 - - [22/Mar/2026:08:36:31 -0400] "GET /good.php/734779.shtml HTTP/1.1" 404 1251 "-" "meta-externalagent/1.1 (+https://developers.facebook.com/docs/sharing/webmasters/crawler)"
57.141.2.27 - - [22/Mar/2026:08:36:42 -0400] "GET /good.php/ln4353413/ HTTP/1.1" 404 1251 "-" "meta-externalagent/1.1 (+https://developers.facebook.com/docs/sharing/webmasters/crawler)"
57.141.2.33 - - [22/Mar/2026:08:36:52 -0400] "GET /good.php/4170134.shtml HTTP/1.1" 404 1251 "-" "meta-externalagent/1.1 (+https://developers.facebook.com/docs/sharing/webmasters/crawler)"
57.141.2.17 - - [22/Mar/2026:08:37:03 -0400] "GET /good.php/w1118262/ HTTP/1.1" 404 1251 "-" "meta-externalagent/1.1 (+https://developers.facebook.com/docs/sharing/webmasters/crawler)"
66.249.72.64 - - [22/Mar/2026:08:37:09 -0400] "GET /q-~190bJtkTaWnndNSiShEyvaJDQjnyXk9PS46792/ HTTP/1.1" 404 1251 "-" "Mozilla/5.0 (Linux; Android 6.0.1; Nexus 5X Build/MMB29P) AppleWebKit/537.36 (KHTML, like Gecko) Chrome/145.0.7632.159 Mobile Safari/537.36 (compatible; Googlebot/2.1; +http://www.google.com/bot.html)"
57.141.2.40 - - [22/Mar/2026:08:37:14 -0400] "GET /good.php/jl3914907/ HTTP/1.1" 404 1251 "-" "meta-externalagent/1.1 (+https://developers.facebook.com/docs/sharing/webmasters/crawler)"
57.141.2.5 - - [22/Mar/2026:08:37:35 -0400] "GET /good.php/3306997.shtml HTTP/1.1" 404 1251 "-" "meta-externalagent/1.1 (+https://developers.facebook.com/docs/sharing/webmasters/crawler)"
57.141.2.40 - - [22/Mar/2026:08:37:55 -0400] "GET /good.php/3897771.shtml HTTP/1.1" 404 1251 "-" "meta-externalagent/1.1 (+https://developers.facebook.com/docs/sharing/webmasters/crawler)"
66.249.72.70 - - [22/Mar/2026:08:37:56 -0400] "GET /z409128914 HTTP/1.1" 404 1251 "-" "Mozilla/5.0 (compatible; Googlebot/2.1; +http://www.google.com/bot.html)"
57.141.2.51 - - [22/Mar/2026:08:38:06 -0400] "GET /good.php/4228086.shtml HTTP/1.1" 404 1251 "-" "meta-externalagent/1.1 (+https://developers.facebook.com/docs/sharing/webmasters/crawler)"
66.249.69.196 - - [22/Mar/2026:08:38:08 -0400] "GET /q-~260U20whNTibqDUBc1BoDBQDmIxD88r5K49420/ HTTP/1.1" 404 1251 "-" "Mozilla/5.0 (Linux; Android 6.0.1; Nexus 5X Build/MMB29P) AppleWebKit/537.36 (KHTML, like Gecko) Chrome/145.0.7632.159 Mobile Safari/537.36 (compatible; Googlebot/2.1; +http://www.google.com/bot.html)"
57.141.2.41 - - [22/Mar/2026:08:38:16 -0400] "GET /good.php/p2973806/ HTTP/1.1" 404 1251 "-" "meta-externalagent/1.1 (+https://developers.facebook.com/docs/sharing/webmasters/crawler)"
57.141.2.15 - - [22/Mar/2026:08:38:38 -0400] "GET /good.php/3572366.shtml HTTP/1.1" 404 1251 "-" "meta-externalagent/1.1 (+https://developers.facebook.com/docs/sharing/webmasters/crawler)"
57.141.2.11 - - [22/Mar/2026:08:39:09 -0400] "GET /good.php/3523573.shtml HTTP/1.1" 404 1251 "-" "meta-externalagent/1.1 (+https://developers.facebook.com/docs/sharing/webmasters/crawler)"
57.141.2.38 - - [22/Mar/2026:08:39:20 -0400] "GET /good.php/3360513.shtml HTTP/1.1" 404 1251 "-" "meta-externalagent/1.1 (+https://developers.facebook.com/docs/sharing/webmasters/crawler)"
57.141.2.30 - - [22/Mar/2026:08:33:01 -0400] "GET /good.php/3369128.shtml HTTP/1.1" 404 1251 "-" "meta-externalagent/1.1 (+https://developers.facebook.com/docs/sharing/webmasters/crawler)"
66.249.72.64 - - [22/Mar/2026:08:33:01 -0400] "GET /m23340490875 HTTP/1.1" 404 1251 "-" "Mozilla/5.0 (Linux; Android 6.0.1; Nexus 5X Build/MMB29P) AppleWebKit/537.36 (KHTML, like Gecko) Chrome/145.0.7632.159 Mobile Safari/537.36 (compatible; Googlebot/2.1; +http://www.google.com/bot.html)"
57.141.2.2 - - [22/Mar/2026:08:33:22 -0400] "GET /1406473.shtml HTTP/1.1" 404 1251 "-" "meta-externalagent/1.1 (+https://developers.facebook.com/docs/sharing/webmasters/crawler)"
57.141.2.12 - - [22/Mar/2026:08:33:33 -0400] "GET /good.php/3897556.shtml HTTP/1.1" 404 1251 "-" "meta-externalagent/1.1 (+https://developers.facebook.com/docs/sharing/webmasters/crawler)"
57.141.2.61 - - [22/Mar/2026:08:34:04 -0400] "GET /good.php/4023369.shtml HTTP/1.1" 404 1251 "-" "meta-externalagent/1.1 (+https://developers.facebook.com/docs/sharing/webmasters/crawler)"
57.141.2.5 - - [22/Mar/2026:08:34:15 -0400] "GET /good.php/1565083.shtml HTTP/1.1" 404 1251 "-" "meta-externalagent/1.1 (+https://developers.facebook.com/docs/sharing/webmasters/crawler)"
57.141.2.67 - - [22/Mar/2026:08:34:57 -0400] "GET /good.php/3472868.shtml HTTP/1.1" 404 1251 "-" "meta-externalagent/1.1 (+https://developers.facebook.com/docs/sharing/webmasters/crawler)"
57.141.2.22 - - [22/Mar/2026:08:35:18 -0400] "GET /good.php/1260730.shtml HTTP/1.1" 404 1251 "-" "meta-externalagent/1.1 (+https://developers.facebook.com/docs/sharing/webmasters/crawler)"
57.141.2.8 - - [22/Mar/2026:08:35:28 -0400] "GET /good.php/1937496.shtml HTTP/1.1" 404 1251 "-" "meta-externalagent/1.1 (+https://developers.facebook.com/docs/sharing/webmasters/crawler)"
66.249.72.70 - - [22/Mar/2026:08:35:32 -0400] "GET /q-~116nsfFjACqzv22QvuHlv3pEDpEHMm1ny2412/ HTTP/1.1" 404 1251 "-" "Mozilla/5.0 (Linux; Android 6.0.1; Nexus 5X Build/MMB29P) AppleWebKit/537.36 (KHTML, like Gecko) Chrome/145.0.7632.159 Mobile Safari/537.36 (compatible; Googlebot/2.1; +http://www.google.com/bot.html)"
57.141.2.70 - - [22/Mar/2026:08:36:00 -0400] "GET /good.php/1184380.shtml HTTP/1.1" 404 1251 "-" "meta-externalagent/1.1 (+https://developers.facebook.com/docs/sharing/webmasters/crawler)"
57.141.2.61 - - [22/Mar/2026:08:36:10 -0400] "GET /good.php/h1628708/ HTTP/1.1" 404 1251 "-" "meta-externalagent/1.1 (+https://developers.facebook.com/docs/sharing/webmasters/crawler)"
57.141.2.40 - - [22/Mar/2026:08:36:21 -0400] "GET /good.php/aq2432592/ HTTP/1.1" 404 1251 "-" "meta-externalagent/1.1 (+https://developers.facebook.com/docs/sharing/webmasters/crawler)"
216.73.216.221 - - [22/Mar/2026:08:36:25 -0400] "GET / HTTP/1.1" 200 2369 "-" "Mozilla/5.0 AppleWebKit/537.36 (KHTML, like Gecko; compatible; ClaudeBot/1.0; +claudebot@anthropic.com)"
57.141.2.62 - - [22/Mar/2026:08:37:24 -0400] "GET /good.php/s3610523/ HTTP/1.1" 404 1251 "-" "meta-externalagent/1.1 (+https://developers.facebook.com/docs/sharing/webmasters/crawler)"
57.141.2.39 - - [22/Mar/2026:08:37:45 -0400] "GET /good.php/1475186.shtml HTTP/1.1" 404 1251 "-" "meta-externalagent/1.1 (+https://developers.facebook.com/docs/sharing/webmasters/crawler)"
57.141.2.70 - - [22/Mar/2026:08:38:27 -0400] "GET /good.php/3695658.shtml HTTP/1.1" 404 1251 "-" "meta-externalagent/1.1 (+https://developers.facebook.com/docs/sharing/webmasters/crawler)"
57.141.2.49 - - [22/Mar/2026:08:38:48 -0400] "GET /good.php/1575832.shtml HTTP/1.1" 404 1251 "-" "meta-externalagent/1.1 (+https://developers.facebook.com/docs/sharing/webmasters/crawler)"
57.141.2.66 - - [22/Mar/2026:08:38:59 -0400] "GET /good.php/2333853.shtml HTTP/1.1" 404 1251 "-" "meta-externalagent/1.1 (+https://developers.facebook.com/docs/sharing/webmasters/crawler)"
57.141.2.25 - - [22/Mar/2026:08:39:30 -0400] "GET /good.php/2544125.shtml HTTP/1.1" 404 1251 "-" "meta-externalagent/1.1 (+https://developers.facebook.com/docs/sharing/webmasters/crawler)"
57.141.2.58 - - [22/Mar/2026:08:39:51 -0400] "GET /good.php/1952635.shtml HTTP/1.1" 404 1251 "-" "meta-externalagent/1.1 (+https://developers.facebook.com/docs/sharing/webmasters/crawler)"
57.141.2.15 - - [22/Mar/2026:08:40:02 -0400] "GET /good.php/4332419.shtml HTTP/1.1" 404 1251 "-" "meta-externalagent/1.1 (+https://developers.facebook.com/docs/sharing/webmasters/crawler)"
57.141.2.22 - - [22/Mar/2026:08:40:23 -0400] "GET /good.php/1861115.shtml HTTP/1.1" 404 1251 "-" "meta-externalagent/1.1 (+https://developers.facebook.com/docs/sharing/webmasters/crawler)"
198.54.114.204 - - [22/Mar/2026:08:40:44 -0400] "POST /wp-cron.php?doing_wp_cron=1774183244.0360469818115234375000 HTTP/1.1" 200 0 "-" "WordPress/6.9.4; https://4abetter.us"
57.141.2.67 - - [22/Mar/2026:08:40:55 -0400] "GET /good.php/pb2771385/ HTTP/1.1" 404 1251 "-" "meta-externalagent/1.1 (+https://developers.facebook.com/docs/sharing/webmasters/crawler)"
57.141.2.65 - - [22/Mar/2026:08:41:05 -0400] "GET /good.php/3075344.shtml HTTP/1.1" 404 1251 "-" "meta-externalagent/1.1 (+https://developers.facebook.com/docs/sharing/webmasters/crawler)"
57.141.2.28 - - [22/Mar/2026:08:41:26 -0400] "GET /good.php/912524.shtml HTTP/1.1" 404 1251 "-" "meta-externalagent/1.1 (+https://developers.facebook.com/docs/sharing/webmasters/crawler)"
66.249.72.71 - - [22/Mar/2026:08:41:31 -0400] "GET /q-~57arbqxcMI04VtMBf0grZJciU6ZzKVoU13837/ HTTP/1.1" 404 1251 "-" "Mozilla/5.0 (Linux; Android 6.0.1; Nexus 5X Build/MMB29P) AppleWebKit/537.36 (KHTML, like Gecko) Chrome/145.0.7632.159 Mobile Safari/537.36 (compatible; Googlebot/2.1; +http://www.google.com/bot.html)"
57.141.2.44 - - [22/Mar/2026:08:41:47 -0400] "GET /good.php/4154970.shtml HTTP/1.1" 404 1251 "-" "meta-externalagent/1.1 (+https://developers.facebook.com/docs/sharing/webmasters/crawler)"
57.141.2.43 - - [22/Mar/2026:08:41:58 -0400] "GET /good.php/2375827.shtml HTTP/1.1" 404 1251 "-" "meta-externalagent/1.1 (+https://developers.facebook.com/docs/sharing/webmasters/crawler)"
57.141.2.45 - - [22/Mar/2026:08:42:08 -0400] "GET /good.php/2949526.shtml HTTP/1.1" 404 1251 "-" "meta-externalagent/1.1 (+https://developers.facebook.com/docs/sharing/webmasters/crawler)"
57.141.2.28 - - [22/Mar/2026:08:42:19 -0400] "GET /4234626.shtml HTTP/1.1" 404 1251 "-" "meta-externalagent/1.1 (+https://developers.facebook.com/docs/sharing/webmasters/crawler)"
57.141.2.36 - - [22/Mar/2026:08:42:39 -0400] "GET /good.php/1792456.shtml HTTP/1.1" 404 1251 "-" "meta-externalagent/1.1 (+https://developers.facebook.com/docs/sharing/webmasters/crawler)"
57.141.2.12 - - [22/Mar/2026:08:43:01 -0400] "GET /good.php/h1536119/ HTTP/1.1" 404 1251 "-" "meta-externalagent/1.1 (+https://developers.facebook.com/docs/sharing/webmasters/crawler)"
57.141.2.37 - - [22/Mar/2026:08:43:11 -0400] "GET /good.php/nv2113065/ HTTP/1.1" 404 1251 "-" "meta-externalagent/1.1 (+https://developers.facebook.com/docs/sharing/webmasters/crawler)"
57.141.2.13 - - [22/Mar/2026:08:44:04 -0400] "GET /good.php/1530636.shtml HTTP/1.1" 404 1251 "-" "meta-externalagent/1.1 (+https://developers.facebook.com/docs/sharing/webmasters/crawler)"
57.141.2.57 - - [22/Mar/2026:08:44:14 -0400] "GET /good.php/1577396.shtml HTTP/1.1" 404 1251 "-" "meta-externalagent/1.1 (+https://developers.facebook.com/docs/sharing/webmasters/crawler)"
74.7.230.52 - - [22/Mar/2026:08:44:17 -0400] "GET /robots.txt HTTP/1.1" 200 105 "-" "Mozilla/5.0 (Macintosh; Intel Mac OS X 10_15_7) AppleWebKit/537.36 (KHTML, like Gecko) Chrome/131.0.0.0 Safari/537.36; compatible; OAI-SearchBot/1.3; robots.txt; +https://openai.com/searchbot"
74.7.227.32 - - [22/Mar/2026:08:44:20 -0400] "GET /wp-content/ HTTP/1.1" 200 0 "https://4abetter.us/?sitemap681.xml" "Mozilla/5.0 AppleWebKit/537.36 (KHTML, like Gecko; compatible; GPTBot/1.3; +https://openai.com/gptbot)"
74.7.227.32 - - [22/Mar/2026:08:44:23 -0400] "GET /google71f9f12f4f2307b0.html HTTP/1.1" 200 53 "https://4abetter.us/?sitemap681.xml" "Mozilla/5.0 AppleWebKit/537.36 (KHTML, like Gecko; compatible; GPTBot/1.3; +https://openai.com/gptbot)"
57.141.2.62 - - [22/Mar/2026:08:39:41 -0400] "GET /good.php/3356802.shtml HTTP/1.1" 404 1251 "-" "meta-externalagent/1.1 (+https://developers.facebook.com/docs/sharing/webmasters/crawler)"
57.141.2.61 - - [22/Mar/2026:08:40:13 -0400] "GET /good.php/3789944.shtml HTTP/1.1" 404 1251 "-" "meta-externalagent/1.1 (+https://developers.facebook.com/docs/sharing/webmasters/crawler)"
57.141.2.63 - - [22/Mar/2026:08:40:33 -0400] "GET /good.php/3041769.shtml HTTP/1.1" 404 1251 "-" "meta-externalagent/1.1 (+https://developers.facebook.com/docs/sharing/webmasters/crawler)"
209.141.44.76 - - [22/Mar/2026:08:40:42 -0400] "GET /wp-login.php HTTP/1.1" 200 10200 "-" "Mozilla/5.0 (compatible; MSIE 9.0; Windows NT 6.1; Trident/5.0)"
57.141.2.31 - - [22/Mar/2026:08:40:44 -0400] "GET /good.php/1598467.shtml HTTP/1.1" 404 1251 "-" "meta-externalagent/1.1 (+https://developers.facebook.com/docs/sharing/webmasters/crawler)"
209.141.44.76 - - [22/Mar/2026:08:40:48 -0400] "POST /wp-login.php HTTP/1.1" 200 10456 "-" "Mozilla/5.0 (compatible; MSIE 9.0; Windows NT 6.1; Trident/5.0)"
57.141.2.29 - - [22/Mar/2026:08:41:16 -0400] "GET /good.php/2267989.shtml HTTP/1.1" 404 1251 "-" "meta-externalagent/1.1 (+https://developers.facebook.com/docs/sharing/webmasters/crawler)"
57.141.2.61 - - [22/Mar/2026:08:41:37 -0400] "GET /good.php/1704313.shtml HTTP/1.1" 404 1251 "-" "meta-externalagent/1.1 (+https://developers.facebook.com/docs/sharing/webmasters/crawler)"
57.141.2.32 - - [22/Mar/2026:08:42:29 -0400] "GET /good.php/603847.shtml HTTP/1.1" 404 1251 "-" "meta-externalagent/1.1 (+https://developers.facebook.com/docs/sharing/webmasters/crawler)"
57.141.2.66 - - [22/Mar/2026:08:42:50 -0400] "GET /good.php/w4173436/ HTTP/1.1" 404 1251 "-" "meta-externalagent/1.1 (+https://developers.facebook.com/docs/sharing/webmasters/crawler)"
57.141.2.67 - - [22/Mar/2026:08:43:22 -0400] "GET /good.php/4169565.shtml HTTP/1.1" 404 1251 "-" "meta-externalagent/1.1 (+https://developers.facebook.com/docs/sharing/webmasters/crawler)"
57.141.2.9 - - [22/Mar/2026:08:43:32 -0400] "GET /good.php/2129021.shtml HTTP/1.1" 404 1251 "-" "meta-externalagent/1.1 (+https://developers.facebook.com/docs/sharing/webmasters/crawler)"
57.141.2.61 - - [22/Mar/2026:08:43:43 -0400] "GET /good.php/q4306736/ HTTP/1.1" 404 1251 "-" "meta-externalagent/1.1 (+https://developers.facebook.com/docs/sharing/webmasters/crawler)"
57.141.2.34 - - [22/Mar/2026:08:43:53 -0400] "GET /good.php/4429959.shtml HTTP/1.1" 404 1251 "-" "meta-externalagent/1.1 (+https://developers.facebook.com/docs/sharing/webmasters/crawler)"
74.7.227.32 - - [22/Mar/2026:08:44:17 -0400] "GET /?sitemap681.xml HTTP/1.1" 200 2410 "-" "Mozilla/5.0 AppleWebKit/537.36 (KHTML, like Gecko; compatible; GPTBot/1.3; +https://openai.com/gptbot)"
57.141.2.28 - - [22/Mar/2026:08:44:25 -0400] "GET /good.php/2805835.shtml HTTP/1.1" 404 1251 "-" "meta-externalagent/1.1 (+https://developers.facebook.com/docs/sharing/webmasters/crawler)"
74.7.227.32 - - [22/Mar/2026:08:44:25 -0400] "GET /afterhours/ HTTP/1.1" 200 452 "https://4abetter.us/?sitemap681.xml" "Mozilla/5.0 AppleWebKit/537.36 (KHTML, like Gecko; compatible; GPTBot/1.3; +https://openai.com/gptbot)"
74.7.227.32 - - [22/Mar/2026:08:44:32 -0400] "GET /wp-signup.php HTTP/1.1" 302 0 "https://4abetter.us/?sitemap681.xml" "Mozilla/5.0 AppleWebKit/537.36 (KHTML, like Gecko; compatible; GPTBot/1.3; +https://openai.com/gptbot)"
74.7.227.32 - - [22/Mar/2026:08:44:33 -0400] "GET /wp-login.php?registration=disabled HTTP/1.1" 200 3422 "https://4abetter.us/wp-login.php?action=register" "Mozilla/5.0 AppleWebKit/537.36 (KHTML, like Gecko; compatible; GPTBot/1.3; +https://openai.com/gptbot)"
74.7.227.32 - - [22/Mar/2026:08:44:34 -0400] "GET /wp-load.php HTTP/1.1" 200 0 "https://4abetter.us/?sitemap681.xml" "Mozilla/5.0 AppleWebKit/537.36 (KHTML, like Gecko; compatible; GPTBot/1.3; +https://openai.com/gptbot)"
57.141.2.69 - - [22/Mar/2026:08:44:35 -0400] "GET /good.php/q1379659/ HTTP/1.1" 404 1251 "-" "meta-externalagent/1.1 (+https://developers.facebook.com/docs/sharing/webmasters/crawler)"
74.7.227.32 - - [22/Mar/2026:08:44:28 -0400] "GET /error_log HTTP/1.1" 403 1242 "https://4abetter.us/?sitemap681.xml" "Mozilla/5.0 AppleWebKit/537.36 (KHTML, like Gecko; compatible; GPTBot/1.3; +https://openai.com/gptbot)"
74.7.227.32 - - [22/Mar/2026:08:44:30 -0400] "GET /wp-access.php HTTP/1.1" 200 166449 "https://4abetter.us/?sitemap681.xml" "Mozilla/5.0 AppleWebKit/537.36 (KHTML, like Gecko; compatible; GPTBot/1.3; +https://openai.com/gptbot)"
74.7.227.32 - - [22/Mar/2026:08:44:33 -0400] "GET /wp-login.php?action=register HTTP/1.1" 302 0 "https://4abetter.us/wp-signup.php" "Mozilla/5.0 AppleWebKit/537.36 (KHTML, like Gecko; compatible; GPTBot/1.3; +https://openai.com/gptbot)"
74.7.227.32 - - [22/Mar/2026:08:44:35 -0400] "GET /wp-trackback.php HTTP/1.1" 404 91 "https://4abetter.us/?sitemap681.xml" "Mozilla/5.0 AppleWebKit/537.36 (KHTML, like Gecko; compatible; GPTBot/1.3; +https://openai.com/gptbot)"
74.7.227.32 - - [22/Mar/2026:08:44:40 -0400] "GET /google3da38097a4b91538.html HTTP/1.1" 200 53 "https://4abetter.us/?sitemap681.xml" "Mozilla/5.0 AppleWebKit/537.36 (KHTML, like Gecko; compatible; GPTBot/1.3; +https://openai.com/gptbot)"
74.7.227.32 - - [22/Mar/2026:08:44:51 -0400] "GET /googlec415b72ea43ebc4a.html HTTP/1.1" 200 53 "https://4abetter.us/?sitemap681.xml" "Mozilla/5.0 AppleWebKit/537.36 (KHTML, like Gecko; compatible; GPTBot/1.3; +https://openai.com/gptbot)"
74.7.227.32 - - [22/Mar/2026:08:44:54 -0400] "GET /googlef65b5afabc3a1d1e.html HTTP/1.1" 200 53 "https://4abetter.us/?sitemap681.xml" "Mozilla/5.0 AppleWebKit/537.36 (KHTML, like Gecko; compatible; GPTBot/1.3; +https://openai.com/gptbot)"
57.141.2.42 - - [22/Mar/2026:08:44:57 -0400] "GET /good.php/1080363.shtml HTTP/1.1" 404 1251 "-" "meta-externalagent/1.1 (+https://developers.facebook.com/docs/sharing/webmasters/crawler)"
74.7.227.32 - - [22/Mar/2026:08:45:00 -0400] "GET /?MA HTTP/1.1" 200 2417 "https://4abetter.us/?sitemap681.xml" "Mozilla/5.0 AppleWebKit/537.36 (KHTML, like Gecko; compatible; GPTBot/1.3; +https://openai.com/gptbot)"
74.7.227.32 - - [22/Mar/2026:08:45:05 -0400] "GET /google6b9f5097c2cffd8b.html HTTP/1.1" 200 53 "https://4abetter.us/?sitemap681.xml" "Mozilla/5.0 AppleWebKit/537.36 (KHTML, like Gecko; compatible; GPTBot/1.3; +https://openai.com/gptbot)"
57.141.2.45 - - [22/Mar/2026:08:45:07 -0400] "GET /good.php/4014211.shtml HTTP/1.1" 404 1251 "-" "meta-externalagent/1.1 (+https://developers.facebook.com/docs/sharing/webmasters/crawler)"
74.7.227.32 - - [22/Mar/2026:08:45:09 -0400] "GET /wp-login.php?redirect_to=https%3A%2F%2F4abetter.us%2Fwp-admin%2F&reauth=1 HTTP/1.1" 200 3377 "https://4abetter.us/wp-admin/" "Mozilla/5.0 AppleWebKit/537.36 (KHTML, like Gecko; compatible; GPTBot/1.3; +https://openai.com/gptbot)"
74.7.227.32 - - [22/Mar/2026:08:45:10 -0400] "GET /00d1d439/?SA HTTP/1.1" 200 539 "https://4abetter.us/00d1d439/" "Mozilla/5.0 AppleWebKit/537.36 (KHTML, like Gecko; compatible; GPTBot/1.3; +https://openai.com/gptbot)"
74.7.227.32 - - [22/Mar/2026:08:45:14 -0400] "GET /wp-includes/ HTTP/1.1" 200 9729 "https://4abetter.us/?sitemap681.xml" "Mozilla/5.0 AppleWebKit/537.36 (KHTML, like Gecko; compatible; GPTBot/1.3; +https://openai.com/gptbot)"
74.7.227.32 - - [22/Mar/2026:08:45:15 -0400] "GET /wp-config.php HTTP/1.1" 403 1242 "https://4abetter.us/?sitemap681.xml" "Mozilla/5.0 AppleWebKit/537.36 (KHTML, like Gecko; compatible; GPTBot/1.3; +https://openai.com/gptbot)"
74.7.227.32 - - [22/Mar/2026:08:45:18 -0400] "GET /?SD HTTP/1.1" 200 2429 "https://4abetter.us/?SA" "Mozilla/5.0 AppleWebKit/537.36 (KHTML, like Gecko; compatible; GPTBot/1.3; +https://openai.com/gptbot)"
74.7.227.32 - - [22/Mar/2026:08:45:19 -0400] "GET /wp-site.php HTTP/1.1" 500 100 "https://4abetter.us/?sitemap681.xml" "Mozilla/5.0 AppleWebKit/537.36 (KHTML, like Gecko; compatible; GPTBot/1.3; +https://openai.com/gptbot)"
74.7.227.32 - - [22/Mar/2026:08:45:20 -0400] "GET /wp-cron.php HTTP/1.1" 200 0 "https://4abetter.us/?sitemap681.xml" "Mozilla/5.0 AppleWebKit/537.36 (KHTML, like Gecko; compatible; GPTBot/1.3; +https://openai.com/gptbot)"
74.7.227.32 - - [22/Mar/2026:08:44:37 -0400] "GET /00d1d439/ HTTP/1.1" 200 535 "https://4abetter.us/?sitemap681.xml" "Mozilla/5.0 AppleWebKit/537.36 (KHTML, like Gecko; compatible; GPTBot/1.3; +https://openai.com/gptbot)"
74.7.227.32 - - [22/Mar/2026:08:44:38 -0400] "GET /wp-settings.php HTTP/1.1" 500 0 "https://4abetter.us/?sitemap681.xml" "Mozilla/5.0 AppleWebKit/537.36 (KHTML, like Gecko; compatible; GPTBot/1.3; +https://openai.com/gptbot)"
74.7.227.32 - - [22/Mar/2026:08:44:44 -0400] "GET /googleb4ec9012eaa101f8.html HTTP/1.1" 200 53 "https://4abetter.us/?sitemap681.xml" "Mozilla/5.0 AppleWebKit/537.36 (KHTML, like Gecko; compatible; GPTBot/1.3; +https://openai.com/gptbot)"
57.141.2.27 - - [22/Mar/2026:08:44:46 -0400] "GET /good.php/1260516.shtml HTTP/1.1" 404 1251 "-" "meta-externalagent/1.1 (+https://developers.facebook.com/docs/sharing/webmasters/crawler)"
74.7.227.32 - - [22/Mar/2026:08:44:48 -0400] "GET /wp-blog-header.php HTTP/1.1" 404 0 "https://4abetter.us/?sitemap681.xml" "Mozilla/5.0 AppleWebKit/537.36 (KHTML, like Gecko; compatible; GPTBot/1.3; +https://openai.com/gptbot)"
74.7.227.32 - - [22/Mar/2026:08:44:57 -0400] "GET /?ND HTTP/1.1" 200 2382 "https://4abetter.us/?sitemap681.xml" "Mozilla/5.0 AppleWebKit/537.36 (KHTML, like Gecko; compatible; GPTBot/1.3; +https://openai.com/gptbot)"
74.7.227.32 - - [22/Mar/2026:08:45:02 -0400] "GET /?SA HTTP/1.1" 200 2387 "https://4abetter.us/?sitemap681.xml" "Mozilla/5.0 AppleWebKit/537.36 (KHTML, like Gecko; compatible; GPTBot/1.3; +https://openai.com/gptbot)"
74.7.227.32 - - [22/Mar/2026:08:45:07 -0400] "GET /googlec8d1c033f362d32b.html HTTP/1.1" 200 53 "https://4abetter.us/?sitemap681.xml" "Mozilla/5.0 AppleWebKit/537.36 (KHTML, like Gecko; compatible; GPTBot/1.3; +https://openai.com/gptbot)"
198.54.114.204 - - [22/Mar/2026:08:45:09 -0400] "POST /wp-cron.php?doing_wp_cron=1774183509.2345540523529052734375 HTTP/1.1" 200 0 "-" "WordPress/6.9.4; https://4abetter.us"
74.7.227.32 - - [22/Mar/2026:08:45:08 -0400] "GET /wp-admin/ HTTP/1.1" 302 0 "https://4abetter.us/?sitemap681.xml" "Mozilla/5.0 AppleWebKit/537.36 (KHTML, like Gecko; compatible; GPTBot/1.3; +https://openai.com/gptbot)"
74.7.227.32 - - [22/Mar/2026:08:45:12 -0400] "GET /00d1d439/?MA HTTP/1.1" 200 538 "https://4abetter.us/00d1d439/" "Mozilla/5.0 AppleWebKit/537.36 (KHTML, like Gecko; compatible; GPTBot/1.3; +https://openai.com/gptbot)"
74.7.227.32 - - [22/Mar/2026:08:45:13 -0400] "GET /00d1d439/?ND HTTP/1.1" 200 534 "https://4abetter.us/00d1d439/" "Mozilla/5.0 AppleWebKit/537.36 (KHTML, like Gecko; compatible; GPTBot/1.3; +https://openai.com/gptbot)"
74.7.227.32 - - [22/Mar/2026:08:45:16 -0400] "GET /?NA HTTP/1.1" 200 2362 "https://4abetter.us/?ND" "Mozilla/5.0 AppleWebKit/537.36 (KHTML, like Gecko; compatible; GPTBot/1.3; +https://openai.com/gptbot)"
74.7.227.32 - - [22/Mar/2026:08:45:17 -0400] "GET /?MD HTTP/1.1" 200 2384 "https://4abetter.us/?MA" "Mozilla/5.0 AppleWebKit/537.36 (KHTML, like Gecko; compatible; GPTBot/1.3; +https://openai.com/gptbot)"
57.141.2.46 - - [22/Mar/2026:08:45:18 -0400] "GET /good.php/p3845768/ HTTP/1.1" 404 1251 "-" "meta-externalagent/1.1 (+https://developers.facebook.com/docs/sharing/webmasters/crawler)"
74.7.227.32 - - [22/Mar/2026:08:45:18 -0400] "GET /wp-mail.php HTTP/1.1" 403 958 "https://4abetter.us/?sitemap681.xml" "Mozilla/5.0 AppleWebKit/537.36 (KHTML, like Gecko; compatible; GPTBot/1.3; +https://openai.com/gptbot)"
74.7.227.32 - - [22/Mar/2026:08:45:27 -0400] "GET /wp-includes/feed-rss2-comments.php HTTP/1.1" 500 0 "https://4abetter.us/wp-includes/" "Mozilla/5.0 AppleWebKit/537.36 (KHTML, like Gecko; compatible; GPTBot/1.3; +https://openai.com/gptbot)"
74.7.227.32 - - [22/Mar/2026:08:45:29 -0400] "GET /wp-includes/class-wp-http-requests-hooks.php HTTP/1.1" 500 0 "https://4abetter.us/wp-includes/" "Mozilla/5.0 AppleWebKit/537.36 (KHTML, like Gecko; compatible; GPTBot/1.3; +https://openai.com/gptbot)"
74.7.227.32 - - [22/Mar/2026:08:45:22 -0400] "GET /00d1d439/?NA HTTP/1.1" 200 535 "https://4abetter.us/00d1d439/?SA" "Mozilla/5.0 AppleWebKit/537.36 (KHTML, like Gecko; compatible; GPTBot/1.3; +https://openai.com/gptbot)"
