66.249.72.7 - - [19/Jan/2026:13:20:26 -0500] "GET /q-~294bCKUoAmW36BkVocOEOFgBcKEJFJuqa30444/ HTTP/1.1" 404 1251 "-" "Mozilla/5.0 (Linux; Android 6.0.1; Nexus 5X Build/MMB29P) AppleWebKit/537.36 (KHTML, like Gecko) Chrome/143.0.7499.192 Mobile Safari/537.36 (compatible; Googlebot/2.1; +http://www.google.com/bot.html)"
74.7.227.156 - - [19/Jan/2026:13:21:23 -0500] "GET /product/inmate295?c=g&l=10030 HTTP/1.1" 404 1251 "https://4abetter.us/sitemap337.xml" "Mozilla/5.0 AppleWebKit/537.36 (KHTML, like Gecko; compatible; GPTBot/1.3; +https://openai.com/gptbot)"
66.249.75.64 - - [19/Jan/2026:13:22:03 -0500] "GET /q-~18y5Jufg7k0McDD8ikF1q6aGKi5Sj2DG740/ HTTP/1.1" 404 1251 "-" "Mozilla/5.0 (Linux; Android 6.0.1; Nexus 5X Build/MMB29P) AppleWebKit/537.36 (KHTML, like Gecko) Chrome/143.0.7499.192 Mobile Safari/537.36 (compatible; Googlebot/2.1; +http://www.google.com/bot.html)"
74.7.227.156 - - [19/Jan/2026:13:22:26 -0500] "GET /product/nation285?c=g&l=19386 HTTP/1.1" 404 1251 "https://4abetter.us/sitemap922.xml" "Mozilla/5.0 AppleWebKit/537.36 (KHTML, like Gecko; compatible; GPTBot/1.3; +https://openai.com/gptbot)"
37.56.110.229 - - [19/Jan/2026:13:23:47 -0500] "GET /q-~236WhGpXzLoehkTCRa8zPjOyFI1pMhdTw20678/ HTTP/1.1" 404 1251 "-" "Mozilla/5.0 (X11; U; Linux x86_64; en-US) AppleWebKit/532.1 (KHTML, like Gecko) Chrome/4.0.213.1 Safari/532.1"
66.249.75.64 - - [19/Jan/2026:13:19:30 -0500] "GET /?_ga=2.199735937.1959570908.1725022440-040787882.1699463641&_bdsid=fwa36q.n~MDPRM.1752551838833.1702261683&_bd_prev_page=https://4abetter.us/cart.do?q-~117PbqoTUpaEwwSPYlOd8Nnx8kct2nuaS49313/ HTTP/1.1" 200 2485 "-" "Mozilla/5.0 (Linux; Android 6.0.1; Nexus 5X Build/MMB29P) AppleWebKit/537.36 (KHTML, like Gecko) Chrome/143.0.7499.192 Mobile Safari/537.36 (compatible; Googlebot/2.1; +http://www.google.com/bot.html)"
66.249.72.7 - - [19/Jan/2026:13:19:33 -0500] "GET /q-~118epZWJDtr2IZ1j03uudZlien2Gxb0Ox20964/ HTTP/1.1" 404 1251 "-" "Mozilla/5.0 (Linux; Android 6.0.1; Nexus 5X Build/MMB29P) AppleWebKit/537.36 (KHTML, like Gecko) Chrome/143.0.7499.192 Mobile Safari/537.36 (compatible; Googlebot/2.1; +http://www.google.com/bot.html)"
66.249.72.7 - - [19/Jan/2026:13:19:34 -0500] "GET /q-~128jgRDR42tg35Sbi0fypztMQh7ElCe1r7590/ HTTP/1.1" 404 1251 "-" "Mozilla/5.0 (Linux; Android 6.0.1; Nexus 5X Build/MMB29P) AppleWebKit/537.36 (KHTML, like Gecko) Chrome/143.0.7499.192 Mobile Safari/537.36 (compatible; Googlebot/2.1; +http://www.google.com/bot.html)"
66.249.72.7 - - [19/Jan/2026:13:19:34 -0500] "GET /q-~4LRcy0nUtkrowYeb6wsfDkPPfuL93lk38970/ HTTP/1.1" 404 1251 "-" "Mozilla/5.0 (Linux; Android 6.0.1; Nexus 5X Build/MMB29P) AppleWebKit/537.36 (KHTML, like Gecko) Chrome/143.0.7499.192 Mobile Safari/537.36 (compatible; Googlebot/2.1; +http://www.google.com/bot.html)"
66.249.72.7 - - [19/Jan/2026:13:19:39 -0500] "GET /q-~179eZNfs68hHffxOV08Igegj8KSNKljhW48123/ HTTP/1.1" 404 1251 "-" "Mozilla/5.0 (Linux; Android 6.0.1; Nexus 5X Build/MMB29P) AppleWebKit/537.36 (KHTML, like Gecko) Chrome/143.0.7499.192 Mobile Safari/537.36 (compatible; Googlebot/2.1; +http://www.google.com/bot.html)"
66.249.75.76 - - [19/Jan/2026:13:19:44 -0500] "GET /1088478702 HTTP/1.1" 404 1251 "-" "Mozilla/5.0 (Linux; Android 6.0.1; Nexus 5X Build/MMB29P) AppleWebKit/537.36 (KHTML, like Gecko) Chrome/143.0.7499.192 Mobile Safari/537.36 (compatible; Googlebot/2.1; +http://www.google.com/bot.html)"
74.7.227.156 - - [19/Jan/2026:13:23:26 -0500] "GET /product/punish137?c=g&l=18106 HTTP/1.1" 404 1251 "https://4abetter.us/sitemap606.xml" "Mozilla/5.0 AppleWebKit/537.36 (KHTML, like Gecko; compatible; GPTBot/1.3; +https://openai.com/gptbot)"
66.249.75.77 - - [19/Jan/2026:13:23:49 -0500] "GET /q-~44G9bBDxpWs2rcpQSWSNPZImGEr0BSYU318/ HTTP/1.1" 404 1251 "-" "Mozilla/5.0 (Linux; Android 6.0.1; Nexus 5X Build/MMB29P) AppleWebKit/537.36 (KHTML, like Gecko) Chrome/143.0.7499.192 Mobile Safari/537.36 (compatible; Googlebot/2.1; +http://www.google.com/bot.html)"
66.249.72.8 - - [19/Jan/2026:13:24:22 -0500] "GET /?_gl=1*7466l18*_ga*xWSRaJgpVgvcOuUECohYEDipYmvU*_ga_SECELOJJI*44nWfxBgK5RWlgTxVhGlOU4mmftbGuFHriS6Ir7EjMovfb5GW1sEdLU.*_gcl_au=1.1.198025627.176809841*_gcl_aw=QQQ.170716405.4xrne507nOLFn1XB8kr2x33SnJY35i4WIg2BynpFpzdDZQlt5zn1W9gMGAcWo0QKQO7PN6SGYHLLUzCcWfBxYJqmV3..&_gz=2.192717617.197790036.174717642-861211191.169134441&_bdsid=angv0l.n~BAUNZ.177023610.178531191&_bd_prev_page=https://www.4abetter.us/super.jsp?q-~44i5xiHuLEGfj4ZfChWymFCrvaIQ6jzV38748/ HTTP/1.1" 200 2444 "-" "Mozilla/5.0 (Linux; Android 6.0.1; Nexus 5X Build/MMB29P) AppleWebKit/537.36 (KHTML, like Gecko) Chrome/143.0.7499.192 Mobile Safari/537.36 (compatible; Googlebot/2.1; +http://www.google.com/bot.html)"
74.7.227.156 - - [19/Jan/2026:13:24:31 -0500] "GET /product/regain215?c=g&l=36314 HTTP/1.1" 404 1251 "https://4abetter.us/sitemap553.xml" "Mozilla/5.0 AppleWebKit/537.36 (KHTML, like Gecko; compatible; GPTBot/1.3; +https://openai.com/gptbot)"
66.249.72.8 - - [19/Jan/2026:13:26:23 -0500] "GET /q-~227hxKBLlJkLUqxb07LjENzQO5bNkqMqx36091/ HTTP/1.1" 404 1251 "-" "Mozilla/5.0 (Linux; Android 6.0.1; Nexus 5X Build/MMB29P) AppleWebKit/537.36 (KHTML, like Gecko) Chrome/143.0.7499.192 Mobile Safari/537.36 (compatible; Googlebot/2.1; +http://www.google.com/bot.html)"
66.249.75.64 - - [19/Jan/2026:13:24:11 -0500] "GET /product/identity169?c=g&l=886 HTTP/1.1" 404 1251 "-" "Mozilla/5.0 (Linux; Android 6.0.1; Nexus 5X Build/MMB29P) AppleWebKit/537.36 (KHTML, like Gecko) Chrome/143.0.7499.192 Mobile Safari/537.36 (compatible; Googlebot/2.1; +http://www.google.com/bot.html)"
74.7.227.156 - - [19/Jan/2026:13:25:32 -0500] "GET /product/ethics241?c=g&l=17576 HTTP/1.1" 404 1251 "https://4abetter.us/sitemap338.xml" "Mozilla/5.0 AppleWebKit/537.36 (KHTML, like Gecko; compatible; GPTBot/1.3; +https://openai.com/gptbot)"
66.249.75.64 - - [19/Jan/2026:13:25:38 -0500] "GET /?_ga=2.199735937.1959570908.1725022440-040787882.1699463641&_bdsid=fwa36q.n~MDPRM.1752551838833.1702261683&_bd_prev_page=https://4abetter.us/cart.do?q-~40t0PR7bDadT4DIZlwTjm909ynrMHyXW27762/ HTTP/1.1" 200 2484 "-" "Mozilla/5.0 (Linux; Android 6.0.1; Nexus 5X Build/MMB29P) AppleWebKit/537.36 (KHTML, like Gecko) Chrome/143.0.7499.192 Mobile Safari/537.36 (compatible; Googlebot/2.1; +http://www.google.com/bot.html)"
66.249.75.77 - - [19/Jan/2026:13:25:55 -0500] "GET /?_ga=2.199735937.1959570908.1725022440-040787882.1699463641&_bdsid=fwa36q.n~MDPRM.1752551838833.1702261683&_bd_prev_page=https://4abetter.us/cart.do?q-~183x8c12opna924h8AplwRoWSjU8C8Ajf22527/ HTTP/1.1" 200 2438 "-" "Mozilla/5.0 (Linux; Android 6.0.1; Nexus 5X Build/MMB29P) AppleWebKit/537.36 (KHTML, like Gecko) Chrome/143.0.7499.192 Mobile Safari/537.36 (compatible; Googlebot/2.1; +http://www.google.com/bot.html)"
66.249.75.77 - - [19/Jan/2026:13:26:00 -0500] "GET /?_ga=2.199735937.1959570908.1725022440-040787882.1699463641&_bdsid=fwa36q.n~MDPRM.1752551838833.1702261683&_bd_prev_page=https://4abetter.us/cart.do?q-~54scUQAEqiBXk6QcqGR6kyczdeIu958t15352/ HTTP/1.1" 200 2484 "-" "Mozilla/5.0 (Linux; Android 6.0.1; Nexus 5X Build/MMB29P) AppleWebKit/537.36 (KHTML, like Gecko) Chrome/143.0.7499.192 Mobile Safari/537.36 (compatible; Googlebot/2.1; +http://www.google.com/bot.html)"
66.249.72.8 - - [19/Jan/2026:13:26:29 -0500] "GET /m24324445044 HTTP/1.1" 404 1251 "-" "Mozilla/5.0 (Linux; Android 6.0.1; Nexus 5X Build/MMB29P) AppleWebKit/537.36 (KHTML, like Gecko) Chrome/143.0.7499.192 Mobile Safari/537.36 (compatible; Googlebot/2.1; +http://www.google.com/bot.html)"
66.249.72.7 - - [19/Jan/2026:13:26:30 -0500] "GET /q-~62j181mZ2WliB6uB5IQxVJ2BmbEpoitd11326/ HTTP/1.1" 404 1251 "-" "Mozilla/5.0 (Linux; Android 6.0.1; Nexus 5X Build/MMB29P) AppleWebKit/537.36 (KHTML, like Gecko) Chrome/143.0.7499.192 Mobile Safari/537.36 (compatible; Googlebot/2.1; +http://www.google.com/bot.html)"
66.249.72.8 - - [19/Jan/2026:13:26:31 -0500] "GET /q-~15K70pXF5yv6YTwxUm1UeOPR9CnPxXbN13427/ HTTP/1.1" 404 1251 "-" "Mozilla/5.0 (Linux; Android 6.0.1; Nexus 5X Build/MMB29P) AppleWebKit/537.36 (KHTML, like Gecko) Chrome/143.0.7499.192 Mobile Safari/537.36 (compatible; Googlebot/2.1; +http://www.google.com/bot.html)"
66.249.72.7 - - [19/Jan/2026:13:26:37 -0500] "GET /q-~187yYcTxiI6uiDIaBLlBiBaqKBtunVhUC20645/ HTTP/1.1" 404 1251 "-" "Mozilla/5.0 (Linux; Android 6.0.1; Nexus 5X Build/MMB29P) AppleWebKit/537.36 (KHTML, like Gecko) Chrome/143.0.7499.192 Mobile Safari/537.36 (compatible; Googlebot/2.1; +http://www.google.com/bot.html)"
74.7.227.156 - - [19/Jan/2026:13:26:38 -0500] "GET /product/animal249?c=g&l=47052 HTTP/1.1" 404 1251 "https://4abetter.us/sitemap554.xml" "Mozilla/5.0 AppleWebKit/537.36 (KHTML, like Gecko; compatible; GPTBot/1.3; +https://openai.com/gptbot)"
66.249.72.7 - - [19/Jan/2026:13:26:49 -0500] "GET /q-~13wr27ShrBkKyR1KZYh3ZQftxaJ4EWob33231/ HTTP/1.1" 404 1251 "-" "Mozilla/5.0 (Linux; Android 6.0.1; Nexus 5X Build/MMB29P) AppleWebKit/537.36 (KHTML, like Gecko) Chrome/143.0.7499.192 Mobile Safari/537.36 (compatible; Googlebot/2.1; +http://www.google.com/bot.html)"
66.249.72.7 - - [19/Jan/2026:13:26:50 -0500] "GET /q-~298YCzUsRtRz7YeTD8xRTtcktOlDZczHS14984/ HTTP/1.1" 404 1251 "-" "Mozilla/5.0 (Linux; Android 6.0.1; Nexus 5X Build/MMB29P) AppleWebKit/537.36 (KHTML, like Gecko) Chrome/143.0.7499.192 Mobile Safari/537.36 (compatible; Googlebot/2.1; +http://www.google.com/bot.html)"
66.249.72.7 - - [19/Jan/2026:13:26:24 -0500] "GET /q-~62k1DKHG2iukMHDpdw1wDKcbh3o9AhMs28726/ HTTP/1.1" 404 1251 "-" "Mozilla/5.0 (Linux; Android 6.0.1; Nexus 5X Build/MMB29P) AppleWebKit/537.36 (KHTML, like Gecko) Chrome/143.0.7499.192 Mobile Safari/537.36 (compatible; Googlebot/2.1; +http://www.google.com/bot.html)"
66.249.72.7 - - [19/Jan/2026:13:26:31 -0500] "GET /q-~160bwgRXQL5gVdORXlYqLvv5IroqDf4Lk2596/ HTTP/1.1" 404 1251 "-" "Mozilla/5.0 (Linux; Android 6.0.1; Nexus 5X Build/MMB29P) AppleWebKit/537.36 (KHTML, like Gecko) Chrome/143.0.7499.192 Mobile Safari/537.36 (compatible; Googlebot/2.1; +http://www.google.com/bot.html)"
66.249.72.8 - - [19/Jan/2026:13:26:32 -0500] "GET /q-~1lbWnon53M7n4kLtTT3lsDsZiUghU1W9481/ HTTP/1.1" 404 1251 "-" "Mozilla/5.0 (Linux; Android 6.0.1; Nexus 5X Build/MMB29P) AppleWebKit/537.36 (KHTML, like Gecko) Chrome/143.0.7499.192 Mobile Safari/537.36 (compatible; Googlebot/2.1; +http://www.google.com/bot.html)"
66.249.72.7 - - [19/Jan/2026:13:26:51 -0500] "GET /m70615785590 HTTP/1.1" 404 1251 "-" "Mozilla/5.0 (Linux; Android 6.0.1; Nexus 5X Build/MMB29P) AppleWebKit/537.36 (KHTML, like Gecko) Chrome/143.0.7499.192 Mobile Safari/537.36 (compatible; Googlebot/2.1; +http://www.google.com/bot.html)"
66.249.72.7 - - [19/Jan/2026:13:26:52 -0500] "GET /q-~91Zr9pLGVSB4pPF8TGivXR7tFlRdNBMs613/ HTTP/1.1" 404 1251 "-" "Mozilla/5.0 (Linux; Android 6.0.1; Nexus 5X Build/MMB29P) AppleWebKit/537.36 (KHTML, like Gecko) Chrome/143.0.7499.192 Mobile Safari/537.36 (compatible; Googlebot/2.1; +http://www.google.com/bot.html)"
74.7.227.156 - - [19/Jan/2026:13:27:40 -0500] "GET /product/fabric195?c=g&l=25042 HTTP/1.1" 404 1251 "https://4abetter.us/sitemap922.xml" "Mozilla/5.0 AppleWebKit/537.36 (KHTML, like Gecko; compatible; GPTBot/1.3; +https://openai.com/gptbot)"
66.249.72.8 - - [19/Jan/2026:13:27:56 -0500] "GET /?_gl=1*7466l18*_ga*xWSRaJgpVgvcOuUECohYEDipYmvU*_ga_SECELOJJI*44nWfxBgK5RWlgTxVhGlOU4mmftbGuFHriS6Ir7EjMovfb5GW1sEdLU.*_gcl_au=1.1.198025627.176809841*_gcl_aw=QQQ.170716405.4xrne507nOLFn1XB8kr2x33SnJY35i4WIg2BynpFpzdDZQlt5zn1W9gMGAcWo0QKQO7PN6SGYHLLUzCcWfBxYJqmV3..&_gz=2.192717617.197790036.174717642-861211191.169134441&_bdsid=angv0l.n~BAUNZ.177023610.178531191&_bd_prev_page=https://www.4abetter.us/super.jsp?q-~233Yqcu2kcny34wfDRFLGIaLSleYNaNRK44541/ HTTP/1.1" 200 2490 "-" "Mozilla/5.0 (Linux; Android 6.0.1; Nexus 5X Build/MMB29P) AppleWebKit/537.36 (KHTML, like Gecko) Chrome/143.0.7499.192 Mobile Safari/537.36 (compatible; Googlebot/2.1; +http://www.google.com/bot.html)"
66.249.75.77 - - [19/Jan/2026:13:28:02 -0500] "GET /?_ga=2.199735937.1959570908.1725022440-040787882.1699463641&_bdsid=fwa36q.n~MDPRM.1752551838833.1702261683&_bd_prev_page=https://4abetter.us/cart.do?q-~279lvZcSi4uT6eloAKjwx6bfkNRtH2DWA21957/ HTTP/1.1" 200 2484 "-" "Mozilla/5.0 (Linux; Android 6.0.1; Nexus 5X Build/MMB29P) AppleWebKit/537.36 (KHTML, like Gecko) Chrome/143.0.7499.192 Mobile Safari/537.36 (compatible; Googlebot/2.1; +http://www.google.com/bot.html)"
74.7.227.156 - - [19/Jan/2026:13:29:44 -0500] "GET /product/shared116?c=g&l=35791 HTTP/1.1" 404 1251 "https://4abetter.us/sitemap337.xml" "Mozilla/5.0 AppleWebKit/537.36 (KHTML, like Gecko; compatible; GPTBot/1.3; +https://openai.com/gptbot)"
74.7.227.156 - - [19/Jan/2026:13:31:45 -0500] "GET /product/stance228?c=g&l=43179 HTTP/1.1" 404 1251 "https://4abetter.us/sitemap606.xml" "Mozilla/5.0 AppleWebKit/537.36 (KHTML, like Gecko; compatible; GPTBot/1.3; +https://openai.com/gptbot)"
74.7.227.156 - - [19/Jan/2026:13:32:48 -0500] "GET /product/finger272?c=g&l=44961 HTTP/1.1" 404 1251 "https://4abetter.us/sitemap922.xml" "Mozilla/5.0 AppleWebKit/537.36 (KHTML, like Gecko; compatible; GPTBot/1.3; +https://openai.com/gptbot)"
66.249.72.7 - - [19/Jan/2026:13:32:49 -0500] "GET /q-~146RKMqHmdM5s6GtNWFfrS0qgJTnv8zlu11896/ HTTP/1.1" 404 1251 "-" "Mozilla/5.0 (Linux; Android 6.0.1; Nexus 5X Build/MMB29P) AppleWebKit/537.36 (KHTML, like Gecko) Chrome/143.0.7499.192 Mobile Safari/537.36 (compatible; Googlebot/2.1; +http://www.google.com/bot.html)"
66.249.75.64 - - [19/Jan/2026:13:32:53 -0500] "GET /q-~212vEI3ABNQ4dy8CGZUfuPihtAJw0dMVt16498/ HTTP/1.1" 404 1251 "-" "Mozilla/5.0 (Linux; Android 6.0.1; Nexus 5X Build/MMB29P) AppleWebKit/537.36 (KHTML, like Gecko) Chrome/143.0.7499.192 Mobile Safari/537.36 (compatible; Googlebot/2.1; +http://www.google.com/bot.html)"
74.7.227.156 - - [19/Jan/2026:13:33:50 -0500] "GET /product/friend169?c=g&l=18952 HTTP/1.1" 404 1251 "https://4abetter.us/sitemap544.xml" "Mozilla/5.0 AppleWebKit/537.36 (KHTML, like Gecko; compatible; GPTBot/1.3; +https://openai.com/gptbot)"
66.249.72.8 - - [19/Jan/2026:13:36:21 -0500] "GET /q-~119huZv4xZflvZTMyGm6sog6ePYea7Nzk15915/ HTTP/1.1" 404 1251 "-" "Mozilla/5.0 (Linux; Android 6.0.1; Nexus 5X Build/MMB29P) AppleWebKit/537.36 (KHTML, like Gecko) Chrome/143.0.7499.192 Mobile Safari/537.36 (compatible; Googlebot/2.1; +http://www.google.com/bot.html)"
74.7.227.156 - - [19/Jan/2026:13:37:57 -0500] "GET /product/jacket236?c=g&l=30089 HTTP/1.1" 404 1251 "https://4abetter.us/sitemap544.xml" "Mozilla/5.0 AppleWebKit/537.36 (KHTML, like Gecko; compatible; GPTBot/1.3; +https://openai.com/gptbot)"
66.249.72.1 - - [19/Jan/2026:13:38:51 -0500] "GET /q-~61vU5XsShErdkFm1V21KWP9hmq58eqDb47725/ HTTP/1.1" 404 1251 "-" "Mozilla/5.0 (Linux; Android 6.0.1; Nexus 5X Build/MMB29P) AppleWebKit/537.36 (KHTML, like Gecko) Chrome/143.0.7499.192 Mobile Safari/537.36 (compatible; Googlebot/2.1; +http://www.google.com/bot.html)"
66.249.72.1 - - [19/Jan/2026:13:27:24 -0500] "GET /q-~252WF30ukkCBCLhtUlYNpORnptC1FgvIW23930/ HTTP/1.1" 404 1251 "-" "Mozilla/5.0 (Linux; Android 6.0.1; Nexus 5X Build/MMB29P) AppleWebKit/537.36 (KHTML, like Gecko) Chrome/143.0.7499.192 Mobile Safari/537.36 (compatible; Googlebot/2.1; +http://www.google.com/bot.html)"
74.7.227.156 - - [19/Jan/2026:13:28:41 -0500] "GET /product/margin220?c=g&l=29715 HTTP/1.1" 404 1251 "https://4abetter.us/sitemap664.xml" "Mozilla/5.0 AppleWebKit/537.36 (KHTML, like Gecko; compatible; GPTBot/1.3; +https://openai.com/gptbot)"
74.7.227.156 - - [19/Jan/2026:13:30:44 -0500] "GET /product/action245?c=g&l=16578 HTTP/1.1" 404 1251 "https://4abetter.us/sitemap338.xml" "Mozilla/5.0 AppleWebKit/537.36 (KHTML, like Gecko; compatible; GPTBot/1.3; +https://openai.com/gptbot)"
66.249.72.1 - - [19/Jan/2026:13:33:49 -0500] "GET /q-~111LGHXzTcP11TzORAk7e5tjQuil3fE4O10723/ HTTP/1.1" 404 1251 "-" "Mozilla/5.0 (Linux; Android 6.0.1; Nexus 5X Build/MMB29P) AppleWebKit/537.36 (KHTML, like Gecko) Chrome/143.0.7499.192 Mobile Safari/537.36 (compatible; Googlebot/2.1; +http://www.google.com/bot.html)"
66.249.72.7 - - [19/Jan/2026:13:34:27 -0500] "GET /q-~22Tu77dPFPOzY4VBf6iKrV1gpc47Dxek7978/ HTTP/1.1" 404 1251 "-" "Mozilla/5.0 (Linux; Android 6.0.1; Nexus 5X Build/MMB29P) AppleWebKit/537.36 (KHTML, like Gecko) Chrome/143.0.7499.192 Mobile Safari/537.36 (compatible; Googlebot/2.1; +http://www.google.com/bot.html)"
74.7.227.156 - - [19/Jan/2026:13:34:53 -0500] "GET /product/switch270?c=g&l=48891 HTTP/1.1" 404 1251 "https://4abetter.us/sitemap909.xml" "Mozilla/5.0 AppleWebKit/537.36 (KHTML, like Gecko; compatible; GPTBot/1.3; +https://openai.com/gptbot)"
66.249.72.8 - - [19/Jan/2026:13:35:23 -0500] "GET /q-~275CbNt6cpbK4q1pfE30phILbYDzBHRgI4535/ HTTP/1.1" 404 1251 "-" "Mozilla/5.0 (Linux; Android 6.0.1; Nexus 5X Build/MMB29P) AppleWebKit/537.36 (KHTML, like Gecko) Chrome/143.0.7499.192 Mobile Safari/537.36 (compatible; Googlebot/2.1; +http://www.google.com/bot.html)"
74.7.227.156 - - [19/Jan/2026:13:35:53 -0500] "GET /product/anyone230?c=g&l=15453 HTTP/1.1" 404 1251 "https://4abetter.us/sitemap553.xml" "Mozilla/5.0 AppleWebKit/537.36 (KHTML, like Gecko; compatible; GPTBot/1.3; +https://openai.com/gptbot)"
74.7.227.156 - - [19/Jan/2026:13:36:55 -0500] "GET /product/insect163?c=g&l=14698 HTTP/1.1" 404 1251 "https://4abetter.us/sitemap337.xml" "Mozilla/5.0 AppleWebKit/537.36 (KHTML, like Gecko; compatible; GPTBot/1.3; +https://openai.com/gptbot)"
66.249.75.64 - - [19/Jan/2026:13:36:57 -0500] "GET /robots.txt HTTP/1.1" 200 105 "-" "Mozilla/5.0 (compatible; Googlebot/2.1; +http://www.google.com/bot.html)"
66.249.75.77 - - [19/Jan/2026:13:36:57 -0500] "GET / HTTP/1.1" 200 2485 "-" "Mozilla/5.0 (compatible; Googlebot/2.1; +http://www.google.com/bot.html)"
66.249.72.1 - - [19/Jan/2026:13:37:15 -0500] "GET /q-~174yhjDBs91CJrsDVnm0PXcYEDxl6JU3u29410/ HTTP/1.1" 404 1251 "-" "Mozilla/5.0 (Linux; Android 6.0.1; Nexus 5X Build/MMB29P) AppleWebKit/537.36 (KHTML, like Gecko) Chrome/143.0.7499.192 Mobile Safari/537.36 (compatible; Googlebot/2.1; +http://www.google.com/bot.html)"
66.249.72.1 - - [19/Jan/2026:13:38:51 -0500] "GET /q-~132qk8s1S9QhegK78wCDuFjDfDFuuOPfZ14774/ HTTP/1.1" 404 1251 "-" "Mozilla/5.0 (Linux; Android 6.0.1; Nexus 5X Build/MMB29P) AppleWebKit/537.36 (KHTML, like Gecko) Chrome/143.0.7499.192 Mobile Safari/537.36 (compatible; Googlebot/2.1; +http://www.google.com/bot.html)"
66.249.72.1 - - [19/Jan/2026:13:38:51 -0500] "GET /q-~226W2yj0wydKq3xp7STKWSGeABjmdlAUb8360/ HTTP/1.1" 404 1251 "-" "Mozilla/5.0 (Linux; Android 6.0.1; Nexus 5X Build/MMB29P) AppleWebKit/537.36 (KHTML, like Gecko) Chrome/143.0.7499.192 Mobile Safari/537.36 (compatible; Googlebot/2.1; +http://www.google.com/bot.html)"
66.249.72.8 - - [19/Jan/2026:13:38:53 -0500] "GET /q-~278nYHBthr9i6Azk4LVl7KQklUOU3DawM25070/ HTTP/1.1" 404 1251 "-" "Mozilla/5.0 (Linux; Android 6.0.1; Nexus 5X Build/MMB29P) AppleWebKit/537.36 (KHTML, like Gecko) Chrome/143.0.7499.192 Mobile Safari/537.36 (compatible; Googlebot/2.1; +http://www.google.com/bot.html)"
66.249.72.1 - - [19/Jan/2026:13:39:06 -0500] "GET /q-~238j987k2eNIyvtyOfHsB20YRnh2gcTqx40172/ HTTP/1.1" 404 1251 "-" "Mozilla/5.0 (Linux; Android 6.0.1; Nexus 5X Build/MMB29P) AppleWebKit/537.36 (KHTML, like Gecko) Chrome/143.0.7499.192 Mobile Safari/537.36 (compatible; Googlebot/2.1; +http://www.google.com/bot.html)"
66.249.72.8 - - [19/Jan/2026:13:39:22 -0500] "GET /product/surely81?c=g&l=954 HTTP/1.1" 404 1251 "-" "Mozilla/5.0 (Linux; Android 6.0.1; Nexus 5X Build/MMB29P) AppleWebKit/537.36 (KHTML, like Gecko) Chrome/143.0.7499.192 Mobile Safari/537.36 (compatible; Googlebot/2.1; +http://www.google.com/bot.html)"
74.7.227.156 - - [19/Jan/2026:13:40:06 -0500] "GET /product/symbol194?c=g&l=25177 HTTP/1.1" 404 1251 "https://4abetter.us/sitemap922.xml" "Mozilla/5.0 AppleWebKit/537.36 (KHTML, like Gecko; compatible; GPTBot/1.3; +https://openai.com/gptbot)"
74.7.227.156 - - [19/Jan/2026:13:42:13 -0500] "GET /product/planet105?c=g&l=27974 HTTP/1.1" 404 1251 "https://4abetter.us/sitemap544.xml" "Mozilla/5.0 AppleWebKit/537.36 (KHTML, like Gecko; compatible; GPTBot/1.3; +https://openai.com/gptbot)"
66.249.72.7 - - [19/Jan/2026:13:42:28 -0500] "GET /q-~126QgiEqwI5FwVtQ3YVKuuHULGsKIIU1B37976/ HTTP/1.1" 404 1251 "-" "Mozilla/5.0 (Linux; Android 6.0.1; Nexus 5X Build/MMB29P) AppleWebKit/537.36 (KHTML, like Gecko) Chrome/143.0.7499.192 Mobile Safari/537.36 (compatible; Googlebot/2.1; +http://www.google.com/bot.html)"
66.249.75.76 - - [19/Jan/2026:13:42:30 -0500] "GET /product/outer6?c=g&l=27105 HTTP/1.1" 404 1251 "-" "Mozilla/5.0 (Linux; Android 6.0.1; Nexus 5X Build/MMB29P) AppleWebKit/537.36 (KHTML, like Gecko) Chrome/143.0.7499.192 Mobile Safari/537.36 (compatible; Googlebot/2.1; +http://www.google.com/bot.html)"
66.249.72.7 - - [19/Jan/2026:13:42:49 -0500] "GET /m65825776394 HTTP/1.1" 404 1251 "-" "Mozilla/5.0 (Linux; Android 6.0.1; Nexus 5X Build/MMB29P) AppleWebKit/537.36 (KHTML, like Gecko) Chrome/143.0.7499.192 Mobile Safari/537.36 (compatible; Googlebot/2.1; +http://www.google.com/bot.html)"
66.249.75.76 - - [19/Jan/2026:13:42:55 -0500] "GET /?_ga=2.199735937.1959570908.1725022440-040787882.1699463641&_bdsid=fwa36q.n~MDPRM.1752551838833.1702261683&_bd_prev_page=https://4abetter.us/cart.do?q-~133H2A0qlVeSGnLcVczD0brN7bkTTcIGd47941/ HTTP/1.1" 200 2484 "-" "Mozilla/5.0 (Linux; Android 6.0.1; Nexus 5X Build/MMB29P) AppleWebKit/537.36 (KHTML, like Gecko) Chrome/143.0.7499.192 Mobile Safari/537.36 (compatible; Googlebot/2.1; +http://www.google.com/bot.html)"
66.249.72.8 - - [19/Jan/2026:13:43:54 -0500] "GET /m47072536279 HTTP/1.1" 404 1251 "-" "Mozilla/5.0 (Linux; Android 6.0.1; Nexus 5X Build/MMB29P) AppleWebKit/537.36 (KHTML, like Gecko) Chrome/143.0.7499.192 Mobile Safari/537.36 (compatible; Googlebot/2.1; +http://www.google.com/bot.html)"
66.249.72.1 - - [19/Jan/2026:13:43:56 -0500] "GET /q-~39kqojwIElihj1hsQmupgEqHzxW8rHMA2375/ HTTP/1.1" 404 1251 "-" "Mozilla/5.0 (Linux; Android 6.0.1; Nexus 5X Build/MMB29P) AppleWebKit/537.36 (KHTML, like Gecko) Chrome/143.0.7499.192 Mobile Safari/537.36 (compatible; Googlebot/2.1; +http://www.google.com/bot.html)"
66.249.72.8 - - [19/Jan/2026:13:43:58 -0500] "GET /e-cle-3310410000-000243047661900 HTTP/1.1" 404 1251 "-" "Mozilla/5.0 (Linux; Android 6.0.1; Nexus 5X Build/MMB29P) AppleWebKit/537.36 (KHTML, like Gecko) Chrome/143.0.7499.192 Mobile Safari/537.36 (compatible; Googlebot/2.1; +http://www.google.com/bot.html)"
66.249.72.8 - - [19/Jan/2026:13:43:59 -0500] "GET /q-~11bHgzte1s9hXRDcgI5x3eVZ20YuKXJK18621/ HTTP/1.1" 404 1251 "-" "Mozilla/5.0 (Linux; Android 6.0.1; Nexus 5X Build/MMB29P) AppleWebKit/537.36 (KHTML, like Gecko) Chrome/143.0.7499.192 Mobile Safari/537.36 (compatible; Googlebot/2.1; +http://www.google.com/bot.html)"
66.249.72.8 - - [19/Jan/2026:13:38:52 -0500] "GET /q-~89F4EJaRxzBUbQcZDtXzr1ItBPFttBtP14381/ HTTP/1.1" 404 1251 "-" "Mozilla/5.0 (Linux; Android 6.0.1; Nexus 5X Build/MMB29P) AppleWebKit/537.36 (KHTML, like Gecko) Chrome/143.0.7499.192 Mobile Safari/537.36 (compatible; Googlebot/2.1; +http://www.google.com/bot.html)"
66.249.72.1 - - [19/Jan/2026:13:38:53 -0500] "GET /q-~274vZmtVSUGzL4BGgxajYKdxuKQmbwWmv2018/ HTTP/1.1" 404 1251 "-" "Mozilla/5.0 (Linux; Android 6.0.1; Nexus 5X Build/MMB29P) AppleWebKit/537.36 (KHTML, like Gecko) Chrome/143.0.7499.192 Mobile Safari/537.36 (compatible; Googlebot/2.1; +http://www.google.com/bot.html)"
74.7.227.156 - - [19/Jan/2026:13:39:00 -0500] "GET /product/remark119?c=g&l=37560 HTTP/1.1" 404 1251 "https://4abetter.us/sitemap553.xml" "Mozilla/5.0 AppleWebKit/537.36 (KHTML, like Gecko; compatible; GPTBot/1.3; +https://openai.com/gptbot)"
66.249.72.1 - - [19/Jan/2026:13:39:04 -0500] "GET /q-~226rL8Gy6TmL4wwHiS79LrKz3D3pSPQVN41748/ HTTP/1.1" 404 1251 "-" "Mozilla/5.0 (Linux; Android 6.0.1; Nexus 5X Build/MMB29P) AppleWebKit/537.36 (KHTML, like Gecko) Chrome/143.0.7499.192 Mobile Safari/537.36 (compatible; Googlebot/2.1; +http://www.google.com/bot.html)"
66.249.72.1 - - [19/Jan/2026:13:39:06 -0500] "GET /85762113 HTTP/1.1" 404 1251 "-" "Mozilla/5.0 (Linux; Android 6.0.1; Nexus 5X Build/MMB29P) AppleWebKit/537.36 (KHTML, like Gecko) Chrome/143.0.7499.192 Mobile Safari/537.36 (compatible; Googlebot/2.1; +http://www.google.com/bot.html)"
66.249.72.7 - - [19/Jan/2026:13:40:02 -0500] "GET /tomy-shopr-hmfvq3hhn7jwt3jozccbpc75cu HTTP/1.1" 404 1251 "-" "Mozilla/5.0 (Linux; Android 6.0.1; Nexus 5X Build/MMB29P) AppleWebKit/537.36 (KHTML, like Gecko) Chrome/143.0.7499.192 Mobile Safari/537.36 (compatible; Googlebot/2.1; +http://www.google.com/bot.html)"
66.249.72.8 - - [19/Jan/2026:13:40:57 -0500] "GET /product/receiver3?c=g&l=43434 HTTP/1.1" 404 1251 "-" "Mozilla/5.0 (Linux; Android 6.0.1; Nexus 5X Build/MMB29P) AppleWebKit/537.36 (KHTML, like Gecko) Chrome/143.0.7499.192 Mobile Safari/537.36 (compatible; Googlebot/2.1; +http://www.google.com/bot.html)"
74.7.227.156 - - [19/Jan/2026:13:41:11 -0500] "GET /product/gather286?c=g&l=13037 HTTP/1.1" 404 1251 "https://4abetter.us/sitemap544.xml" "Mozilla/5.0 AppleWebKit/537.36 (KHTML, like Gecko; compatible; GPTBot/1.3; +https://openai.com/gptbot)"
172.56.68.199 - - [19/Jan/2026:13:41:11 -0500] "GET /q-~66ieItaUtCtIMftHAZCUJ73xtxNPi8vt10938/ HTTP/1.1" 404 1251 "-" "Mozilla/5.0 (X11; U; Linux i686 (x86_64); en-US) AppleWebKit/534.12 (KHTML, like Gecko) Chrome/9.0.576.0 Safari/534.12"
66.249.72.7 - - [19/Jan/2026:13:42:03 -0500] "GET /SUTG1877D-TT5180AW00006 HTTP/1.1" 404 1251 "-" "Mozilla/5.0 (Linux; Android 6.0.1; Nexus 5X Build/MMB29P) AppleWebKit/537.36 (KHTML, like Gecko) Chrome/143.0.7499.192 Mobile Safari/537.36 (compatible; Googlebot/2.1; +http://www.google.com/bot.html)"
74.7.227.156 - - [19/Jan/2026:13:43:15 -0500] "GET /product/equity133?c=g&l=44902 HTTP/1.1" 404 1251 "https://4abetter.us/sitemap337.xml" "Mozilla/5.0 AppleWebKit/537.36 (KHTML, like Gecko; compatible; GPTBot/1.3; +https://openai.com/gptbot)"
66.249.75.76 - - [19/Jan/2026:13:43:37 -0500] "GET /product/youth148?c=g&l=501 HTTP/1.1" 404 1251 "-" "Mozilla/5.0 (Linux; Android 6.0.1; Nexus 5X Build/MMB29P) AppleWebKit/537.36 (KHTML, like Gecko) Chrome/143.0.7499.192 Mobile Safari/537.36 (compatible; Googlebot/2.1; +http://www.google.com/bot.html)"
66.249.72.8 - - [19/Jan/2026:13:43:54 -0500] "GET /q-~201JTqREEghiuMzUW02nhIRhjzIZJKNMH31155/ HTTP/1.1" 404 1251 "-" "Mozilla/5.0 (Linux; Android 6.0.1; Nexus 5X Build/MMB29P) AppleWebKit/537.36 (KHTML, like Gecko) Chrome/143.0.7499.192 Mobile Safari/537.36 (compatible; Googlebot/2.1; +http://www.google.com/bot.html)"
66.249.72.8 - - [19/Jan/2026:13:43:57 -0500] "GET /SBFL1248D-NI8199EW004288 HTTP/1.1" 404 1251 "-" "Mozilla/5.0 (Linux; Android 6.0.1; Nexus 5X Build/MMB29P) AppleWebKit/537.36 (KHTML, like Gecko) Chrome/143.0.7499.192 Mobile Safari/537.36 (compatible; Googlebot/2.1; +http://www.google.com/bot.html)"
66.249.72.7 - - [19/Jan/2026:13:44:01 -0500] "GET /q-~10qSyOKfzJLHBiMrO54u4e0eaqaWpR1K28464/ HTTP/1.1" 404 1251 "-" "Mozilla/5.0 (Linux; Android 6.0.1; Nexus 5X Build/MMB29P) AppleWebKit/537.36 (KHTML, like Gecko) Chrome/143.0.7499.192 Mobile Safari/537.36 (compatible; Googlebot/2.1; +http://www.google.com/bot.html)"
66.249.72.7 - - [19/Jan/2026:13:44:11 -0500] "GET /q-~295QPKmON2EIQt4c6JWxWtXKK4VSkFTca12797/ HTTP/1.1" 404 1251 "-" "Mozilla/5.0 (Linux; Android 6.0.1; Nexus 5X Build/MMB29P) AppleWebKit/537.36 (KHTML, like Gecko) Chrome/143.0.7499.192 Mobile Safari/537.36 (compatible; Googlebot/2.1; +http://www.google.com/bot.html)"
66.249.75.64 - - [19/Jan/2026:13:44:14 -0500] "GET /q-~31yke1dSnt742zGoq8Lh7mqqRxQRtniQ837/ HTTP/1.1" 404 1251 "-" "Mozilla/5.0 (Linux; Android 6.0.1; Nexus 5X Build/MMB29P) AppleWebKit/537.36 (KHTML, like Gecko) Chrome/143.0.7499.192 Mobile Safari/537.36 (compatible; Googlebot/2.1; +http://www.google.com/bot.html)"
74.7.227.156 - - [19/Jan/2026:13:44:17 -0500] "GET /product/frozen271?c=g&l=49884 HTTP/1.1" 404 1251 "https://4abetter.us/sitemap909.xml" "Mozilla/5.0 AppleWebKit/537.36 (KHTML, like Gecko; compatible; GPTBot/1.3; +https://openai.com/gptbot)"
66.249.72.1 - - [19/Jan/2026:13:45:08 -0500] "GET /?_gl=1*7466l18*_ga*xWSRaJgpVgvcOuUECohYEDipYmvU*_ga_SECELOJJI*44nWfxBgK5RWlgTxVhGlOU4mmftbGuFHriS6Ir7EjMovfb5GW1sEdLU.*_gcl_au=1.1.198025627.176809841*_gcl_aw=QQQ.170716405.4xrne507nOLFn1XB8kr2x33SnJY35i4WIg2BynpFpzdDZQlt5zn1W9gMGAcWo0QKQO7PN6SGYHLLUzCcWfBxYJqmV3..&_gz=2.192717617.197790036.174717642-861211191.169134441&_bdsid=angv0l.n~BAUNZ.177023610.178531191&_bd_prev_page=https://www.4abetter.us/super.jsp?q-~172j7T6Kks3kZ6zmXmhHx1ydkMILcfgtv23924/ HTTP/1.1" 200 2487 "-" "Mozilla/5.0 (Linux; Android 6.0.1; Nexus 5X Build/MMB29P) AppleWebKit/537.36 (KHTML, like Gecko) Chrome/143.0.7499.192 Mobile Safari/537.36 (compatible; Googlebot/2.1; +http://www.google.com/bot.html)"
74.7.227.156 - - [19/Jan/2026:13:45:21 -0500] "GET /product/seller107?c=g&l=43562 HTTP/1.1" 404 1251 "https://4abetter.us/sitemap664.xml" "Mozilla/5.0 AppleWebKit/537.36 (KHTML, like Gecko; compatible; GPTBot/1.3; +https://openai.com/gptbot)"
74.7.227.156 - - [19/Jan/2026:13:46:22 -0500] "GET /product/immune205?c=g&l=37800 HTTP/1.1" 404 1251 "https://4abetter.us/sitemap553.xml" "Mozilla/5.0 AppleWebKit/537.36 (KHTML, like Gecko; compatible; GPTBot/1.3; +https://openai.com/gptbot)"
66.249.72.1 - - [19/Jan/2026:13:48:23 -0500] "GET /q-~74UcwfZonRtPq2ZffRPjkpQ5UoQEhh6z9968/ HTTP/1.1" 404 1251 "-" "Mozilla/5.0 (Linux; Android 6.0.1; Nexus 5X Build/MMB29P) AppleWebKit/537.36 (KHTML, like Gecko) Chrome/143.0.7499.192 Mobile Safari/537.36 (compatible; Googlebot/2.1; +http://www.google.com/bot.html)"
66.249.72.8 - - [19/Jan/2026:13:49:21 -0500] "GET /q-~119bEExo1qea7bzEANlHtNojKLWfERLXZ49135/ HTTP/1.1" 404 1251 "-" "Mozilla/5.0 (Linux; Android 6.0.1; Nexus 5X Build/MMB29P) AppleWebKit/537.36 (KHTML, like Gecko) Chrome/143.0.7499.192 Mobile Safari/537.36 (compatible; Googlebot/2.1; +http://www.google.com/bot.html)"
216.73.216.87 - - [19/Jan/2026:13:49:25 -0500] "GET /robots.txt HTTP/1.1" 200 105 "-" "Mozilla/5.0 AppleWebKit/537.36 (KHTML, like Gecko; compatible; ClaudeBot/1.0; +claudebot@anthropic.com)"
74.7.227.156 - - [19/Jan/2026:13:49:34 -0500] "GET /product/father236?c=g&l=30449 HTTP/1.1" 404 1251 "https://4abetter.us/sitemap922.xml" "Mozilla/5.0 AppleWebKit/537.36 (KHTML, like Gecko; compatible; GPTBot/1.3; +https://openai.com/gptbot)"
66.249.72.8 - - [19/Jan/2026:13:51:10 -0500] "GET /q-~216LvNq3B6ERCOGcWTYe0Lyf0oMcTssof432/ HTTP/1.1" 404 1251 "-" "Mozilla/5.0 (Linux; Android 6.0.1; Nexus 5X Build/MMB29P) AppleWebKit/537.36 (KHTML, like Gecko) Chrome/143.0.7499.192 Mobile Safari/537.36 (compatible; Googlebot/2.1; +http://www.google.com/bot.html)"
74.7.227.156 - - [19/Jan/2026:13:51:38 -0500] "GET /product/expand206?c=g&l=34253 HTTP/1.1" 404 1251 "https://4abetter.us/sitemap477.xml" "Mozilla/5.0 AppleWebKit/537.36 (KHTML, like Gecko; compatible; GPTBot/1.3; +https://openai.com/gptbot)"
66.249.72.8 - - [19/Jan/2026:13:46:38 -0500] "GET /q-~58HAx4Zqzv4uL28Y5kGseVwBaOgefX2t662/ HTTP/1.1" 404 1251 "-" "Mozilla/5.0 (Linux; Android 6.0.1; Nexus 5X Build/MMB29P) AppleWebKit/537.36 (KHTML, like Gecko) Chrome/143.0.7499.192 Mobile Safari/537.36 (compatible; Googlebot/2.1; +http://www.google.com/bot.html)"
74.7.227.156 - - [19/Jan/2026:13:47:25 -0500] "GET /product/breath139?c=g&l=18302 HTTP/1.1" 404 1251 "https://4abetter.us/sitemap544.xml" "Mozilla/5.0 AppleWebKit/537.36 (KHTML, like Gecko; compatible; GPTBot/1.3; +https://openai.com/gptbot)"
74.7.227.156 - - [19/Jan/2026:13:48:30 -0500] "GET /product/admire245?c=g&l=29340 HTTP/1.1" 404 1251 "https://4abetter.us/sitemap664.xml" "Mozilla/5.0 AppleWebKit/537.36 (KHTML, like Gecko; compatible; GPTBot/1.3; +https://openai.com/gptbot)"
216.73.216.87 - - [19/Jan/2026:13:49:25 -0500] "GET / HTTP/1.1" 200 2483 "-" "Mozilla/5.0 AppleWebKit/537.36 (KHTML, like Gecko; compatible; ClaudeBot/1.0; +claudebot@anthropic.com)"
66.249.72.7 - - [19/Jan/2026:13:49:47 -0500] "GET /q-~116caTX7VXAPTXcogwnLIHA5D5oe2C5TW41066/ HTTP/1.1" 404 1251 "-" "Mozilla/5.0 (Linux; Android 6.0.1; Nexus 5X Build/MMB29P) AppleWebKit/537.36 (KHTML, like Gecko) Chrome/143.0.7499.192 Mobile Safari/537.36 (compatible; Googlebot/2.1; +http://www.google.com/bot.html)"
66.249.72.1 - - [19/Jan/2026:13:50:15 -0500] "GET /q-~209fOIOSBnfShv0Tr0WD5obb8C8yxyy7c30301/ HTTP/1.1" 404 1251 "-" "Mozilla/5.0 (Linux; Android 6.0.1; Nexus 5X Build/MMB29P) AppleWebKit/537.36 (KHTML, like Gecko) Chrome/143.0.7499.192 Mobile Safari/537.36 (compatible; Googlebot/2.1; +http://www.google.com/bot.html)"
74.7.227.156 - - [19/Jan/2026:13:50:34 -0500] "GET /product/verbal289?c=g&l=49072 HTTP/1.1" 404 1251 "https://4abetter.us/sitemap664.xml" "Mozilla/5.0 AppleWebKit/537.36 (KHTML, like Gecko; compatible; GPTBot/1.3; +https://openai.com/gptbot)"
66.249.72.8 - - [19/Jan/2026:13:52:09 -0500] "GET /q-~95ZZsOzDgvh2qlBFcl0OWQ4ZvtbXdTwZ29021/ HTTP/1.1" 404 1251 "-" "Mozilla/5.0 (Linux; Android 6.0.1; Nexus 5X Build/MMB29P) AppleWebKit/537.36 (KHTML, like Gecko) Chrome/143.0.7499.192 Mobile Safari/537.36 (compatible; Googlebot/2.1; +http://www.google.com/bot.html)"
74.7.227.156 - - [19/Jan/2026:13:52:44 -0500] "GET /product/height186?c=g&l=22937 HTTP/1.1" 404 1251 "https://4abetter.us/sitemap766.xml" "Mozilla/5.0 AppleWebKit/537.36 (KHTML, like Gecko; compatible; GPTBot/1.3; +https://openai.com/gptbot)"
66.249.72.8 - - [19/Jan/2026:13:53:14 -0500] "GET /q-~276uiCM8HV4POLQQplAnqLjA8gEO39wqM3016/ HTTP/1.1" 404 1251 "-" "Mozilla/5.0 (Linux; Android 6.0.1; Nexus 5X Build/MMB29P) AppleWebKit/537.36 (KHTML, like Gecko) Chrome/143.0.7499.192 Mobile Safari/537.36 (compatible; Googlebot/2.1; +http://www.google.com/bot.html)"
66.249.72.7 - - [19/Jan/2026:13:53:59 -0500] "GET /q-~182FaITHpxeayfR7l9yG03yB1iE0IRMWr23812/ HTTP/1.1" 404 1251 "-" "Mozilla/5.0 (Linux; Android 6.0.1; Nexus 5X Build/MMB29P) AppleWebKit/537.36 (KHTML, like Gecko) Chrome/143.0.7499.192 Mobile Safari/537.36 (compatible; Googlebot/2.1; +http://www.google.com/bot.html)"
74.7.227.156 - - [19/Jan/2026:13:54:52 -0500] "GET /product/advice247?c=g&l=30904 HTTP/1.1" 404 1251 "https://4abetter.us/sitemap922.xml" "Mozilla/5.0 AppleWebKit/537.36 (KHTML, like Gecko; compatible; GPTBot/1.3; +https://openai.com/gptbot)"
66.249.91.173 - - [19/Jan/2026:13:55:13 -0500] "GET /dcmonline-700978 HTTP/1.1" 404 1251 "-" "Mozilla/5.0 (X11; Linux x86_64) AppleWebKit/537.36 (KHTML, like Gecko) Chrome/143.0.7499.192 Safari/537.36"
74.7.227.156 - - [19/Jan/2026:13:55:54 -0500] "GET /product/wooden221?c=g&l=49708 HTTP/1.1" 404 1251 "https://4abetter.us/sitemap554.xml" "Mozilla/5.0 AppleWebKit/537.36 (KHTML, like Gecko; compatible; GPTBot/1.3; +https://openai.com/gptbot)"
66.249.72.1 - - [19/Jan/2026:13:57:45 -0500] "GET /q-~124e11Z5gHiRHLtHqLk9jmtwnjguydGwG20474/ HTTP/1.1" 404 1251 "-" "Mozilla/5.0 (Linux; Android 6.0.1; Nexus 5X Build/MMB29P) AppleWebKit/537.36 (KHTML, like Gecko) Chrome/143.0.7499.192 Mobile Safari/537.36 (compatible; Googlebot/2.1; +http://www.google.com/bot.html)"
74.7.227.156 - - [19/Jan/2026:13:58:00 -0500] "GET /product/senior204?c=g&l=16761 HTTP/1.1" 404 1251 "https://4abetter.us/sitemap554.xml" "Mozilla/5.0 AppleWebKit/537.36 (KHTML, like Gecko; compatible; GPTBot/1.3; +https://openai.com/gptbot)"
66.249.72.8 - - [19/Jan/2026:13:58:22 -0500] "GET /q-~142QI5TFjpk68M4sC7tfrboo2lb7dflje2484/ HTTP/1.1" 404 1251 "-" "Mozilla/5.0 (Linux; Android 6.0.1; Nexus 5X Build/MMB29P) AppleWebKit/537.36 (KHTML, like Gecko) Chrome/143.0.7499.192 Mobile Safari/537.36 (compatible; Googlebot/2.1; +http://www.google.com/bot.html)"
66.249.75.76 - - [19/Jan/2026:13:58:27 -0500] "GET /q-~38ifSowR8BT7sLIorMIOCvlbXER8AXAS24548/ HTTP/1.1" 404 1251 "-" "Mozilla/5.0 (Linux; Android 6.0.1; Nexus 5X Build/MMB29P) AppleWebKit/537.36 (KHTML, like Gecko) Chrome/143.0.7499.192 Mobile Safari/537.36 (compatible; Googlebot/2.1; +http://www.google.com/bot.html)"
66.249.75.76 - - [19/Jan/2026:13:58:29 -0500] "GET /q-~107BMYUrrlIDHlERbLE0sG4ZmGKcvSNHn27369/ HTTP/1.1" 404 1251 "-" "Mozilla/5.0 (Linux; Android 6.0.1; Nexus 5X Build/MMB29P) AppleWebKit/537.36 (KHTML, like Gecko) Chrome/143.0.7499.192 Mobile Safari/537.36 (compatible; Googlebot/2.1; +http://www.google.com/bot.html)"
66.249.75.76 - - [19/Jan/2026:13:58:43 -0500] "GET /q-~221ZNMwOq87UKu6Iu3j6KDC7cSfkft3JI723/ HTTP/1.1" 404 1251 "-" "Mozilla/5.0 (Linux; Android 6.0.1; Nexus 5X Build/MMB29P) AppleWebKit/537.36 (KHTML, like Gecko) Chrome/143.0.7499.192 Mobile Safari/537.36 (compatible; Googlebot/2.1; +http://www.google.com/bot.html)"
74.7.227.156 - - [19/Jan/2026:13:59:05 -0500] "GET /product/please170?c=g&l=23967 HTTP/1.1" 404 1251 "https://4abetter.us/sitemap909.xml" "Mozilla/5.0 AppleWebKit/537.36 (KHTML, like Gecko; compatible; GPTBot/1.3; +https://openai.com/gptbot)"
66.249.75.77 - - [19/Jan/2026:13:59:43 -0500] "GET /product/patience9?c=g&l=39744 HTTP/1.1" 404 1251 "-" "Mozilla/5.0 (Linux; Android 6.0.1; Nexus 5X Build/MMB29P) AppleWebKit/537.36 (KHTML, like Gecko) Chrome/143.0.7499.192 Mobile Safari/537.36 (compatible; Googlebot/2.1; +http://www.google.com/bot.html)"
74.7.227.156 - - [19/Jan/2026:14:00:10 -0500] "GET /product/remind271?c=g&l=34194 HTTP/1.1" 404 1251 "https://4abetter.us/sitemap766.xml" "Mozilla/5.0 AppleWebKit/537.36 (KHTML, like Gecko; compatible; GPTBot/1.3; +https://openai.com/gptbot)"
66.249.75.77 - - [19/Jan/2026:14:00:19 -0500] "GET /q-~197Hhtgwz16ccOmxXckXRcezJzVuV8E8l42911/ HTTP/1.1" 404 1251 "-" "Mozilla/5.0 (Linux; Android 6.0.1; Nexus 5X Build/MMB29P) AppleWebKit/537.36 (KHTML, like Gecko) Chrome/143.0.7499.192 Mobile Safari/537.36 (compatible; Googlebot/2.1; +http://www.google.com/bot.html)"
66.249.75.76 - - [19/Jan/2026:14:00:25 -0500] "GET /category/822_6541_16399/1 HTTP/1.1" 404 1251 "-" "Mozilla/5.0 (Linux; Android 6.0.1; Nexus 5X Build/MMB29P) AppleWebKit/537.36 (KHTML, like Gecko) Chrome/143.0.7499.192 Mobile Safari/537.36 (compatible; Googlebot/2.1; +http://www.google.com/bot.html)"
66.249.72.8 - - [19/Jan/2026:13:51:43 -0500] "GET /q-~192BLy7vwqxLFos7O8soiPjeSmJz5RBpE33588/ HTTP/1.1" 404 1251 "-" "Mozilla/5.0 (Linux; Android 6.0.1; Nexus 5X Build/MMB29P) AppleWebKit/537.36 (KHTML, like Gecko) Chrome/143.0.7499.192 Mobile Safari/537.36 (compatible; Googlebot/2.1; +http://www.google.com/bot.html)"
74.7.227.156 - - [19/Jan/2026:13:53:48 -0500] "GET /product/streak139?c=g&l=40466 HTTP/1.1" 404 1251 "https://4abetter.us/sitemap553.xml" "Mozilla/5.0 AppleWebKit/537.36 (KHTML, like Gecko; compatible; GPTBot/1.3; +https://openai.com/gptbot)"
74.7.227.156 - - [19/Jan/2026:13:56:56 -0500] "GET /product/inside265?c=g&l=43204 HTTP/1.1" 404 1251 "https://4abetter.us/sitemap664.xml" "Mozilla/5.0 AppleWebKit/537.36 (KHTML, like Gecko; compatible; GPTBot/1.3; +https://openai.com/gptbot)"
66.249.72.8 - - [19/Jan/2026:13:58:17 -0500] "GET /q-~190AXsqFgRCLZuq8hDdWpYBhsDpxQVdUR39160/ HTTP/1.1" 404 1251 "-" "Mozilla/5.0 (Linux; Android 6.0.1; Nexus 5X Build/MMB29P) AppleWebKit/537.36 (KHTML, like Gecko) Chrome/143.0.7499.192 Mobile Safari/537.36 (compatible; Googlebot/2.1; +http://www.google.com/bot.html)"
66.249.75.76 - - [19/Jan/2026:13:58:36 -0500] "GET /q-~112h6VMHGDO3vmBYnTvteWAJuplyb7GWY21922/ HTTP/1.1" 404 1251 "-" "Mozilla/5.0 (Linux; Android 6.0.1; Nexus 5X Build/MMB29P) AppleWebKit/537.36 (KHTML, like Gecko) Chrome/143.0.7499.192 Mobile Safari/537.36 (compatible; Googlebot/2.1; +http://www.google.com/bot.html)"
66.249.72.1 - - [19/Jan/2026:13:59:25 -0500] "GET /q-~202LmSpfzf0269YNBCytT1jYO2AaW9vMl7616/ HTTP/1.1" 404 1251 "-" "Mozilla/5.0 (Linux; Android 6.0.1; Nexus 5X Build/MMB29P) AppleWebKit/537.36 (KHTML, like Gecko) Chrome/143.0.7499.192 Mobile Safari/537.36 (compatible; Googlebot/2.1; +http://www.google.com/bot.html)"
66.249.72.7 - - [19/Jan/2026:13:59:30 -0500] "GET /q-~293QRdqoxXOVQnOphdo44pVJkHr03kkHc365/ HTTP/1.1" 404 1251 "-" "Mozilla/5.0 (Linux; Android 6.0.1; Nexus 5X Build/MMB29P) AppleWebKit/537.36 (KHTML, like Gecko) Chrome/143.0.7499.192 Mobile Safari/537.36 (compatible; Googlebot/2.1; +http://www.google.com/bot.html)"
66.249.72.7 - - [19/Jan/2026:14:00:31 -0500] "GET /q-~137j16yaV2maMvOiDIRs0vE2sbAsC0SAv41311/ HTTP/1.1" 404 1251 "-" "Mozilla/5.0 (Linux; Android 6.0.1; Nexus 5X Build/MMB29P) AppleWebKit/537.36 (KHTML, like Gecko) Chrome/143.0.7499.192 Mobile Safari/537.36 (compatible; Googlebot/2.1; +http://www.google.com/bot.html)"
66.249.72.8 - - [19/Jan/2026:14:00:37 -0500] "GET /q-~191g9BUweLWhisJqFQk6rvMQqjm3Pk7sF8003/ HTTP/1.1" 404 1251 "-" "Mozilla/5.0 (Linux; Android 6.0.1; Nexus 5X Build/MMB29P) AppleWebKit/537.36 (KHTML, like Gecko) Chrome/143.0.7499.192 Mobile Safari/537.36 (compatible; Googlebot/2.1; +http://www.google.com/bot.html)"
66.249.75.76 - - [19/Jan/2026:14:00:50 -0500] "GET /q-~163g2MOTFMoCe76NE84MeclZD19ZGpmHm38399/ HTTP/1.1" 404 1251 "-" "Mozilla/5.0 (Linux; Android 6.0.1; Nexus 5X Build/MMB29P) AppleWebKit/537.36 (KHTML, like Gecko) Chrome/143.0.7499.192 Mobile Safari/537.36 (compatible; Googlebot/2.1; +http://www.google.com/bot.html)"
66.249.72.8 - - [19/Jan/2026:14:01:19 -0500] "GET /q-~209EV4ekXEgBdYmCY6AZoNtH4Mmy9RHtR13997/ HTTP/1.1" 404 1251 "-" "Mozilla/5.0 (Linux; Android 6.0.1; Nexus 5X Build/MMB29P) AppleWebKit/537.36 (KHTML, like Gecko) Chrome/143.0.7499.192 Mobile Safari/537.36 (compatible; Googlebot/2.1; +http://www.google.com/bot.html)"
66.249.72.7 - - [19/Jan/2026:14:01:24 -0500] "GET /q-~243NHDoHHdWF1oF8bCoscWUPEHpHI2IPW45777/ HTTP/1.1" 404 1251 "-" "Mozilla/5.0 (Linux; Android 6.0.1; Nexus 5X Build/MMB29P) AppleWebKit/537.36 (KHTML, like Gecko) Chrome/143.0.7499.192 Mobile Safari/537.36 (compatible; Googlebot/2.1; +http://www.google.com/bot.html)"
66.249.75.76 - - [19/Jan/2026:14:01:30 -0500] "GET /q-~80gpd7CBjsN12ZFsEVEsYv3xMA02wDyC35460/ HTTP/1.1" 404 1251 "-" "Mozilla/5.0 (Linux; Android 6.0.1; Nexus 5X Build/MMB29P) AppleWebKit/537.36 (KHTML, like Gecko) Chrome/143.0.7499.192 Mobile Safari/537.36 (compatible; Googlebot/2.1; +http://www.google.com/bot.html)"
66.249.72.7 - - [19/Jan/2026:14:01:51 -0500] "GET /q-~100DbEaFymnM01Uv1TDExGA4okHdfZoma41516/ HTTP/1.1" 404 1251 "-" "Mozilla/5.0 (Linux; Android 6.0.1; Nexus 5X Build/MMB29P) AppleWebKit/537.36 (KHTML, like Gecko) Chrome/143.0.7499.192 Mobile Safari/537.36 (compatible; Googlebot/2.1; +http://www.google.com/bot.html)"
66.249.75.77 - - [19/Jan/2026:14:02:19 -0500] "GET /?_ga=2.199735937.1959570908.1725022440-040787882.1699463641&_bdsid=fwa36q.n~MDPRM.1752551838833.1702261683&_bd_prev_page=https://4abetter.us/cart.do?q-~24g6haHpUA4ZDNfO8jF5HIZOnGYC9YyR25920/ HTTP/1.1" 200 2483 "-" "Mozilla/5.0 (Linux; Android 6.0.1; Nexus 5X Build/MMB29P) AppleWebKit/537.36 (KHTML, like Gecko) Chrome/143.0.7499.192 Mobile Safari/537.36 (compatible; Googlebot/2.1; +http://www.google.com/bot.html)"
74.7.227.156 - - [19/Jan/2026:14:02:20 -0500] "GET /product/demand114?c=g&l=43527 HTTP/1.1" 404 1251 "https://4abetter.us/sitemap766.xml" "Mozilla/5.0 AppleWebKit/537.36 (KHTML, like Gecko; compatible; GPTBot/1.3; +https://openai.com/gptbot)"
74.7.227.156 - - [19/Jan/2026:14:03:22 -0500] "GET /product/breath134?c=g&l=36197 HTTP/1.1" 404 1251 "https://4abetter.us/sitemap909.xml" "Mozilla/5.0 AppleWebKit/537.36 (KHTML, like Gecko; compatible; GPTBot/1.3; +https://openai.com/gptbot)"
74.7.227.156 - - [19/Jan/2026:14:04:27 -0500] "GET /product/safety234?c=g&l=11417 HTTP/1.1" 404 1251 "https://4abetter.us/sitemap544.xml" "Mozilla/5.0 AppleWebKit/537.36 (KHTML, like Gecko; compatible; GPTBot/1.3; +https://openai.com/gptbot)"
66.249.72.7 - - [19/Jan/2026:14:00:43 -0500] "GET /q-~67HJpdWmYIQnfU4am52rrJcvNX14BBXp12829/ HTTP/1.1" 404 1251 "-" "Mozilla/5.0 (Linux; Android 6.0.1; Nexus 5X Build/MMB29P) AppleWebKit/537.36 (KHTML, like Gecko) Chrome/143.0.7499.192 Mobile Safari/537.36 (compatible; Googlebot/2.1; +http://www.google.com/bot.html)"
74.7.227.156 - - [19/Jan/2026:14:01:15 -0500] "GET /product/remove130?c=g&l=49805 HTTP/1.1" 404 1251 "https://4abetter.us/sitemap544.xml" "Mozilla/5.0 AppleWebKit/537.36 (KHTML, like Gecko; compatible; GPTBot/1.3; +https://openai.com/gptbot)"
66.249.72.7 - - [19/Jan/2026:14:01:37 -0500] "GET /q-~95bh4sIAulYluqR8WoSYubiqiRxJZfAe7853/ HTTP/1.1" 404 1251 "-" "Mozilla/5.0 (Linux; Android 6.0.1; Nexus 5X Build/MMB29P) AppleWebKit/537.36 (KHTML, like Gecko) Chrome/143.0.7499.192 Mobile Safari/537.36 (compatible; Googlebot/2.1; +http://www.google.com/bot.html)"
66.249.72.7 - - [19/Jan/2026:14:01:43 -0500] "GET /q-~1pNce9IQy8EL39AZ156gOMFA74uxhsk1791/ HTTP/1.1" 404 1251 "-" "Mozilla/5.0 (Linux; Android 6.0.1; Nexus 5X Build/MMB29P) AppleWebKit/537.36 (KHTML, like Gecko) Chrome/143.0.7499.192 Mobile Safari/537.36 (compatible; Googlebot/2.1; +http://www.google.com/bot.html)"
66.249.72.1 - - [19/Jan/2026:14:02:20 -0500] "GET /q-~278hMIGweh0jiINBbn90aR5cl1L74ygsH27260/ HTTP/1.1" 404 1251 "-" "Mozilla/5.0 (Linux; Android 6.0.1; Nexus 5X Build/MMB29P) AppleWebKit/537.36 (KHTML, like Gecko) Chrome/143.0.7499.192 Mobile Safari/537.36 (compatible; Googlebot/2.1; +http://www.google.com/bot.html)"
66.249.75.76 - - [19/Jan/2026:14:03:15 -0500] "GET /?_ga=2.199735937.1959570908.1725022440-040787882.1699463641&_bdsid=fwa36q.n~MDPRM.1752551838833.1702261683&_bd_prev_page=https://4abetter.us/cart.do?product/follow1?c=g&l=39192 HTTP/1.1" 200 2483 "-" "Mozilla/5.0 (Linux; Android 6.0.1; Nexus 5X Build/MMB29P) AppleWebKit/537.36 (KHTML, like Gecko) Chrome/143.0.7499.192 Mobile Safari/537.36 (compatible; Googlebot/2.1; +http://www.google.com/bot.html)"
45.27.209.7 - - [19/Jan/2026:14:04:40 -0500] "GET /q-~202EZWYFK378B5Hxja22TtdXOdeqKdmFx45994/ HTTP/1.1" 404 1251 "-" "Mozilla/5.0 (Windows; U; Windows NT 5.1; pt-PT; rv:1.9.2.7) Gecko/20100713 Firefox/3.6.7 (.NET CLR 3.5.30729)"
66.249.72.8 - - [19/Jan/2026:14:04:54 -0500] "GET /q-~274BHm94jOCMjv6msrJYsD6Fj7ejlGtXX22526/ HTTP/1.1" 404 1251 "-" "Mozilla/5.0 (Linux; Android 6.0.1; Nexus 5X Build/MMB29P) AppleWebKit/537.36 (KHTML, like Gecko) Chrome/143.0.7499.192 Mobile Safari/537.36 (compatible; Googlebot/2.1; +http://www.google.com/bot.html)"
74.7.227.156 - - [19/Jan/2026:14:06:31 -0500] "GET /product/engage291?c=g&l=36830 HTTP/1.1" 404 1251 "https://4abetter.us/sitemap544.xml" "Mozilla/5.0 AppleWebKit/537.36 (KHTML, like Gecko; compatible; GPTBot/1.3; +https://openai.com/gptbot)"
74.7.227.156 - - [19/Jan/2026:14:05:29 -0500] "GET /product/survey126?c=g&l=13517 HTTP/1.1" 404 1251 "https://4abetter.us/sitemap554.xml" "Mozilla/5.0 AppleWebKit/537.36 (KHTML, like Gecko; compatible; GPTBot/1.3; +https://openai.com/gptbot)"
45.37.131.160 - - [19/Jan/2026:14:07:24 -0500] "GET /q-~212jCKlT3BQnp2ANub4wk5EM4UkVxjiPi19430/ HTTP/1.1" 404 1251 "-" "Mozilla/5.0 (Windows; U; Windows NT 6.0; en-US) AppleWebKit/532.1 (KHTML, like Gecko) Chrome/4.0.220.1 Safari/532.1"
74.7.227.156 - - [19/Jan/2026:14:07:33 -0500] "GET /product/inform165?c=g&l=31862 HTTP/1.1" 404 1251 "https://4abetter.us/sitemap337.xml" "Mozilla/5.0 AppleWebKit/537.36 (KHTML, like Gecko; compatible; GPTBot/1.3; +https://openai.com/gptbot)"
74.7.227.156 - - [19/Jan/2026:14:08:38 -0500] "GET /product/equity295?c=g&l=12498 HTTP/1.1" 404 1251 "https://4abetter.us/sitemap664.xml" "Mozilla/5.0 AppleWebKit/537.36 (KHTML, like Gecko; compatible; GPTBot/1.3; +https://openai.com/gptbot)"
216.73.216.87 - - [19/Jan/2026:14:14:49 -0500] "GET /wp-includes/Requests/src/Proxy.php HTTP/1.1" 403 1242 "-" "Mozilla/5.0 AppleWebKit/537.36 (KHTML, like Gecko; compatible; ClaudeBot/1.0; +claudebot@anthropic.com)"
216.73.216.87 - - [19/Jan/2026:14:14:50 -0500] "GET /wp-includes/Requests/src/Response.php HTTP/1.1" 403 1242 "-" "Mozilla/5.0 AppleWebKit/537.36 (KHTML, like Gecko; compatible; ClaudeBot/1.0; +claudebot@anthropic.com)"
216.73.216.87 - - [19/Jan/2026:14:14:51 -0500] "GET /wp-includes/SimplePie/src/Exception.php HTTP/1.1" 403 1242 "-" "Mozilla/5.0 AppleWebKit/537.36 (KHTML, like Gecko; compatible; ClaudeBot/1.0; +claudebot@anthropic.com)"
216.73.216.87 - - [19/Jan/2026:14:14:52 -0500] "GET /wp-includes/SimplePie/Cache/Memcache.php HTTP/1.1" 403 1242 "-" "Mozilla/5.0 AppleWebKit/537.36 (KHTML, like Gecko; compatible; ClaudeBot/1.0; +claudebot@anthropic.com)"
216.73.216.87 - - [19/Jan/2026:14:14:52 -0500] "GET /wp-includes/Requests/src/IdnaEncoder.php HTTP/1.1" 403 1242 "-" "Mozilla/5.0 AppleWebKit/537.36 (KHTML, like Gecko; compatible; ClaudeBot/1.0; +claudebot@anthropic.com)"
216.73.216.87 - - [19/Jan/2026:14:14:53 -0500] "GET /wp-includes/SimplePie/Cache/DB.php HTTP/1.1" 403 1242 "-" "Mozilla/5.0 AppleWebKit/537.36 (KHTML, like Gecko; compatible; ClaudeBot/1.0; +claudebot@anthropic.com)"
216.73.216.87 - - [19/Jan/2026:14:14:53 -0500] "GET /wp-includes/SimplePie/Decode/HTML HTTP/1.1" 301 795 "-" "Mozilla/5.0 AppleWebKit/537.36 (KHTML, like Gecko; compatible; ClaudeBot/1.0; +claudebot@anthropic.com)"
216.73.216.87 - - [19/Jan/2026:14:14:53 -0500] "GET /wp-includes/SimplePie/Decode/HTML/ HTTP/1.1" 200 639 "https://4abetter.us/wp-includes/SimplePie/Decode/HTML" "Mozilla/5.0 AppleWebKit/537.36 (KHTML, like Gecko; compatible; ClaudeBot/1.0; +claudebot@anthropic.com)"
216.73.216.87 - - [19/Jan/2026:14:14:54 -0500] "GET /wp-includes/SimplePie/src/Core.php HTTP/1.1" 403 1242 "-" "Mozilla/5.0 AppleWebKit/537.36 (KHTML, like Gecko; compatible; ClaudeBot/1.0; +claudebot@anthropic.com)"
216.73.216.87 - - [19/Jan/2026:14:14:55 -0500] "GET /wp-includes/SimplePie/src/HTTP/ HTTP/1.1" 200 634 "https://4abetter.us/wp-includes/SimplePie/src/HTTP" "Mozilla/5.0 AppleWebKit/537.36 (KHTML, like Gecko; compatible; ClaudeBot/1.0; +claudebot@anthropic.com)"
216.73.216.87 - - [19/Jan/2026:14:14:55 -0500] "GET /wp-includes/SimplePie/Cache/Base.php HTTP/1.1" 403 1242 "-" "Mozilla/5.0 AppleWebKit/537.36 (KHTML, like Gecko; compatible; ClaudeBot/1.0; +claudebot@anthropic.com)"
216.73.216.87 - - [19/Jan/2026:14:14:55 -0500] "GET /wp-includes/SimplePie/src/Source.php HTTP/1.1" 403 1242 "-" "Mozilla/5.0 AppleWebKit/537.36 (KHTML, like Gecko; compatible; ClaudeBot/1.0; +claudebot@anthropic.com)"
216.73.216.87 - - [19/Jan/2026:14:14:55 -0500] "GET /wp-includes/Text/Diff/Engine HTTP/1.1" 301 795 "-" "Mozilla/5.0 AppleWebKit/537.36 (KHTML, like Gecko; compatible; ClaudeBot/1.0; +claudebot@anthropic.com)"
