172.58.250.48 - - [19/Jan/2026:10:57:59 -0500] "GET /q-~15LxdHliaszzBPTUi0MVb6dgJPj3poqq23873/ HTTP/1.1" 404 1251 "-" "Mozilla/5.0 (Macintosh; U; Intel Mac OS X 10_6_3; en-US) AppleWebKit/533.4 (KHTML, like Gecko) Chrome/5.0.366.0 Safari/533.4"
68.134.75.119 - - [19/Jan/2026:10:58:19 -0500] "GET /q-~160gWxvgbPYJwhjfB0ubhFPRfPUnnod2D41044/ HTTP/1.1" 404 1251 "-" "Mozilla/5.0 (Macintosh; U; PPC Mac OS X; it-it) AppleWebKit/416.12 (KHTML, like Gecko) Safari/416.13"
24.160.184.117 - - [19/Jan/2026:10:59:27 -0500] "GET /q-~166FL4ikQamCDIN0FqhHfw0SRQrZcmJ0J560/ HTTP/1.1" 404 1251 "-" "Mozilla/5.0 (Windows; U; Windows NT 5.2; en-US) AppleWebKit/532.2 (KHTML, like Gecko) Chrome/4.0.223.2 Safari/532.2"
74.7.227.156 - - [19/Jan/2026:11:02:20 -0500] "GET /product/violation9?c=g&l=14320 HTTP/1.1" 404 1251 "https://4abetter.us/sitemap606.xml" "Mozilla/5.0 AppleWebKit/537.36 (KHTML, like Gecko; compatible; GPTBot/1.3; +https://openai.com/gptbot)"
74.7.227.156 - - [19/Jan/2026:11:03:23 -0500] "GET /product/essential67?c=g&l=7824 HTTP/1.1" 404 1251 "https://4abetter.us/sitemap664.xml" "Mozilla/5.0 AppleWebKit/537.36 (KHTML, like Gecko; compatible; GPTBot/1.3; +https://openai.com/gptbot)"
74.7.227.156 - - [19/Jan/2026:11:06:30 -0500] "GET /product/inflation5?c=g&l=24036 HTTP/1.1" 404 1251 "https://4abetter.us/sitemap554.xml" "Mozilla/5.0 AppleWebKit/537.36 (KHTML, like Gecko; compatible; GPTBot/1.3; +https://openai.com/gptbot)"
74.7.227.156 - - [19/Jan/2026:11:07:32 -0500] "GET /product/extensive13?c=g&l=5650 HTTP/1.1" 404 1251 "https://4abetter.us/sitemap338.xml" "Mozilla/5.0 AppleWebKit/537.36 (KHTML, like Gecko; compatible; GPTBot/1.3; +https://openai.com/gptbot)"
74.7.227.156 - - [19/Jan/2026:11:08:38 -0500] "GET /product/something44?c=g&l=8551 HTTP/1.1" 404 1251 "https://4abetter.us/sitemap909.xml" "Mozilla/5.0 AppleWebKit/537.36 (KHTML, like Gecko; compatible; GPTBot/1.3; +https://openai.com/gptbot)"
74.7.227.156 - - [19/Jan/2026:11:09:42 -0500] "GET /product/realistic140?c=g&l=267 HTTP/1.1" 404 1251 "https://4abetter.us/sitemap338.xml" "Mozilla/5.0 AppleWebKit/537.36 (KHTML, like Gecko; compatible; GPTBot/1.3; +https://openai.com/gptbot)"
74.7.227.156 - - [19/Jan/2026:11:12:51 -0500] "GET /product/voluntary47?c=g&l=8526 HTTP/1.1" 404 1251 "https://4abetter.us/sitemap606.xml" "Mozilla/5.0 AppleWebKit/537.36 (KHTML, like Gecko; compatible; GPTBot/1.3; +https://openai.com/gptbot)"
66.249.91.172 - - [19/Jan/2026:11:13:30 -0500] "GET /q-~244tme159lntZklDrkQVsQz9oR06utF0a14888/ HTTP/1.1" 404 1251 "-" "Mozilla/5.0 (X11; Linux x86_64) AppleWebKit/537.36 (KHTML, like Gecko) Chrome/143.0.7499.192 Safari/537.36"
74.7.227.156 - - [19/Jan/2026:11:13:52 -0500] "GET /product/framework33?c=g&l=5748 HTTP/1.1" 404 1251 "https://4abetter.us/sitemap337.xml" "Mozilla/5.0 AppleWebKit/537.36 (KHTML, like Gecko; compatible; GPTBot/1.3; +https://openai.com/gptbot)"
66.249.75.76 - - [19/Jan/2026:11:16:52 -0500] "GET /?_ga=2.199735937.1959570908.1725022440-040787882.1699463641&_bdsid=fwa36q.n~MDPRM.1752551838833.1702261683&_bd_prev_page=https://4abetter.us/cart.do?q-~34G3pSNRah9xcmmgWXnpdI9rczClVFFg37486/ HTTP/1.1" 200 2484 "-" "Mozilla/5.0 (Linux; Android 6.0.1; Nexus 5X Build/MMB29P) AppleWebKit/537.36 (KHTML, like Gecko) Chrome/143.0.7499.192 Mobile Safari/537.36 (compatible; Googlebot/2.1; +http://www.google.com/bot.html)"
66.249.72.7 - - [19/Jan/2026:11:16:52 -0500] "GET /product/follow80?c=g&l=3 HTTP/1.1" 404 1251 "-" "Mozilla/5.0 (Linux; Android 6.0.1; Nexus 5X Build/MMB29P) AppleWebKit/537.36 (KHTML, like Gecko) Chrome/143.0.7499.192 Mobile Safari/537.36 (compatible; Googlebot/2.1; +http://www.google.com/bot.html)"
66.249.72.8 - - [19/Jan/2026:11:16:53 -0500] "GET /denzaido-4904550237342 HTTP/1.1" 404 1251 "-" "Mozilla/5.0 (Linux; Android 6.0.1; Nexus 5X Build/MMB29P) AppleWebKit/537.36 (KHTML, like Gecko) Chrome/143.0.7499.192 Mobile Safari/537.36 (compatible; Googlebot/2.1; +http://www.google.com/bot.html)"
66.249.72.7 - - [19/Jan/2026:11:16:54 -0500] "GET /auc-jetrag-11c30b6289a03a46-1 HTTP/1.1" 404 1251 "-" "Mozilla/5.0 (Linux; Android 6.0.1; Nexus 5X Build/MMB29P) AppleWebKit/537.36 (KHTML, like Gecko) Chrome/143.0.7499.192 Mobile Safari/537.36 (compatible; Googlebot/2.1; +http://www.google.com/bot.html)"
66.249.72.7 - - [19/Jan/2026:11:16:54 -0500] "GET /q-~198t13AbL8TtxueaFHgwRNnsPnoPxSJzF38642/ HTTP/1.1" 404 1251 "-" "Mozilla/5.0 (Linux; Android 6.0.1; Nexus 5X Build/MMB29P) AppleWebKit/537.36 (KHTML, like Gecko) Chrome/143.0.7499.192 Mobile Safari/537.36 (compatible; Googlebot/2.1; +http://www.google.com/bot.html)"
66.249.72.8 - - [19/Jan/2026:11:16:54 -0500] "GET /q-~263kEHkSf5uoyml0KVfwORpytOU17inLe17215/ HTTP/1.1" 404 1251 "-" "Mozilla/5.0 (Linux; Android 6.0.1; Nexus 5X Build/MMB29P) AppleWebKit/537.36 (KHTML, like Gecko) Chrome/143.0.7499.192 Mobile Safari/537.36 (compatible; Googlebot/2.1; +http://www.google.com/bot.html)"
66.249.72.8 - - [19/Jan/2026:11:16:54 -0500] "GET /q-~170LxnhAfg1sL1NgAWt6DtioiB09M85so7154/ HTTP/1.1" 404 1251 "-" "Mozilla/5.0 (Linux; Android 6.0.1; Nexus 5X Build/MMB29P) AppleWebKit/537.36 (KHTML, like Gecko) Chrome/143.0.7499.192 Mobile Safari/537.36 (compatible; Googlebot/2.1; +http://www.google.com/bot.html)"
66.249.72.7 - - [19/Jan/2026:11:16:54 -0500] "GET /q-~23pUDCVHnILmYWiXg6wwm177yAMHABJu11859/ HTTP/1.1" 404 1251 "-" "Mozilla/5.0 (Linux; Android 6.0.1; Nexus 5X Build/MMB29P) AppleWebKit/537.36 (KHTML, like Gecko) Chrome/143.0.7499.192 Mobile Safari/537.36 (compatible; Googlebot/2.1; +http://www.google.com/bot.html)"
66.249.72.8 - - [19/Jan/2026:11:16:54 -0500] "GET /q-~5ZqcHqxxRHOaQ7MhtaexXvOIKFnkztY29757/ HTTP/1.1" 404 1251 "-" "Mozilla/5.0 (Linux; Android 6.0.1; Nexus 5X Build/MMB29P) AppleWebKit/537.36 (KHTML, like Gecko) Chrome/143.0.7499.192 Mobile Safari/537.36 (compatible; Googlebot/2.1; +http://www.google.com/bot.html)"
66.249.72.7 - - [19/Jan/2026:11:16:55 -0500] "GET /q-~127wy2lYydzqoP93U6eE3F0pZoOXqWxEA37817/ HTTP/1.1" 404 1251 "-" "Mozilla/5.0 (Linux; Android 6.0.1; Nexus 5X Build/MMB29P) AppleWebKit/537.36 (KHTML, like Gecko) Chrome/143.0.7499.192 Mobile Safari/537.36 (compatible; Googlebot/2.1; +http://www.google.com/bot.html)"
74.7.227.156 - - [19/Jan/2026:11:11:47 -0500] "GET /product/equipment146?c=g&l=403 HTTP/1.1" 404 1251 "https://4abetter.us/sitemap554.xml" "Mozilla/5.0 AppleWebKit/537.36 (KHTML, like Gecko; compatible; GPTBot/1.3; +https://openai.com/gptbot)"
74.7.227.156 - - [19/Jan/2026:11:14:56 -0500] "GET /product/associate140?c=g&l=875 HTTP/1.1" 404 1251 "https://4abetter.us/sitemap664.xml" "Mozilla/5.0 AppleWebKit/537.36 (KHTML, like Gecko; compatible; GPTBot/1.3; +https://openai.com/gptbot)"
74.7.227.156 - - [19/Jan/2026:11:16:01 -0500] "GET /product/otherwise22?c=g&l=1509 HTTP/1.1" 404 1251 "https://4abetter.us/sitemap338.xml" "Mozilla/5.0 AppleWebKit/537.36 (KHTML, like Gecko; compatible; GPTBot/1.3; +https://openai.com/gptbot)"
66.249.72.1 - - [19/Jan/2026:11:16:48 -0500] "GET /q-~168MyGR6aw1PSGniZe1pdfGbkIehnxU3x8706/ HTTP/1.1" 404 1251 "-" "Mozilla/5.0 (Linux; Android 6.0.1; Nexus 5X Build/MMB29P) AppleWebKit/537.36 (KHTML, like Gecko) Chrome/143.0.7499.192 Mobile Safari/537.36 (compatible; GoogleOther)"
66.249.72.1 - - [19/Jan/2026:11:16:50 -0500] "GET /q-~2bKQZqElUuxuyYtubtUMYge8TsWcliv46680/ HTTP/1.1" 404 1251 "-" "Mozilla/5.0 (Linux; Android 6.0.1; Nexus 5X Build/MMB29P) AppleWebKit/537.36 (KHTML, like Gecko) Chrome/143.0.7499.192 Mobile Safari/537.36 (compatible; Googlebot/2.1; +http://www.google.com/bot.html)"
66.249.72.8 - - [19/Jan/2026:11:16:54 -0500] "GET /q-~149TUrkVetaEAepG92eA6H4XmmG5Pb3UJ29561/ HTTP/1.1" 404 1251 "-" "Mozilla/5.0 (Linux; Android 6.0.1; Nexus 5X Build/MMB29P) AppleWebKit/537.36 (KHTML, like Gecko) Chrome/143.0.7499.192 Mobile Safari/537.36 (compatible; Googlebot/2.1; +http://www.google.com/bot.html)"
66.249.72.8 - - [19/Jan/2026:11:16:54 -0500] "GET /q-~54jYKQycvPI4vRareeNua8ST24lj0qYU45004/ HTTP/1.1" 404 1251 "-" "Mozilla/5.0 (Linux; Android 6.0.1; Nexus 5X Build/MMB29P) AppleWebKit/537.36 (KHTML, like Gecko) Chrome/143.0.7499.192 Mobile Safari/537.36 (compatible; Googlebot/2.1; +http://www.google.com/bot.html)"
66.249.72.8 - - [19/Jan/2026:11:16:54 -0500] "GET /q-~77Kvyj4RQyKyluCwQEXNA6BfFgAK333Y49197/ HTTP/1.1" 404 1251 "-" "Mozilla/5.0 (Linux; Android 6.0.1; Nexus 5X Build/MMB29P) AppleWebKit/537.36 (KHTML, like Gecko) Chrome/143.0.7499.192 Mobile Safari/537.36 (compatible; Googlebot/2.1; +http://www.google.com/bot.html)"
66.249.72.8 - - [19/Jan/2026:11:16:55 -0500] "GET /q-~81FakTp9dstTBr5hX15VT0yZK3mEIy3x33735/ HTTP/1.1" 404 1251 "-" "Mozilla/5.0 (Linux; Android 6.0.1; Nexus 5X Build/MMB29P) AppleWebKit/537.36 (KHTML, like Gecko) Chrome/143.0.7499.192 Mobile Safari/537.36 (compatible; Googlebot/2.1; +http://www.google.com/bot.html)"
66.249.72.8 - - [19/Jan/2026:11:16:55 -0500] "GET /q-~58ZGE3YW18hL55agA4stAzqWXClWnJpP21820/ HTTP/1.1" 404 1251 "-" "Mozilla/5.0 (Linux; Android 6.0.1; Nexus 5X Build/MMB29P) AppleWebKit/537.36 (KHTML, like Gecko) Chrome/143.0.7499.192 Mobile Safari/537.36 (compatible; Googlebot/2.1; +http://www.google.com/bot.html)"
66.249.72.7 - - [19/Jan/2026:11:16:55 -0500] "GET /q-~8ZqO7bVtbWiIbHKIvcQf6Eh6KPEAVoj16566/ HTTP/1.1" 404 1251 "-" "Mozilla/5.0 (Linux; Android 6.0.1; Nexus 5X Build/MMB29P) AppleWebKit/537.36 (KHTML, like Gecko) Chrome/143.0.7499.192 Mobile Safari/537.36 (compatible; Googlebot/2.1; +http://www.google.com/bot.html)"
66.249.72.7 - - [19/Jan/2026:11:16:55 -0500] "GET /q-~252WfqZGfhcRKt40yMJUdQfVbWHjI2uzU30754/ HTTP/1.1" 404 1251 "-" "Mozilla/5.0 (Linux; Android 6.0.1; Nexus 5X Build/MMB29P) AppleWebKit/537.36 (KHTML, like Gecko) Chrome/143.0.7499.192 Mobile Safari/537.36 (compatible; Googlebot/2.1; +http://www.google.com/bot.html)"
66.249.72.7 - - [19/Jan/2026:11:16:56 -0500] "GET /q-~22F7q5yFiiyvBQtiTYBSJTgNNVFdOMsR18148/ HTTP/1.1" 404 1251 "-" "Mozilla/5.0 (Linux; Android 6.0.1; Nexus 5X Build/MMB29P) AppleWebKit/537.36 (KHTML, like Gecko) Chrome/143.0.7499.192 Mobile Safari/537.36 (compatible; Googlebot/2.1; +http://www.google.com/bot.html)"
66.249.72.8 - - [19/Jan/2026:11:16:56 -0500] "GET /q-~271Ncq5qVPCMJUgZ8KM1OvLcHtSwwndxs30005/ HTTP/1.1" 404 1251 "-" "Mozilla/5.0 (Linux; Android 6.0.1; Nexus 5X Build/MMB29P) AppleWebKit/537.36 (KHTML, like Gecko) Chrome/143.0.7499.192 Mobile Safari/537.36 (compatible; Googlebot/2.1; +http://www.google.com/bot.html)"
66.249.72.7 - - [19/Jan/2026:11:16:56 -0500] "GET /q-~175CjMjJhu3yNMOG6HiLAIgOIgwzFsEcL2215/ HTTP/1.1" 404 1251 "-" "Mozilla/5.0 (Linux; Android 6.0.1; Nexus 5X Build/MMB29P) AppleWebKit/537.36 (KHTML, like Gecko) Chrome/143.0.7499.192 Mobile Safari/537.36 (compatible; Googlebot/2.1; +http://www.google.com/bot.html)"
66.249.72.7 - - [19/Jan/2026:11:16:56 -0500] "GET /q-~186PNXV6y9IpULaNLkHu85KCJ33VwbU3b12420/ HTTP/1.1" 404 1251 "-" "Mozilla/5.0 (Linux; Android 6.0.1; Nexus 5X Build/MMB29P) AppleWebKit/537.36 (KHTML, like Gecko) Chrome/143.0.7499.192 Mobile Safari/537.36 (compatible; Googlebot/2.1; +http://www.google.com/bot.html)"
66.249.72.7 - - [19/Jan/2026:11:16:57 -0500] "GET /q-~254oY7g7TT2LSJPaDc14YN00qDygZ6PEc29792/ HTTP/1.1" 404 1251 "-" "Mozilla/5.0 (Linux; Android 6.0.1; Nexus 5X Build/MMB29P) AppleWebKit/537.36 (KHTML, like Gecko) Chrome/143.0.7499.192 Mobile Safari/537.36 (compatible; Googlebot/2.1; +http://www.google.com/bot.html)"
66.249.72.7 - - [19/Jan/2026:11:16:57 -0500] "GET /q-~117HyFsmmEipPT9bCZEjQ5zWaMsQGETMs35007/ HTTP/1.1" 404 1251 "-" "Mozilla/5.0 (Linux; Android 6.0.1; Nexus 5X Build/MMB29P) AppleWebKit/537.36 (KHTML, like Gecko) Chrome/143.0.7499.192 Mobile Safari/537.36 (compatible; Googlebot/2.1; +http://www.google.com/bot.html)"
66.249.72.7 - - [19/Jan/2026:11:16:57 -0500] "GET /q-~60dmikemnhGDYy0gfFFnkn7AVdg6UFPM39432/ HTTP/1.1" 404 1251 "-" "Mozilla/5.0 (Linux; Android 6.0.1; Nexus 5X Build/MMB29P) AppleWebKit/537.36 (KHTML, like Gecko) Chrome/143.0.7499.192 Mobile Safari/537.36 (compatible; Googlebot/2.1; +http://www.google.com/bot.html)"
66.249.72.7 - - [19/Jan/2026:11:16:57 -0500] "GET /q-~179RigK34GgvurHKLE8fGXOKsViYm4GVL6145/ HTTP/1.1" 404 1251 "-" "Mozilla/5.0 (Linux; Android 6.0.1; Nexus 5X Build/MMB29P) AppleWebKit/537.36 (KHTML, like Gecko) Chrome/143.0.7499.192 Mobile Safari/537.36 (compatible; Googlebot/2.1; +http://www.google.com/bot.html)"
66.249.72.7 - - [19/Jan/2026:11:16:57 -0500] "GET /q-~116vif2AVejHPMIby9LQoTkwyuFsxuC8F45074/ HTTP/1.1" 404 1251 "-" "Mozilla/5.0 (Linux; Android 6.0.1; Nexus 5X Build/MMB29P) AppleWebKit/537.36 (KHTML, like Gecko) Chrome/143.0.7499.192 Mobile Safari/537.36 (compatible; Googlebot/2.1; +http://www.google.com/bot.html)"
66.249.72.7 - - [19/Jan/2026:11:16:58 -0500] "GET /q-~103rEh29zH1KCJH6RMqK0jA7XmaLTnywj44569/ HTTP/1.1" 404 1251 "-" "Mozilla/5.0 (Linux; Android 6.0.1; Nexus 5X Build/MMB29P) AppleWebKit/537.36 (KHTML, like Gecko) Chrome/143.0.7499.192 Mobile Safari/537.36 (compatible; Googlebot/2.1; +http://www.google.com/bot.html)"
66.249.72.7 - - [19/Jan/2026:11:16:59 -0500] "GET /q-~215TuEGGA562rIMFfLC0YLWBceNDRQKLL31357/ HTTP/1.1" 404 1251 "-" "Mozilla/5.0 (Linux; Android 6.0.1; Nexus 5X Build/MMB29P) AppleWebKit/537.36 (KHTML, like Gecko) Chrome/143.0.7499.192 Mobile Safari/537.36 (compatible; Googlebot/2.1; +http://www.google.com/bot.html)"
66.249.72.7 - - [19/Jan/2026:11:16:59 -0500] "GET /q-~151VVSdOQBmhi4ZW8IKSDWltlB2tRzHyB8067/ HTTP/1.1" 404 1251 "-" "Mozilla/5.0 (Linux; Android 6.0.1; Nexus 5X Build/MMB29P) AppleWebKit/537.36 (KHTML, like Gecko) Chrome/143.0.7499.192 Mobile Safari/537.36 (compatible; Googlebot/2.1; +http://www.google.com/bot.html)"
66.249.72.7 - - [19/Jan/2026:11:17:00 -0500] "GET /q-~226G6oPnBtajvAovvW13CLOOz8Ds4j7Ki26098/ HTTP/1.1" 404 1251 "-" "Mozilla/5.0 (Linux; Android 6.0.1; Nexus 5X Build/MMB29P) AppleWebKit/537.36 (KHTML, like Gecko) Chrome/143.0.7499.192 Mobile Safari/537.36 (compatible; Googlebot/2.1; +http://www.google.com/bot.html)"
66.249.72.7 - - [19/Jan/2026:11:16:57 -0500] "GET /q-~137l9id9WqfpnDHkAYIMvt8X2YPCXOAPG28229/ HTTP/1.1" 404 1251 "-" "Mozilla/5.0 (Linux; Android 6.0.1; Nexus 5X Build/MMB29P) AppleWebKit/537.36 (KHTML, like Gecko) Chrome/143.0.7499.192 Mobile Safari/537.36 (compatible; Googlebot/2.1; +http://www.google.com/bot.html)"
66.249.72.7 - - [19/Jan/2026:11:16:57 -0500] "GET /q-~28tb5ssGTNeBHxZqHS33frBRNJKo1Top10024/ HTTP/1.1" 404 1251 "-" "Mozilla/5.0 (Linux; Android 6.0.1; Nexus 5X Build/MMB29P) AppleWebKit/537.36 (KHTML, like Gecko) Chrome/143.0.7499.192 Mobile Safari/537.36 (compatible; Googlebot/2.1; +http://www.google.com/bot.html)"
66.249.72.7 - - [19/Jan/2026:11:16:58 -0500] "GET /q-~107fKBcFwukDGOdHwh6HhlXk43scYJnkp21531/ HTTP/1.1" 404 1251 "-" "Mozilla/5.0 (Linux; Android 6.0.1; Nexus 5X Build/MMB29P) AppleWebKit/537.36 (KHTML, like Gecko) Chrome/143.0.7499.192 Mobile Safari/537.36 (compatible; Googlebot/2.1; +http://www.google.com/bot.html)"
66.249.72.7 - - [19/Jan/2026:11:16:58 -0500] "GET /q-~27x9pyqTHQEH5PZD9oYWqqrOD1CduJoY46349/ HTTP/1.1" 404 1251 "-" "Mozilla/5.0 (Linux; Android 6.0.1; Nexus 5X Build/MMB29P) AppleWebKit/537.36 (KHTML, like Gecko) Chrome/143.0.7499.192 Mobile Safari/537.36 (compatible; Googlebot/2.1; +http://www.google.com/bot.html)"
66.249.72.7 - - [19/Jan/2026:11:16:58 -0500] "GET /q-~207B1MNkAOEiMlj5A9lS27KOq0tiEoWte23757/ HTTP/1.1" 404 1251 "-" "Mozilla/5.0 (Linux; Android 6.0.1; Nexus 5X Build/MMB29P) AppleWebKit/537.36 (KHTML, like Gecko) Chrome/143.0.7499.192 Mobile Safari/537.36 (compatible; Googlebot/2.1; +http://www.google.com/bot.html)"
66.249.72.7 - - [19/Jan/2026:11:16:58 -0500] "GET /q-~9mcfHd05JooCIlJSAax4MWfVg68RLVf32839/ HTTP/1.1" 404 1251 "-" "Mozilla/5.0 (Linux; Android 6.0.1; Nexus 5X Build/MMB29P) AppleWebKit/537.36 (KHTML, like Gecko) Chrome/143.0.7499.192 Mobile Safari/537.36 (compatible; Googlebot/2.1; +http://www.google.com/bot.html)"
66.249.72.7 - - [19/Jan/2026:11:16:58 -0500] "GET /q-~93ZIw1ocHPXv7dGi9KDrin4eZp5FldQp19479/ HTTP/1.1" 404 1251 "-" "Mozilla/5.0 (Linux; Android 6.0.1; Nexus 5X Build/MMB29P) AppleWebKit/537.36 (KHTML, like Gecko) Chrome/143.0.7499.192 Mobile Safari/537.36 (compatible; Googlebot/2.1; +http://www.google.com/bot.html)"
66.249.72.7 - - [19/Jan/2026:11:16:59 -0500] "GET /q-~61asiONgaUz9wQZZtbM19orhROaX5bCf23823/ HTTP/1.1" 404 1251 "-" "Mozilla/5.0 (Linux; Android 6.0.1; Nexus 5X Build/MMB29P) AppleWebKit/537.36 (KHTML, like Gecko) Chrome/143.0.7499.192 Mobile Safari/537.36 (compatible; Googlebot/2.1; +http://www.google.com/bot.html)"
66.249.72.7 - - [19/Jan/2026:11:17:00 -0500] "GET /q-~72X1UVMQ6b5dz3HCohYa2JBHFfKxhIPu5302/ HTTP/1.1" 404 1251 "-" "Mozilla/5.0 (Linux; Android 6.0.1; Nexus 5X Build/MMB29P) AppleWebKit/537.36 (KHTML, like Gecko) Chrome/143.0.7499.192 Mobile Safari/537.36 (compatible; Googlebot/2.1; +http://www.google.com/bot.html)"
66.249.72.7 - - [19/Jan/2026:11:17:00 -0500] "GET /q-~209eVzEJB1t7FGNwi1AFuuGnXHjeR7raG47145/ HTTP/1.1" 404 1251 "-" "Mozilla/5.0 (Linux; Android 6.0.1; Nexus 5X Build/MMB29P) AppleWebKit/537.36 (KHTML, like Gecko) Chrome/143.0.7499.192 Mobile Safari/537.36 (compatible; Googlebot/2.1; +http://www.google.com/bot.html)"
66.249.72.7 - - [19/Jan/2026:11:17:01 -0500] "GET /q-~83WJx4QkzVD2JvrVGUNgRs4kx1ET4JDv17191/ HTTP/1.1" 404 1251 "-" "Mozilla/5.0 (Linux; Android 6.0.1; Nexus 5X Build/MMB29P) AppleWebKit/537.36 (KHTML, like Gecko) Chrome/143.0.7499.192 Mobile Safari/537.36 (compatible; Googlebot/2.1; +http://www.google.com/bot.html)"
66.249.72.7 - - [19/Jan/2026:11:17:01 -0500] "GET /q-~267JWFQQKnYaoPXvErtvHW6qKJNq51PIh20161/ HTTP/1.1" 404 1251 "-" "Mozilla/5.0 (Linux; Android 6.0.1; Nexus 5X Build/MMB29P) AppleWebKit/537.36 (KHTML, like Gecko) Chrome/143.0.7499.192 Mobile Safari/537.36 (compatible; Googlebot/2.1; +http://www.google.com/bot.html)"
66.249.72.7 - - [19/Jan/2026:11:17:01 -0500] "GET /q-~269wPfOlWtm1Gpjjx00CwCZxTBVQuVP2z26651/ HTTP/1.1" 404 1251 "-" "Mozilla/5.0 (Linux; Android 6.0.1; Nexus 5X Build/MMB29P) AppleWebKit/537.36 (KHTML, like Gecko) Chrome/143.0.7499.192 Mobile Safari/537.36 (compatible; Googlebot/2.1; +http://www.google.com/bot.html)"
66.249.72.7 - - [19/Jan/2026:11:17:01 -0500] "GET /q-~2iHhMCpefBvbS4pbmJhA0Xi0VOiDdcW5518/ HTTP/1.1" 404 1251 "-" "Mozilla/5.0 (Linux; Android 6.0.1; Nexus 5X Build/MMB29P) AppleWebKit/537.36 (KHTML, like Gecko) Chrome/143.0.7499.192 Mobile Safari/537.36 (compatible; Googlebot/2.1; +http://www.google.com/bot.html)"
66.249.72.7 - - [19/Jan/2026:11:17:02 -0500] "GET /q-~247kBHyRnDKHtUCzwWQFa85VvlhMu4Kqj46473/ HTTP/1.1" 404 1251 "-" "Mozilla/5.0 (Linux; Android 6.0.1; Nexus 5X Build/MMB29P) AppleWebKit/537.36 (KHTML, like Gecko) Chrome/143.0.7499.192 Mobile Safari/537.36 (compatible; Googlebot/2.1; +http://www.google.com/bot.html)"
66.249.72.7 - - [19/Jan/2026:11:17:03 -0500] "GET /q-~13pJQuBVBkrH3EtpErq9V9vczQNXGLYM12071/ HTTP/1.1" 404 1251 "-" "Mozilla/5.0 (Linux; Android 6.0.1; Nexus 5X Build/MMB29P) AppleWebKit/537.36 (KHTML, like Gecko) Chrome/143.0.7499.192 Mobile Safari/537.36 (compatible; Googlebot/2.1; +http://www.google.com/bot.html)"
66.249.72.7 - - [19/Jan/2026:11:17:03 -0500] "GET /q-~272hbQoeDsGSWW6UKK5GeYmy0WLgEkoCx10060/ HTTP/1.1" 404 1251 "-" "Mozilla/5.0 (Linux; Android 6.0.1; Nexus 5X Build/MMB29P) AppleWebKit/537.36 (KHTML, like Gecko) Chrome/143.0.7499.192 Mobile Safari/537.36 (compatible; Googlebot/2.1; +http://www.google.com/bot.html)"
66.249.72.7 - - [19/Jan/2026:11:17:04 -0500] "GET /q-~182jQF0SILpMxPPHBOZySStRZGS3K9lfA15744/ HTTP/1.1" 404 1251 "-" "Mozilla/5.0 (Linux; Android 6.0.1; Nexus 5X Build/MMB29P) AppleWebKit/537.36 (KHTML, like Gecko) Chrome/143.0.7499.192 Mobile Safari/537.36 (compatible; Googlebot/2.1; +http://www.google.com/bot.html)"
66.249.72.7 - - [19/Jan/2026:11:17:05 -0500] "GET /q-~141tkPinbX2JbnCyZRBkcI0zTOmVuWgvv45849/ HTTP/1.1" 404 1251 "-" "Mozilla/5.0 (Linux; Android 6.0.1; Nexus 5X Build/MMB29P) AppleWebKit/537.36 (KHTML, like Gecko) Chrome/143.0.7499.192 Mobile Safari/537.36 (compatible; Googlebot/2.1; +http://www.google.com/bot.html)"
66.249.72.7 - - [19/Jan/2026:11:17:06 -0500] "GET /q-~300PSxNcJpaP0KW3r10MpoWN977xQIyZQ37946/ HTTP/1.1" 404 1251 "-" "Mozilla/5.0 (Linux; Android 6.0.1; Nexus 5X Build/MMB29P) AppleWebKit/537.36 (KHTML, like Gecko) Chrome/143.0.7499.192 Mobile Safari/537.36 (compatible; Googlebot/2.1; +http://www.google.com/bot.html)"
66.249.72.7 - - [19/Jan/2026:11:17:07 -0500] "GET /q-~104NnpIN1S7uIG4HVftNbAyeMuZybhsqc46496/ HTTP/1.1" 404 1251 "-" "Mozilla/5.0 (Linux; Android 6.0.1; Nexus 5X Build/MMB29P) AppleWebKit/537.36 (KHTML, like Gecko) Chrome/143.0.7499.192 Mobile Safari/537.36 (compatible; Googlebot/2.1; +http://www.google.com/bot.html)"
66.249.72.7 - - [19/Jan/2026:11:17:07 -0500] "GET /q-~194OYrepf156bpSlBmhcyXE8GgKebtbMs4968/ HTTP/1.1" 404 1251 "-" "Mozilla/5.0 (Linux; Android 6.0.1; Nexus 5X Build/MMB29P) AppleWebKit/537.36 (KHTML, like Gecko) Chrome/143.0.7499.192 Mobile Safari/537.36 (compatible; Googlebot/2.1; +http://www.google.com/bot.html)"
66.249.75.76 - - [19/Jan/2026:11:17:17 -0500] "GET /?_ga=2.199735937.1959570908.1725022440-040787882.1699463641&_bdsid=fwa36q.n~MDPRM.1752551838833.1702261683&_bd_prev_page=https://4abetter.us/cart.do?q-~234aehsYVvvWsfmHN4hV5IYI4OcyfM9NH48048/ HTTP/1.1" 200 2484 "-" "Mozilla/5.0 (Linux; Android 6.0.1; Nexus 5X Build/MMB29P) AppleWebKit/537.36 (KHTML, like Gecko) Chrome/143.0.7499.192 Mobile Safari/537.36 (compatible; Googlebot/2.1; +http://www.google.com/bot.html)"
66.249.72.7 - - [19/Jan/2026:11:17:19 -0500] "GET /q-~286tJ0zPvBK7h7AWy4z7yvjNRmsyD6giC11996/ HTTP/1.1" 404 1251 "-" "Mozilla/5.0 (Linux; Android 6.0.1; Nexus 5X Build/MMB29P) AppleWebKit/537.36 (KHTML, like Gecko) Chrome/143.0.7499.192 Mobile Safari/537.36 (compatible; Googlebot/2.1; +http://www.google.com/bot.html)"
66.249.72.7 - - [19/Jan/2026:11:17:00 -0500] "GET /q-~194yIpy4RcqgOAslD6JSWP5BnrJB5t6TV32374/ HTTP/1.1" 404 1251 "-" "Mozilla/5.0 (Linux; Android 6.0.1; Nexus 5X Build/MMB29P) AppleWebKit/537.36 (KHTML, like Gecko) Chrome/143.0.7499.192 Mobile Safari/537.36 (compatible; Googlebot/2.1; +http://www.google.com/bot.html)"
66.249.72.7 - - [19/Jan/2026:11:17:00 -0500] "GET /q-~216eRFrC3mAtZmVmygUZlP0OdkGc557La23336/ HTTP/1.1" 404 1251 "-" "Mozilla/5.0 (Linux; Android 6.0.1; Nexus 5X Build/MMB29P) AppleWebKit/537.36 (KHTML, like Gecko) Chrome/143.0.7499.192 Mobile Safari/537.36 (compatible; Googlebot/2.1; +http://www.google.com/bot.html)"
66.249.72.7 - - [19/Jan/2026:11:17:00 -0500] "GET /q-~225DGse7FUE8k6vIMjBDdpxcRt3BUrUTQ40623/ HTTP/1.1" 404 1251 "-" "Mozilla/5.0 (Linux; Android 6.0.1; Nexus 5X Build/MMB29P) AppleWebKit/537.36 (KHTML, like Gecko) Chrome/143.0.7499.192 Mobile Safari/537.36 (compatible; Googlebot/2.1; +http://www.google.com/bot.html)"
66.249.72.7 - - [19/Jan/2026:11:17:01 -0500] "GET /q-~158dRqlqYUVQ6FZCHyrTee0G7ecediQ2d12790/ HTTP/1.1" 404 1251 "-" "Mozilla/5.0 (Linux; Android 6.0.1; Nexus 5X Build/MMB29P) AppleWebKit/537.36 (KHTML, like Gecko) Chrome/143.0.7499.192 Mobile Safari/537.36 (compatible; Googlebot/2.1; +http://www.google.com/bot.html)"
66.249.72.7 - - [19/Jan/2026:11:17:01 -0500] "GET /q-~178G7jKwzFtSgQ2YyRS83A3wjpok5CvwS31946/ HTTP/1.1" 404 1251 "-" "Mozilla/5.0 (Linux; Android 6.0.1; Nexus 5X Build/MMB29P) AppleWebKit/537.36 (KHTML, like Gecko) Chrome/143.0.7499.192 Mobile Safari/537.36 (compatible; Googlebot/2.1; +http://www.google.com/bot.html)"
66.249.72.7 - - [19/Jan/2026:11:17:01 -0500] "GET /q-~246zXmmMufZXSngK5mpgmi7i8BNXG5ydZ43016/ HTTP/1.1" 404 1251 "-" "Mozilla/5.0 (Linux; Android 6.0.1; Nexus 5X Build/MMB29P) AppleWebKit/537.36 (KHTML, like Gecko) Chrome/143.0.7499.192 Mobile Safari/537.36 (compatible; Googlebot/2.1; +http://www.google.com/bot.html)"
66.249.72.7 - - [19/Jan/2026:11:17:01 -0500] "GET /q-~118c8rPDNwfsvF0HpahNGsKDOA6oMJYeT9260/ HTTP/1.1" 404 1251 "-" "Mozilla/5.0 (Linux; Android 6.0.1; Nexus 5X Build/MMB29P) AppleWebKit/537.36 (KHTML, like Gecko) Chrome/143.0.7499.192 Mobile Safari/537.36 (compatible; Googlebot/2.1; +http://www.google.com/bot.html)"
66.249.72.7 - - [19/Jan/2026:11:17:02 -0500] "GET /q-~27QxUgbG26mlrkHozxcYekfo3rBfXfOC5203/ HTTP/1.1" 404 1251 "-" "Mozilla/5.0 (Linux; Android 6.0.1; Nexus 5X Build/MMB29P) AppleWebKit/537.36 (KHTML, like Gecko) Chrome/143.0.7499.192 Mobile Safari/537.36 (compatible; Googlebot/2.1; +http://www.google.com/bot.html)"
66.249.72.7 - - [19/Jan/2026:11:17:02 -0500] "GET /q-~69cdmIgBS9bBmaEjTDJ27rpELxjk3rNp22847/ HTTP/1.1" 404 1251 "-" "Mozilla/5.0 (Linux; Android 6.0.1; Nexus 5X Build/MMB29P) AppleWebKit/537.36 (KHTML, like Gecko) Chrome/143.0.7499.192 Mobile Safari/537.36 (compatible; Googlebot/2.1; +http://www.google.com/bot.html)"
74.7.227.156 - - [19/Jan/2026:11:17:07 -0500] "GET /product/establish176?c=g&l=781 HTTP/1.1" 404 1251 "https://4abetter.us/sitemap606.xml" "Mozilla/5.0 AppleWebKit/537.36 (KHTML, like Gecko; compatible; GPTBot/1.3; +https://openai.com/gptbot)"
66.249.72.7 - - [19/Jan/2026:11:17:07 -0500] "GET /q-~98J33W0QjJGLHnO2Mno4tj7mkCm42ctH49112/ HTTP/1.1" 404 1251 "-" "Mozilla/5.0 (Linux; Android 6.0.1; Nexus 5X Build/MMB29P) AppleWebKit/537.36 (KHTML, like Gecko) Chrome/143.0.7499.192 Mobile Safari/537.36 (compatible; Googlebot/2.1; +http://www.google.com/bot.html)"
66.249.72.7 - - [19/Jan/2026:11:17:11 -0500] "GET /m29647753640 HTTP/1.1" 404 1251 "-" "Mozilla/5.0 (Linux; Android 6.0.1; Nexus 5X Build/MMB29P) AppleWebKit/537.36 (KHTML, like Gecko) Chrome/143.0.7499.192 Mobile Safari/537.36 (compatible; Googlebot/2.1; +http://www.google.com/bot.html)"
66.249.72.7 - - [19/Jan/2026:11:17:16 -0500] "GET /z209099146 HTTP/1.1" 404 1251 "-" "Mozilla/5.0 (Linux; Android 6.0.1; Nexus 5X Build/MMB29P) AppleWebKit/537.36 (KHTML, like Gecko) Chrome/143.0.7499.192 Mobile Safari/537.36 (compatible; Googlebot/2.1; +http://www.google.com/bot.html)"
66.249.72.7 - - [19/Jan/2026:11:17:35 -0500] "GET /SSNE1755DAB3041EM008825 HTTP/1.1" 404 1251 "-" "Mozilla/5.0 (Linux; Android 6.0.1; Nexus 5X Build/MMB29P) AppleWebKit/537.36 (KHTML, like Gecko) Chrome/143.0.7499.192 Mobile Safari/537.36 (compatible; Googlebot/2.1; +http://www.google.com/bot.html)"
74.7.227.156 - - [19/Jan/2026:11:18:13 -0500] "GET /product/shopbrand48?c=g&l=3089 HTTP/1.1" 404 1251 "https://4abetter.us/sitemap922.xml" "Mozilla/5.0 AppleWebKit/537.36 (KHTML, like Gecko; compatible; GPTBot/1.3; +https://openai.com/gptbot)"
74.7.227.156 - - [19/Jan/2026:11:20:20 -0500] "GET /product/protective294?c=g&l=48439 HTTP/1.1" 404 1251 "https://4abetter.us/sitemap554.xml" "Mozilla/5.0 AppleWebKit/537.36 (KHTML, like Gecko; compatible; GPTBot/1.3; +https://openai.com/gptbot)"
66.249.75.76 - - [19/Jan/2026:11:21:59 -0500] "GET /?_ga=2.199735937.1959570908.1725022440-040787882.1699463641&_bdsid=fwa36q.n~MDPRM.1752551838833.1702261683&_bd_prev_page=https://4abetter.us/cart.do?product/thread64?c=g&l=427 HTTP/1.1" 200 2485 "-" "Mozilla/5.0 (Linux; Android 6.0.1; Nexus 5X Build/MMB29P) AppleWebKit/537.36 (KHTML, like Gecko) Chrome/143.0.7499.192 Mobile Safari/537.36 (compatible; Googlebot/2.1; +http://www.google.com/bot.html)"
40.77.167.67 - - [19/Jan/2026:11:22:08 -0500] "GET /?sitemap262.xml HTTP/1.1" 200 2439 "-" "Mozilla/5.0 AppleWebKit/537.36 (KHTML, like Gecko; compatible; bingbot/2.0; +http://www.bing.com/bingbot.htm) Chrome/116.0.1938.76 Safari/537.36"
74.7.227.156 - - [19/Jan/2026:11:22:23 -0500] "GET /product/prosecutor219?c=g&l=24468 HTTP/1.1" 404 1251 "https://4abetter.us/sitemap664.xml" "Mozilla/5.0 AppleWebKit/537.36 (KHTML, like Gecko; compatible; GPTBot/1.3; +https://openai.com/gptbot)"
66.249.75.77 - - [19/Jan/2026:11:23:41 -0500] "GET /?_ga=2.199735937.1959570908.1725022440-040787882.1699463641&_bdsid=fwa36q.n~MDPRM.1752551838833.1702261683&_bd_prev_page=https://4abetter.us/cart.do?product/worth8?c=g&l=5735 HTTP/1.1" 200 2485 "-" "Mozilla/5.0 (Linux; Android 6.0.1; Nexus 5X Build/MMB29P) AppleWebKit/537.36 (KHTML, like Gecko) Chrome/143.0.7499.192 Mobile Safari/537.36 (compatible; Googlebot/2.1; +http://www.google.com/bot.html)"
66.249.72.7 - - [19/Jan/2026:11:24:33 -0500] "GET /?_gl=1*7466l18*_ga*xWSRaJgpVgvcOuUECohYEDipYmvU*_ga_SECELOJJI*44nWfxBgK5RWlgTxVhGlOU4mmftbGuFHriS6Ir7EjMovfb5GW1sEdLU.*_gcl_au=1.1.198025627.176809841*_gcl_aw=QQQ.170716405.4xrne507nOLFn1XB8kr2x33SnJY35i4WIg2BynpFpzdDZQlt5zn1W9gMGAcWo0QKQO7PN6SGYHLLUzCcWfBxYJqmV3..&_gz=2.192717617.197790036.174717642-861211191.169134441&_bdsid=angv0l.n~BAUNZ.177023610.178531191&_bd_prev_page=https://www.4abetter.us/super.jsp?q-~193DJFQggcyOtwdLWD03ADvLbsA23mOuf5649/ HTTP/1.1" 200 2444 "-" "Mozilla/5.0 (Linux; Android 6.0.1; Nexus 5X Build/MMB29P) AppleWebKit/537.36 (KHTML, like Gecko) Chrome/143.0.7499.192 Mobile Safari/537.36 (compatible; Googlebot/2.1; +http://www.google.com/bot.html)"
74.7.227.156 - - [19/Jan/2026:11:25:32 -0500] "GET /product/promising164?c=g&l=34063 HTTP/1.1" 404 1251 "https://4abetter.us/sitemap554.xml" "Mozilla/5.0 AppleWebKit/537.36 (KHTML, like Gecko; compatible; GPTBot/1.3; +https://openai.com/gptbot)"
66.249.72.7 - - [19/Jan/2026:11:17:26 -0500] "GET /q-~245fauNbpUFVn1CCEwiSsu3oeN2xMAXjD23063/ HTTP/1.1" 404 1251 "-" "Mozilla/5.0 (Linux; Android 6.0.1; Nexus 5X Build/MMB29P) AppleWebKit/537.36 (KHTML, like Gecko) Chrome/143.0.7499.192 Mobile Safari/537.36 (compatible; Googlebot/2.1; +http://www.google.com/bot.html)"
66.249.72.7 - - [19/Jan/2026:11:18:19 -0500] "GET /m40587124237 HTTP/1.1" 404 1251 "-" "Mozilla/5.0 (Linux; Android 6.0.1; Nexus 5X Build/MMB29P) AppleWebKit/537.36 (KHTML, like Gecko) Chrome/143.0.7499.192 Mobile Safari/537.36 (compatible; Googlebot/2.1; +http://www.google.com/bot.html)"
74.7.227.156 - - [19/Jan/2026:11:19:17 -0500] "GET /product/testimony73?c=g&l=5344 HTTP/1.1" 404 1251 "https://4abetter.us/sitemap337.xml" "Mozilla/5.0 AppleWebKit/537.36 (KHTML, like Gecko; compatible; GPTBot/1.3; +https://openai.com/gptbot)"
66.249.72.7 - - [19/Jan/2026:11:19:27 -0500] "GET /m56126641606 HTTP/1.1" 404 1251 "-" "Mozilla/5.0 (Linux; Android 6.0.1; Nexus 5X Build/MMB29P) AppleWebKit/537.36 (KHTML, like Gecko) Chrome/143.0.7499.192 Mobile Safari/537.36 (compatible; Googlebot/2.1; +http://www.google.com/bot.html)"
74.7.227.156 - - [19/Jan/2026:11:21:21 -0500] "GET /product/prosecutor220?c=g&l=14615 HTTP/1.1" 404 1251 "https://4abetter.us/sitemap554.xml" "Mozilla/5.0 AppleWebKit/537.36 (KHTML, like Gecko; compatible; GPTBot/1.3; +https://openai.com/gptbot)"
74.7.227.156 - - [19/Jan/2026:11:23:29 -0500] "GET /product/indicator263?c=g&l=18886 HTTP/1.1" 404 1251 "https://4abetter.us/sitemap477.xml" "Mozilla/5.0 AppleWebKit/537.36 (KHTML, like Gecko; compatible; GPTBot/1.3; +https://openai.com/gptbot)"
74.7.227.156 - - [19/Jan/2026:11:24:31 -0500] "GET /product/isolation289?c=g&l=33382 HTTP/1.1" 404 1251 "https://4abetter.us/sitemap554.xml" "Mozilla/5.0 AppleWebKit/537.36 (KHTML, like Gecko; compatible; GPTBot/1.3; +https://openai.com/gptbot)"
74.7.227.156 - - [19/Jan/2026:11:26:38 -0500] "GET /product/promising196?c=g&l=33891 HTTP/1.1" 404 1251 "https://4abetter.us/sitemap922.xml" "Mozilla/5.0 AppleWebKit/537.36 (KHTML, like Gecko; compatible; GPTBot/1.3; +https://openai.com/gptbot)"
74.7.227.156 - - [19/Jan/2026:11:27:38 -0500] "GET /product/provision275?c=g&l=42704 HTTP/1.1" 404 1251 "https://4abetter.us/sitemap606.xml" "Mozilla/5.0 AppleWebKit/537.36 (KHTML, like Gecko; compatible; GPTBot/1.3; +https://openai.com/gptbot)"
74.7.227.156 - - [19/Jan/2026:11:28:44 -0500] "GET /product/promising252?c=g&l=34465 HTTP/1.1" 404 1251 "https://4abetter.us/sitemap338.xml" "Mozilla/5.0 AppleWebKit/537.36 (KHTML, like Gecko; compatible; GPTBot/1.3; +https://openai.com/gptbot)"
66.249.75.76 - - [19/Jan/2026:11:29:18 -0500] "GET /?_ga=2.199735937.1959570908.1725022440-040787882.1699463641&_bdsid=fwa36q.n~MDPRM.1752551838833.1702261683&_bd_prev_page=https://4abetter.us/cart.do?q-~184Xmqb96c2MKBLgo9F2WK8CzB7YWAlQI4854/ HTTP/1.1" 200 2484 "-" "Mozilla/5.0 (Linux; Android 6.0.1; Nexus 5X Build/MMB29P) AppleWebKit/537.36 (KHTML, like Gecko) Chrome/143.0.7499.192 Mobile Safari/537.36 (compatible; Googlebot/2.1; +http://www.google.com/bot.html)"
74.7.227.156 - - [19/Jan/2026:11:29:46 -0500] "GET /product/publication229?c=g&l=20506 HTTP/1.1" 404 1251 "https://4abetter.us/sitemap766.xml" "Mozilla/5.0 AppleWebKit/537.36 (KHTML, like Gecko; compatible; GPTBot/1.3; +https://openai.com/gptbot)"
66.249.72.1 - - [19/Jan/2026:11:29:52 -0500] "GET /?_gl=1*7466l18*_ga*xWSRaJgpVgvcOuUECohYEDipYmvU*_ga_SECELOJJI*44nWfxBgK5RWlgTxVhGlOU4mmftbGuFHriS6Ir7EjMovfb5GW1sEdLU.*_gcl_au=1.1.198025627.176809841*_gcl_aw=QQQ.170716405.4xrne507nOLFn1XB8kr2x33SnJY35i4WIg2BynpFpzdDZQlt5zn1W9gMGAcWo0QKQO7PN6SGYHLLUzCcWfBxYJqmV3..&_gz=2.192717617.197790036.174717642-861211191.169134441&_bdsid=angv0l.n~BAUNZ.177023610.178531191&_bd_prev_page=https://www.4abetter.us/super.jsp?q-~155V6h3hJaIVCSGckjRcODEanN736iDys11183/ HTTP/1.1" 200 2490 "-" "Mozilla/5.0 (Linux; Android 6.0.1; Nexus 5X Build/MMB29P) AppleWebKit/537.36 (KHTML, like Gecko) Chrome/143.0.7499.192 Mobile Safari/537.36 (compatible; Googlebot/2.1; +http://www.google.com/bot.html)"
74.7.227.156 - - [19/Jan/2026:11:30:47 -0500] "GET /product/credibility169?c=g&l=17922 HTTP/1.1" 404 1251 "https://4abetter.us/sitemap922.xml" "Mozilla/5.0 AppleWebKit/537.36 (KHTML, like Gecko; compatible; GPTBot/1.3; +https://openai.com/gptbot)"
66.249.72.7 - - [19/Jan/2026:11:30:51 -0500] "GET /?_gl=1*7466l18*_ga*xWSRaJgpVgvcOuUECohYEDipYmvU*_ga_SECELOJJI*44nWfxBgK5RWlgTxVhGlOU4mmftbGuFHriS6Ir7EjMovfb5GW1sEdLU.*_gcl_au=1.1.198025627.176809841*_gcl_aw=QQQ.170716405.4xrne507nOLFn1XB8kr2x33SnJY35i4WIg2BynpFpzdDZQlt5zn1W9gMGAcWo0QKQO7PN6SGYHLLUzCcWfBxYJqmV3..&_gz=2.192717617.197790036.174717642-861211191.169134441&_bdsid=angv0l.n~BAUNZ.177023610.178531191&_bd_prev_page=https://www.4abetter.us/super.jsp?q-~290le3Si8EOFJ89qCRPMwhMrr1lOFHhMw23784/ HTTP/1.1" 200 2445 "-" "Mozilla/5.0 (Linux; Android 6.0.1; Nexus 5X Build/MMB29P) AppleWebKit/537.36 (KHTML, like Gecko) Chrome/143.0.7499.192 Mobile Safari/537.36 (compatible; Googlebot/2.1; +http://www.google.com/bot.html)"
66.249.75.76 - - [19/Jan/2026:11:32:46 -0500] "GET /q-~177iaHrLKOGxO15CUbrPTFemIMJZKfuGn13213/ HTTP/1.1" 404 1251 "-" "Mozilla/5.0 (Linux; Android 6.0.1; Nexus 5X Build/MMB29P) AppleWebKit/537.36 (KHTML, like Gecko) Chrome/143.0.7499.192 Mobile Safari/537.36 (compatible; Googlebot/2.1; +http://www.google.com/bot.html)"
66.249.75.76 - - [19/Jan/2026:11:32:51 -0500] "GET /product/thoroughly5?c=g&l=45902 HTTP/1.1" 404 1251 "-" "Mozilla/5.0 (Linux; Android 6.0.1; Nexus 5X Build/MMB29P) AppleWebKit/537.36 (KHTML, like Gecko) Chrome/143.0.7499.192 Mobile Safari/537.36 (compatible; Googlebot/2.1; +http://www.google.com/bot.html)"
74.7.227.156 - - [19/Jan/2026:11:35:02 -0500] "GET /product/theoretical183?c=g&l=28324 HTTP/1.1" 404 1251 "https://4abetter.us/sitemap553.xml" "Mozilla/5.0 AppleWebKit/537.36 (KHTML, like Gecko; compatible; GPTBot/1.3; +https://openai.com/gptbot)"
74.7.227.156 - - [19/Jan/2026:11:36:08 -0500] "GET /product/translation110?c=g&l=41977 HTTP/1.1" 404 1251 "https://4abetter.us/sitemap766.xml" "Mozilla/5.0 AppleWebKit/537.36 (KHTML, like Gecko; compatible; GPTBot/1.3; +https://openai.com/gptbot)"
66.249.75.77 - - [19/Jan/2026:11:27:42 -0500] "GET /?_ga=2.199735937.1959570908.1725022440-040787882.1699463641&_bdsid=fwa36q.n~MDPRM.1752551838833.1702261683&_bd_prev_page=https://4abetter.us/cart.do?q-~7QRO6vugnY9Ii8vlUbRbP4aLxkwqMNm12623/ HTTP/1.1" 200 2438 "-" "Mozilla/5.0 (Linux; Android 6.0.1; Nexus 5X Build/MMB29P) AppleWebKit/537.36 (KHTML, like Gecko) Chrome/143.0.7499.192 Mobile Safari/537.36 (compatible; Googlebot/2.1; +http://www.google.com/bot.html)"
66.249.72.7 - - [19/Jan/2026:11:30:37 -0500] "GET /product/university59?c=g&l=348 HTTP/1.1" 404 1251 "-" "Mozilla/5.0 (Linux; Android 6.0.1; Nexus 5X Build/MMB29P) AppleWebKit/537.36 (KHTML, like Gecko) Chrome/143.0.7499.192 Mobile Safari/537.36 (compatible; Googlebot/2.1; +http://www.google.com/bot.html)"
66.249.72.8 - - [19/Jan/2026:11:30:38 -0500] "GET /product/compare51?c=g&l=790 HTTP/1.1" 404 1251 "-" "Mozilla/5.0 (Linux; Android 6.0.1; Nexus 5X Build/MMB29P) AppleWebKit/537.36 (KHTML, like Gecko) Chrome/143.0.7499.192 Mobile Safari/537.36 (compatible; Googlebot/2.1; +http://www.google.com/bot.html)"
66.249.75.64 - - [19/Jan/2026:11:31:13 -0500] "GET /?_ga=2.199735937.1959570908.1725022440-040787882.1699463641&_bdsid=fwa36q.n~MDPRM.1752551838833.1702261683&_bd_prev_page=https://4abetter.us/cart.do?q-~157leTAmD6plABY84BFSZjMUBveUrJGfA40191/ HTTP/1.1" 200 2485 "-" "Mozilla/5.0 (Linux; Android 6.0.1; Nexus 5X Build/MMB29P) AppleWebKit/537.36 (KHTML, like Gecko) Chrome/143.0.7499.192 Mobile Safari/537.36 (compatible; Googlebot/2.1; +http://www.google.com/bot.html)"
74.7.227.156 - - [19/Jan/2026:11:31:49 -0500] "GET /product/enforcement287?c=g&l=18332 HTTP/1.1" 404 1251 "https://4abetter.us/sitemap544.xml" "Mozilla/5.0 AppleWebKit/537.36 (KHTML, like Gecko; compatible; GPTBot/1.3; +https://openai.com/gptbot)"
66.249.75.77 - - [19/Jan/2026:11:32:31 -0500] "GET /?_ga=2.199735937.1959570908.1725022440-040787882.1699463641&_bdsid=fwa36q.n~MDPRM.1752551838833.1702261683&_bd_prev_page=https://4abetter.us/cart.do?product/skin6?c=g&l=10871 HTTP/1.1" 200 2439 "-" "Mozilla/5.0 (Linux; Android 6.0.1; Nexus 5X Build/MMB29P) AppleWebKit/537.36 (KHTML, like Gecko) Chrome/143.0.7499.192 Mobile Safari/537.36 (compatible; Googlebot/2.1; +http://www.google.com/bot.html)"
66.249.75.76 - - [19/Jan/2026:11:32:41 -0500] "GET /q-~230WOp8108oSXGU5DTeV2VBxUC5NoyrFS28198/ HTTP/1.1" 404 1251 "-" "Mozilla/5.0 (Linux; Android 6.0.1; Nexus 5X Build/MMB29P) AppleWebKit/537.36 (KHTML, like Gecko) Chrome/143.0.7499.192 Mobile Safari/537.36 (compatible; Googlebot/2.1; +http://www.google.com/bot.html)"
74.7.227.156 - - [19/Jan/2026:11:32:53 -0500] "GET /product/imagination160?c=g&l=14515 HTTP/1.1" 404 1251 "https://4abetter.us/sitemap553.xml" "Mozilla/5.0 AppleWebKit/537.36 (KHTML, like Gecko; compatible; GPTBot/1.3; +https://openai.com/gptbot)"
74.7.227.156 - - [19/Jan/2026:11:33:58 -0500] "GET /product/cooperative219?c=g&l=31592 HTTP/1.1" 404 1251 "https://4abetter.us/sitemap606.xml" "Mozilla/5.0 AppleWebKit/537.36 (KHTML, like Gecko; compatible; GPTBot/1.3; +https://openai.com/gptbot)"
74.7.227.156 - - [19/Jan/2026:11:37:13 -0500] "GET /product/uncertainty182?c=g&l=48241 HTTP/1.1" 404 1251 "https://4abetter.us/sitemap544.xml" "Mozilla/5.0 AppleWebKit/537.36 (KHTML, like Gecko; compatible; GPTBot/1.3; +https://openai.com/gptbot)"
74.7.227.156 - - [19/Jan/2026:11:38:17 -0500] "GET /product/convenience212?c=g&l=13685 HTTP/1.1" 404 1251 "https://4abetter.us/sitemap477.xml" "Mozilla/5.0 AppleWebKit/537.36 (KHTML, like Gecko; compatible; GPTBot/1.3; +https://openai.com/gptbot)"
216.73.216.87 - - [19/Jan/2026:11:39:41 -0500] "GET / HTTP/1.1" 200 2485 "-" "Mozilla/5.0 AppleWebKit/537.36 (KHTML, like Gecko; compatible; ClaudeBot/1.0; +claudebot@anthropic.com)"
74.7.227.156 - - [19/Jan/2026:11:40:23 -0500] "GET /product/convenience173?c=g&l=13692 HTTP/1.1" 404 1251 "https://4abetter.us/sitemap606.xml" "Mozilla/5.0 AppleWebKit/537.36 (KHTML, like Gecko; compatible; GPTBot/1.3; +https://openai.com/gptbot)"
66.249.75.76 - - [19/Jan/2026:11:38:57 -0500] "GET /product/amid10?c=g&l=773 HTTP/1.1" 404 1251 "-" "Mozilla/5.0 (Linux; Android 6.0.1; Nexus 5X Build/MMB29P) AppleWebKit/537.36 (KHTML, like Gecko) Chrome/143.0.7499.192 Mobile Safari/537.36 (compatible; Googlebot/2.1; +http://www.google.com/bot.html)"
74.7.227.156 - - [19/Jan/2026:11:39:23 -0500] "GET /product/desperately115?c=g&l=17562 HTTP/1.1" 404 1251 "https://4abetter.us/sitemap766.xml" "Mozilla/5.0 AppleWebKit/537.36 (KHTML, like Gecko; compatible; GPTBot/1.3; +https://openai.com/gptbot)"
216.73.216.87 - - [19/Jan/2026:11:39:41 -0500] "GET /robots.txt HTTP/1.1" 200 105 "-" "Mozilla/5.0 AppleWebKit/537.36 (KHTML, like Gecko; compatible; ClaudeBot/1.0; +claudebot@anthropic.com)"
74.7.227.156 - - [19/Jan/2026:11:41:28 -0500] "GET /product/translation240?c=g&l=40947 HTTP/1.1" 404 1251 "https://4abetter.us/sitemap338.xml" "Mozilla/5.0 AppleWebKit/537.36 (KHTML, like Gecko; compatible; GPTBot/1.3; +https://openai.com/gptbot)"
74.7.227.156 - - [19/Jan/2026:11:42:34 -0500] "GET /product/intelligent134?c=g&l=40585 HTTP/1.1" 404 1251 "https://4abetter.us/sitemap477.xml" "Mozilla/5.0 AppleWebKit/537.36 (KHTML, like Gecko; compatible; GPTBot/1.3; +https://openai.com/gptbot)"
68.117.167.47 - - [19/Jan/2026:11:42:56 -0500] "GET /q-~232N2cUpKpDoJbgcuUYqE93STlfs3B7Oa25834/ HTTP/1.1" 404 1251 "-" "Mozilla/5.0 (Windows; U; Windows NT 6.1; en-US) AppleWebKit/532.0 (KHTML, like Gecko) Chrome/4.0.211.4 Safari/532.0"
74.7.227.156 - - [19/Jan/2026:11:43:35 -0500] "GET /product/photography179?c=g&l=47892 HTTP/1.1" 404 1251 "https://4abetter.us/sitemap544.xml" "Mozilla/5.0 AppleWebKit/537.36 (KHTML, like Gecko; compatible; GPTBot/1.3; +https://openai.com/gptbot)"
74.7.227.156 - - [19/Jan/2026:11:44:39 -0500] "GET /product/comparable142?c=g&l=22221 HTTP/1.1" 404 1251 "https://4abetter.us/sitemap477.xml" "Mozilla/5.0 AppleWebKit/537.36 (KHTML, like Gecko; compatible; GPTBot/1.3; +https://openai.com/gptbot)"
74.7.227.156 - - [19/Jan/2026:11:47:48 -0500] "GET /product/emphasize85?c=g&l=2068 HTTP/1.1" 404 1251 "https://4abetter.us/sitemap477.xml" "Mozilla/5.0 AppleWebKit/537.36 (KHTML, like Gecko; compatible; GPTBot/1.3; +https://openai.com/gptbot)"
66.249.75.76 - - [19/Jan/2026:11:48:20 -0500] "GET /?_ga=2.199735937.1959570908.1725022440-040787882.1699463641&_bdsid=fwa36q.n~MDPRM.1752551838833.1702261683&_bd_prev_page=https://4abetter.us/cart.do?q-~102sDG5jUbC0y64pP3kIF2gdi43ZSN3vC28182/ HTTP/1.1" 200 2482 "-" "Mozilla/5.0 (Linux; Android 6.0.1; Nexus 5X Build/MMB29P) AppleWebKit/537.36 (KHTML, like Gecko) Chrome/143.0.7499.192 Mobile Safari/537.36 (compatible; Googlebot/2.1; +http://www.google.com/bot.html)"
74.7.227.156 - - [19/Jan/2026:11:48:49 -0500] "GET /product/franchise3?c=g&l=19842 HTTP/1.1" 404 1251 "https://4abetter.us/sitemap337.xml" "Mozilla/5.0 AppleWebKit/537.36 (KHTML, like Gecko; compatible; GPTBot/1.3; +https://openai.com/gptbot)"
74.7.227.156 - - [19/Jan/2026:11:49:52 -0500] "GET /product/emergency227?c=g&l=33322 HTTP/1.1" 404 1251 "https://4abetter.us/sitemap909.xml" "Mozilla/5.0 AppleWebKit/537.36 (KHTML, like Gecko; compatible; GPTBot/1.3; +https://openai.com/gptbot)"
66.249.72.7 - - [19/Jan/2026:11:50:00 -0500] "GET /x1126476826 HTTP/1.1" 404 1251 "-" "Mozilla/5.0 (Linux; Android 6.0.1; Nexus 5X Build/MMB29P) AppleWebKit/537.36 (KHTML, like Gecko) Chrome/143.0.7499.192 Mobile Safari/537.36 (compatible; Googlebot/2.1; +http://www.google.com/bot.html)"
66.249.72.7 - - [19/Jan/2026:11:50:27 -0500] "GET /q-~41J9iixhMm1hrCaFnzdF6DPCY1pJm6uc45475/ HTTP/1.1" 404 1251 "-" "Mozilla/5.0 (Linux; Android 6.0.1; Nexus 5X Build/MMB29P) AppleWebKit/537.36 (KHTML, like Gecko) Chrome/143.0.7499.192 Mobile Safari/537.36 (compatible; Googlebot/2.1; +http://www.google.com/bot.html)"
66.249.72.7 - - [19/Jan/2026:11:50:31 -0500] "GET /q-~59rrWJHJplPaGdevlH7seKnDsraoCYJV30141/ HTTP/1.1" 404 1251 "-" "Mozilla/5.0 (Linux; Android 6.0.1; Nexus 5X Build/MMB29P) AppleWebKit/537.36 (KHTML, like Gecko) Chrome/143.0.7499.192 Mobile Safari/537.36 (compatible; Googlebot/2.1; +http://www.google.com/bot.html)"
66.249.72.7 - - [19/Jan/2026:11:50:37 -0500] "GET /q-~252DjAaQfhPKRp7FTiz4KMIutmjDBAlPu47140/ HTTP/1.1" 404 1251 "-" "Mozilla/5.0 (Linux; Android 6.0.1; Nexus 5X Build/MMB29P) AppleWebKit/537.36 (KHTML, like Gecko) Chrome/143.0.7499.192 Mobile Safari/537.36 (compatible; Googlebot/2.1; +http://www.google.com/bot.html)"
74.7.227.156 - - [19/Jan/2026:11:50:54 -0500] "GET /product/tradition222?c=g&l=24793 HTTP/1.1" 404 1251 "https://4abetter.us/sitemap544.xml" "Mozilla/5.0 AppleWebKit/537.36 (KHTML, like Gecko; compatible; GPTBot/1.3; +https://openai.com/gptbot)"
66.249.72.8 - - [19/Jan/2026:11:51:03 -0500] "GET /q-~58no7JnK1aUc7vwBQLN1XwHkDw1xoBZn22536/ HTTP/1.1" 404 1251 "-" "Mozilla/5.0 (Linux; Android 6.0.1; Nexus 5X Build/MMB29P) AppleWebKit/537.36 (KHTML, like Gecko) Chrome/143.0.7499.192 Mobile Safari/537.36 (compatible; Googlebot/2.1; +http://www.google.com/bot.html)"
66.249.75.64 - - [19/Jan/2026:11:51:18 -0500] "GET /q-~169B61ZIzYohxIVeaUFSTCqakrBK0rEUa93/ HTTP/1.1" 404 1251 "-" "Mozilla/5.0 (Linux; Android 6.0.1; Nexus 5X Build/MMB29P) AppleWebKit/537.36 (KHTML, like Gecko) Chrome/143.0.7499.192 Mobile Safari/537.36 (compatible; Googlebot/2.1; +http://www.google.com/bot.html)"
66.249.75.76 - - [19/Jan/2026:11:51:48 -0500] "GET /?_ga=2.199735937.1959570908.1725022440-040787882.1699463641&_bdsid=fwa36q.n~MDPRM.1752551838833.1702261683&_bd_prev_page=https://4abetter.us/cart.do?q-~115BjlYnJLF0Q3RgTfAXWyv9F4aPTj8Eb32059/ HTTP/1.1" 200 2439 "-" "Mozilla/5.0 (Linux; Android 6.0.1; Nexus 5X Build/MMB29P) AppleWebKit/537.36 (KHTML, like Gecko) Chrome/143.0.7499.192 Mobile Safari/537.36 (compatible; Googlebot/2.1; +http://www.google.com/bot.html)"
74.7.227.156 - - [19/Jan/2026:11:45:41 -0500] "GET /product/Supreme141?c=g&l=30164 HTTP/1.1" 404 1251 "https://4abetter.us/sitemap338.xml" "Mozilla/5.0 AppleWebKit/537.36 (KHTML, like Gecko; compatible; GPTBot/1.3; +https://openai.com/gptbot)"
38.51.235.156 - - [19/Jan/2026:11:46:24 -0500] "GET /q-~244zdY0cnjubhABW5mxiA5eioBUqzcW5O19722/ HTTP/1.1" 404 1251 "-" "Mozilla/5.0 (X11; U; Linux x86_64; en-US; rv:1.9.2a1pre) Gecko/20090428 Firefox/3.6a1pre"
74.7.227.156 - - [19/Jan/2026:11:46:45 -0500] "GET /product/professional103?c=g&l=26622 HTTP/1.1" 404 1251 "https://4abetter.us/sitemap338.xml" "Mozilla/5.0 AppleWebKit/537.36 (KHTML, like Gecko; compatible; GPTBot/1.3; +https://openai.com/gptbot)"
66.249.75.76 - - [19/Jan/2026:11:48:06 -0500] "GET /?_ga=2.199735937.1959570908.1725022440-040787882.1699463641&_bdsid=fwa36q.n~MDPRM.1752551838833.1702261683&_bd_prev_page=https://4abetter.us/cart.do?product/two-thirds4?c=g&l=43847 HTTP/1.1" 200 2482 "-" "Mozilla/5.0 (Linux; Android 6.0.1; Nexus 5X Build/MMB29P) AppleWebKit/537.36 (KHTML, like Gecko) Chrome/143.0.7499.192 Mobile Safari/537.36 (compatible; Googlebot/2.1; +http://www.google.com/bot.html)"
66.249.72.7 - - [19/Jan/2026:11:50:10 -0500] "GET /m17163772081 HTTP/1.1" 404 1251 "-" "Mozilla/5.0 (Linux; Android 6.0.1; Nexus 5X Build/MMB29P) AppleWebKit/537.36 (KHTML, like Gecko) Chrome/143.0.7499.192 Mobile Safari/537.36 (compatible; Googlebot/2.1; +http://www.google.com/bot.html)"
66.249.72.8 - - [19/Jan/2026:11:50:10 -0500] "GET /cometostore-b001648wcm HTTP/1.1" 404 1251 "-" "Mozilla/5.0 (Linux; Android 6.0.1; Nexus 5X Build/MMB29P) AppleWebKit/537.36 (KHTML, like Gecko) Chrome/143.0.7499.192 Mobile Safari/537.36 (compatible; Googlebot/2.1; +http://www.google.com/bot.html)"
66.249.75.77 - - [19/Jan/2026:11:50:42 -0500] "GET /q-~128s9jxEpoOsB4TRTShG9MiXN3LmJ6guB43510/ HTTP/1.1" 404 1251 "-" "Mozilla/5.0 (Linux; Android 6.0.1; Nexus 5X Build/MMB29P) AppleWebKit/537.36 (KHTML, like Gecko) Chrome/143.0.7499.192 Mobile Safari/537.36 (compatible; Googlebot/2.1; +http://www.google.com/bot.html)"
66.249.72.7 - - [19/Jan/2026:11:50:56 -0500] "GET /q-~199Rws75COZVoISEbq8ng1br03Kt914Yo26697/ HTTP/1.1" 404 1251 "-" "Mozilla/5.0 (Linux; Android 6.0.1; Nexus 5X Build/MMB29P) AppleWebKit/537.36 (KHTML, like Gecko) Chrome/143.0.7499.192 Mobile Safari/537.36 (compatible; Googlebot/2.1; +http://www.google.com/bot.html)"
66.249.72.8 - - [19/Jan/2026:11:51:26 -0500] "GET /q-~89kl7KerkYq0RJTF2pvxw0uFhRKWwLhg26899/ HTTP/1.1" 404 1251 "-" "Mozilla/5.0 (Linux; Android 6.0.1; Nexus 5X Build/MMB29P) AppleWebKit/537.36 (KHTML, like Gecko) Chrome/143.0.7499.192 Mobile Safari/537.36 (compatible; Googlebot/2.1; +http://www.google.com/bot.html)"
66.249.75.77 - - [19/Jan/2026:11:51:26 -0500] "GET /product/around53?c=g&l=904 HTTP/1.1" 404 1251 "-" "Mozilla/5.0 (Linux; Android 6.0.1; Nexus 5X Build/MMB29P) AppleWebKit/537.36 (KHTML, like Gecko) Chrome/143.0.7499.192 Mobile Safari/537.36 (compatible; Googlebot/2.1; +http://www.google.com/bot.html)"
74.7.227.156 - - [19/Jan/2026:11:51:56 -0500] "GET /product/gradually209?c=g&l=41112 HTTP/1.1" 404 1251 "https://4abetter.us/sitemap477.xml" "Mozilla/5.0 AppleWebKit/537.36 (KHTML, like Gecko; compatible; GPTBot/1.3; +https://openai.com/gptbot)"
66.249.75.64 - - [19/Jan/2026:11:52:16 -0500] "GET /product/bit221?c=g&l=116 HTTP/1.1" 404 1251 "-" "Mozilla/5.0 (Linux; Android 6.0.1; Nexus 5X Build/MMB29P) AppleWebKit/537.36 (KHTML, like Gecko) Chrome/143.0.7499.192 Mobile Safari/537.36 (compatible; Googlebot/2.1; +http://www.google.com/bot.html)"
74.7.227.156 - - [19/Jan/2026:11:54:01 -0500] "GET /product/Olympics176?c=g&l=6003 HTTP/1.1" 404 1251 "https://4abetter.us/sitemap606.xml" "Mozilla/5.0 AppleWebKit/537.36 (KHTML, like Gecko; compatible; GPTBot/1.3; +https://openai.com/gptbot)"
74.7.227.156 - - [19/Jan/2026:11:57:09 -0500] "GET /product/Catholic66?c=g&l=23841 HTTP/1.1" 404 1251 "https://4abetter.us/sitemap606.xml" "Mozilla/5.0 AppleWebKit/537.36 (KHTML, like Gecko; compatible; GPTBot/1.3; +https://openai.com/gptbot)"
104.179.141.182 - - [19/Jan/2026:11:52:27 -0500] "GET /q-~287GtCIS7uoPnbZLYxA3JZioRTE598AxQ26851/ HTTP/1.1" 404 1251 "-" "Mozilla/5.0 (Macintosh; Intel Mac OS X 10_6_3) AppleWebKit/535.1 (KHTML, like Gecko) Chrome/13.0.782.41 Safari/535.1"
74.7.227.156 - - [19/Jan/2026:11:52:57 -0500] "GET /product/isolation181?c=g&l=20888 HTTP/1.1" 404 1251 "https://4abetter.us/sitemap554.xml" "Mozilla/5.0 AppleWebKit/537.36 (KHTML, like Gecko; compatible; GPTBot/1.3; +https://openai.com/gptbot)"
66.249.75.76 - - [19/Jan/2026:11:54:41 -0500] "GET /product/boast8?c=g&l=20397 HTTP/1.1" 404 1251 "-" "Mozilla/5.0 (Linux; Android 6.0.1; Nexus 5X Build/MMB29P) AppleWebKit/537.36 (KHTML, like Gecko) Chrome/143.0.7499.192 Mobile Safari/537.36 (compatible; Googlebot/2.1; +http://www.google.com/bot.html)"
74.7.227.156 - - [19/Jan/2026:11:55:05 -0500] "GET /product/Internet49?c=g&l=16230 HTTP/1.1" 404 1251 "https://4abetter.us/sitemap553.xml" "Mozilla/5.0 AppleWebKit/537.36 (KHTML, like Gecko; compatible; GPTBot/1.3; +https://openai.com/gptbot)"
