74.7.227.156 - - [19/Jan/2026:11:56:07 -0500] "GET /product/European206?c=g&l=7081 HTTP/1.1" 404 1251 "https://4abetter.us/sitemap337.xml" "Mozilla/5.0 AppleWebKit/537.36 (KHTML, like Gecko; compatible; GPTBot/1.3; +https://openai.com/gptbot)"
66.249.75.77 - - [19/Jan/2026:11:57:21 -0500] "GET /product/invitation6?c=g&l=15479 HTTP/1.1" 404 1251 "-" "Mozilla/5.0 (Linux; Android 6.0.1; Nexus 5X Build/MMB29P) AppleWebKit/537.36 (KHTML, like Gecko) Chrome/143.0.7499.192 Mobile Safari/537.36 (compatible; Googlebot/2.1; +http://www.google.com/bot.html)"
66.249.72.7 - - [19/Jan/2026:11:57:36 -0500] "GET /product/condemn99?c=g&l=294 HTTP/1.1" 404 1251 "-" "Mozilla/5.0 (Linux; Android 6.0.1; Nexus 5X Build/MMB29P) AppleWebKit/537.36 (KHTML, like Gecko) Chrome/143.0.7499.192 Mobile Safari/537.36 (compatible; Googlebot/2.1; +http://www.google.com/bot.html)"
24.2.157.194 - - [19/Jan/2026:11:59:23 -0500] "GET /q-~53rP834bE6eh5fxNpI8YekfCljOuI3Sc34275/ HTTP/1.1" 404 1251 "-" "Mozilla/5.0 (Windows; U; Windows NT 5.1; en-US) AppleWebKit/533.3 (KHTML, like Gecko) Chrome/5.0.353.0 Safari/533.3"
66.249.72.8 - - [19/Jan/2026:11:59:31 -0500] "GET /hcvalor-eshop-trusco-3108392 HTTP/1.1" 404 1251 "-" "Mozilla/5.0 (Linux; Android 6.0.1; Nexus 5X Build/MMB29P) AppleWebKit/537.36 (KHTML, like Gecko) Chrome/143.0.7499.192 Mobile Safari/537.36 (compatible; Googlebot/2.1; +http://www.google.com/bot.html)"
66.249.75.77 - - [19/Jan/2026:11:59:32 -0500] "GET /?_ga=2.199735937.1959570908.1725022440-040787882.1699463641&_bdsid=fwa36q.n~MDPRM.1752551838833.1702261683&_bd_prev_page=https://4abetter.us/cart.do?q-~115vllQAHzeQfhVsibyKaApCzQ3F39UQB29379/ HTTP/1.1" 200 2483 "-" "Mozilla/5.0 (Linux; Android 6.0.1; Nexus 5X Build/MMB29P) AppleWebKit/537.36 (KHTML, like Gecko) Chrome/143.0.7499.192 Mobile Safari/537.36 (compatible; Googlebot/2.1; +http://www.google.com/bot.html)"
66.249.75.76 - - [19/Jan/2026:11:59:45 -0500] "GET /?_ga=2.199735937.1959570908.1725022440-040787882.1699463641&_bdsid=fwa36q.n~MDPRM.1752551838833.1702261683&_bd_prev_page=https://4abetter.us/cart.do?q-~287j5ms8AIMoZQ0jjGaLFuswo2BLGnlyx17161/ HTTP/1.1" 200 2483 "-" "Mozilla/5.0 (Linux; Android 6.0.1; Nexus 5X Build/MMB29P) AppleWebKit/537.36 (KHTML, like Gecko) Chrome/143.0.7499.192 Mobile Safari/537.36 (compatible; Googlebot/2.1; +http://www.google.com/bot.html)"
74.7.227.156 - - [19/Jan/2026:12:00:18 -0500] "GET /product/European261?c=g&l=5698 HTTP/1.1" 404 1251 "https://4abetter.us/sitemap337.xml" "Mozilla/5.0 AppleWebKit/537.36 (KHTML, like Gecko; compatible; GPTBot/1.3; +https://openai.com/gptbot)"
74.7.175.160 - - [19/Jan/2026:12:00:18 -0500] "GET /robots.txt HTTP/1.1" 200 105 "-" "Mozilla/5.0 (Macintosh; Intel Mac OS X 10_15_7) AppleWebKit/537.36 (KHTML, like Gecko) Chrome/131.0.0.0 Safari/537.36; compatible; OAI-SearchBot/1.3; robots.txt; +https://openai.com/searchbot"
74.7.227.156 - - [19/Jan/2026:11:58:14 -0500] "GET /product/Congress35?c=g&l=45718 HTTP/1.1" 404 1251 "https://4abetter.us/sitemap553.xml" "Mozilla/5.0 AppleWebKit/537.36 (KHTML, like Gecko; compatible; GPTBot/1.3; +https://openai.com/gptbot)"
74.7.227.156 - - [19/Jan/2026:11:59:16 -0500] "GET /product/Hispanic126?c=g&l=9175 HTTP/1.1" 404 1251 "https://4abetter.us/sitemap338.xml" "Mozilla/5.0 AppleWebKit/537.36 (KHTML, like Gecko; compatible; GPTBot/1.3; +https://openai.com/gptbot)"
66.249.72.7 - - [19/Jan/2026:11:59:45 -0500] "GET /?_gl=1*7466l18*_ga*xWSRaJgpVgvcOuUECohYEDipYmvU*_ga_SECELOJJI*44nWfxBgK5RWlgTxVhGlOU4mmftbGuFHriS6Ir7EjMovfb5GW1sEdLU.*_gcl_au=1.1.198025627.176809841*_gcl_aw=QQQ.170716405.4xrne507nOLFn1XB8kr2x33SnJY35i4WIg2BynpFpzdDZQlt5zn1W9gMGAcWo0QKQO7PN6SGYHLLUzCcWfBxYJqmV3..&_gz=2.192717617.197790036.174717642-861211191.169134441&_bdsid=angv0l.n~BAUNZ.177023610.178531191&_bd_prev_page=https://www.4abetter.us/super.jsp?q-~3w9jenosdgUchGBrF8xiZeIEz6T4KEg49585/ HTTP/1.1" 200 2490 "-" "Mozilla/5.0 (Linux; Android 6.0.1; Nexus 5X Build/MMB29P) AppleWebKit/537.36 (KHTML, like Gecko) Chrome/143.0.7499.192 Mobile Safari/537.36 (compatible; Googlebot/2.1; +http://www.google.com/bot.html)"
66.249.72.7 - - [19/Jan/2026:11:59:45 -0500] "GET /q-~108ZtDw9vB4vc4GpZxxKFTBHPoSNqqKty21098/ HTTP/1.1" 404 1251 "-" "Mozilla/5.0 (Linux; Android 6.0.1; Nexus 5X Build/MMB29P) AppleWebKit/537.36 (KHTML, like Gecko) Chrome/143.0.7499.192 Mobile Safari/537.36 (compatible; Googlebot/2.1; +http://www.google.com/bot.html)"
66.249.75.64 - - [19/Jan/2026:12:00:23 -0500] "GET /?_ga=2.199735937.1959570908.1725022440-040787882.1699463641&_bdsid=fwa36q.n~MDPRM.1752551838833.1702261683&_bd_prev_page=https://4abetter.us/cart.do?q-~223K6ovYicAy0DbWSK9OaZm7h6SZRP5Pr12041/ HTTP/1.1" 200 2437 "-" "Mozilla/5.0 (Linux; Android 6.0.1; Nexus 5X Build/MMB29P) AppleWebKit/537.36 (KHTML, like Gecko) Chrome/143.0.7499.192 Mobile Safari/537.36 (compatible; Googlebot/2.1; +http://www.google.com/bot.html)"
66.249.75.77 - - [19/Jan/2026:12:00:54 -0500] "GET /product/log2?c=g&l=48071 HTTP/1.1" 404 1251 "-" "Mozilla/5.0 (Linux; Android 6.0.1; Nexus 5X Build/MMB29P) AppleWebKit/537.36 (KHTML, like Gecko) Chrome/143.0.7499.192 Mobile Safari/537.36 (compatible; Googlebot/2.1; +http://www.google.com/bot.html)"
172.59.3.72 - - [19/Jan/2026:12:00:28 -0500] "GET /q-~293u7O3yApi1P3J4PbBpWnz7BEGgKAx8W3201/ HTTP/1.1" 404 1251 "-" "Mozilla/5.0 (Windows; U; Windows NT 6.0; en-US) AppleWebKit/534.14 (KHTML, like Gecko) Chrome/9.0.601.0 Safari/534.14"
216.73.216.87 - - [19/Jan/2026:12:00:30 -0500] "GET / HTTP/1.1" 200 2437 "-" "Mozilla/5.0 AppleWebKit/537.36 (KHTML, like Gecko; compatible; ClaudeBot/1.0; +claudebot@anthropic.com)"
74.7.227.156 - - [19/Jan/2026:12:01:20 -0500] "GET /product/American16?c=g&l=23963 HTTP/1.1" 404 1251 "https://4abetter.us/sitemap909.xml" "Mozilla/5.0 AppleWebKit/537.36 (KHTML, like Gecko; compatible; GPTBot/1.3; +https://openai.com/gptbot)"
74.7.227.156 - - [19/Jan/2026:12:02:24 -0500] "GET /product/considerable298?c=g&l=16419 HTTP/1.1" 404 1251 "https://4abetter.us/sitemap909.xml" "Mozilla/5.0 AppleWebKit/537.36 (KHTML, like Gecko; compatible; GPTBot/1.3; +https://openai.com/gptbot)"
216.131.104.203 - - [19/Jan/2026:12:03:04 -0500] "GET /q-~3JYizjdgPuJLWo4l4YRRJJDDQBDxofq40931/ HTTP/1.1" 404 1251 "-" "Mozilla/5.0 (Windows; U; Windows NT 5.2; en-US) AppleWebKit/534.3 (KHTML, like Gecko) Chrome/6.0.458.0 Safari/534.3"
74.7.227.156 - - [19/Jan/2026:12:04:33 -0500] "GET /product/carbohydrate268?c=g&l=37115 HTTP/1.1" 404 1251 "https://4abetter.us/sitemap337.xml" "Mozilla/5.0 AppleWebKit/537.36 (KHTML, like Gecko; compatible; GPTBot/1.3; +https://openai.com/gptbot)"
74.7.227.156 - - [19/Jan/2026:12:06:37 -0500] "GET /product/considerable103?c=g&l=43820 HTTP/1.1" 404 1251 "https://4abetter.us/sitemap338.xml" "Mozilla/5.0 AppleWebKit/537.36 (KHTML, like Gecko; compatible; GPTBot/1.3; +https://openai.com/gptbot)"
66.249.75.77 - - [19/Jan/2026:12:07:44 -0500] "GET /q-~118foIwhN6ASgJv6WcIk9TG13l4yBNv8O5042/ HTTP/1.1" 404 1251 "-" "Mozilla/5.0 (Linux; Android 6.0.1; Nexus 5X Build/MMB29P) AppleWebKit/537.36 (KHTML, like Gecko) Chrome/143.0.7499.192 Mobile Safari/537.36 (compatible; Googlebot/2.1; +http://www.google.com/bot.html)"
66.249.75.76 - - [19/Jan/2026:12:07:48 -0500] "GET /q-~101M8CjXzrLvRuNSEuiECxAFDKpdPhrMe14255/ HTTP/1.1" 404 1251 "-" "Mozilla/5.0 (Linux; Android 6.0.1; Nexus 5X Build/MMB29P) AppleWebKit/537.36 (KHTML, like Gecko) Chrome/143.0.7499.192 Mobile Safari/537.36 (compatible; Googlebot/2.1; +http://www.google.com/bot.html)"
66.249.72.7 - - [19/Jan/2026:12:08:06 -0500] "GET /q-~182oaBApQ8IKf72jIXRX49GrDowTrh4Fi14376/ HTTP/1.1" 404 1251 "-" "Mozilla/5.0 (Linux; Android 6.0.1; Nexus 5X Build/MMB29P) AppleWebKit/537.36 (KHTML, like Gecko) Chrome/143.0.7499.192 Mobile Safari/537.36 (compatible; Googlebot/2.1; +http://www.google.com/bot.html)"
74.7.227.156 - - [19/Jan/2026:12:08:47 -0500] "GET /product/deliberately257?c=g&l=39746 HTTP/1.1" 404 1251 "https://4abetter.us/sitemap664.xml" "Mozilla/5.0 AppleWebKit/537.36 (KHTML, like Gecko; compatible; GPTBot/1.3; +https://openai.com/gptbot)"
66.249.75.64 - - [19/Jan/2026:12:01:57 -0500] "GET /q-~85QhHDlL3mvseDvm0HGwswv7XspzKLYq32495/ HTTP/1.1" 404 1251 "-" "Mozilla/5.0 (Linux; Android 6.0.1; Nexus 5X Build/MMB29P) AppleWebKit/537.36 (KHTML, like Gecko) Chrome/143.0.7499.192 Mobile Safari/537.36 (compatible; Googlebot/2.1; +http://www.google.com/bot.html)"
66.249.75.64 - - [19/Jan/2026:12:03:28 -0500] "GET /product/dealer4?c=g&l=29243 HTTP/1.1" 404 1251 "-" "Mozilla/5.0 (Linux; Android 6.0.1; Nexus 5X Build/MMB29P) AppleWebKit/537.36 (KHTML, like Gecko) Chrome/143.0.7499.192 Mobile Safari/537.36 (compatible; Googlebot/2.1; +http://www.google.com/bot.html)"
74.7.227.156 - - [19/Jan/2026:12:03:29 -0500] "GET /product/consistently208?c=g&l=43107 HTTP/1.1" 404 1251 "https://4abetter.us/sitemap554.xml" "Mozilla/5.0 AppleWebKit/537.36 (KHTML, like Gecko; compatible; GPTBot/1.3; +https://openai.com/gptbot)"
66.249.75.64 - - [19/Jan/2026:12:04:32 -0500] "GET /q-~17zszQx7QPDBeuy00Tlkc3OgnaGf0tEP25985/ HTTP/1.1" 404 1251 "-" "Mozilla/5.0 (Linux; Android 6.0.1; Nexus 5X Build/MMB29P) AppleWebKit/537.36 (KHTML, like Gecko) Chrome/143.0.7499.192 Mobile Safari/537.36 (compatible; Googlebot/2.1; +http://www.google.com/bot.html)"
66.249.75.64 - - [19/Jan/2026:12:05:00 -0500] "GET /?_ga=2.199735937.1959570908.1725022440-040787882.1699463641&_bdsid=fwa36q.n~MDPRM.1752551838833.1702261683&_bd_prev_page=https://4abetter.us/cart.do?q-~95o20IS2xH6DgteeXkCTWuLunv92B4Na24215/ HTTP/1.1" 200 2483 "-" "Mozilla/5.0 (Linux; Android 6.0.1; Nexus 5X Build/MMB29P) AppleWebKit/537.36 (KHTML, like Gecko) Chrome/143.0.7499.192 Mobile Safari/537.36 (compatible; Googlebot/2.1; +http://www.google.com/bot.html)"
74.7.227.156 - - [19/Jan/2026:12:05:37 -0500] "GET /product/conservative140?c=g&l=30271 HTTP/1.1" 404 1251 "https://4abetter.us/sitemap766.xml" "Mozilla/5.0 AppleWebKit/537.36 (KHTML, like Gecko; compatible; GPTBot/1.3; +https://openai.com/gptbot)"
66.249.72.8 - - [19/Jan/2026:12:05:41 -0500] "GET /?_gl=1*7466l18*_ga*xWSRaJgpVgvcOuUECohYEDipYmvU*_ga_SECELOJJI*44nWfxBgK5RWlgTxVhGlOU4mmftbGuFHriS6Ir7EjMovfb5GW1sEdLU.*_gcl_au=1.1.198025627.176809841*_gcl_aw=QQQ.170716405.4xrne507nOLFn1XB8kr2x33SnJY35i4WIg2BynpFpzdDZQlt5zn1W9gMGAcWo0QKQO7PN6SGYHLLUzCcWfBxYJqmV3..&_gz=2.192717617.197790036.174717642-861211191.169134441&_bdsid=angv0l.n~BAUNZ.177023610.178531191&_bd_prev_page=https://www.4abetter.us/super.jsp?q-~202fMznl7ZXekDj1CBbuLmkPHGAsgKvOx17602/ HTTP/1.1" 200 2490 "-" "Mozilla/5.0 (Linux; Android 6.0.1; Nexus 5X Build/MMB29P) AppleWebKit/537.36 (KHTML, like Gecko) Chrome/143.0.7499.192 Mobile Safari/537.36 (compatible; Googlebot/2.1; +http://www.google.com/bot.html)"
66.249.75.77 - - [19/Jan/2026:12:07:34 -0500] "GET /q-~251ZWQa8svunZ4wn6ztQ9TedCpzX2wiML11091/ HTTP/1.1" 404 1251 "-" "Mozilla/5.0 (Linux; Android 6.0.1; Nexus 5X Build/MMB29P) AppleWebKit/537.36 (KHTML, like Gecko) Chrome/143.0.7499.192 Mobile Safari/537.36 (compatible; Googlebot/2.1; +http://www.google.com/bot.html)"
74.7.227.156 - - [19/Jan/2026:12:07:43 -0500] "GET /product/conservative219?c=g&l=17734 HTTP/1.1" 404 1251 "https://4abetter.us/sitemap553.xml" "Mozilla/5.0 AppleWebKit/537.36 (KHTML, like Gecko; compatible; GPTBot/1.3; +https://openai.com/gptbot)"
66.249.72.7 - - [19/Jan/2026:12:09:05 -0500] "GET /z216636494 HTTP/1.1" 404 1251 "-" "Mozilla/5.0 (Linux; Android 6.0.1; Nexus 5X Build/MMB29P) AppleWebKit/537.36 (KHTML, like Gecko) Chrome/143.0.7499.192 Mobile Safari/537.36 (compatible; Googlebot/2.1; +http://www.google.com/bot.html)"
40.77.167.55 - - [19/Jan/2026:12:09:13 -0500] "GET /?sitemap724.xml HTTP/1.1" 200 2438 "-" "Mozilla/5.0 AppleWebKit/537.36 (KHTML, like Gecko; compatible; bingbot/2.0; +http://www.bing.com/bingbot.htm) Chrome/116.0.1938.76 Safari/537.36"
74.7.227.156 - - [19/Jan/2026:12:10:51 -0500] "GET /product/chemistry36?c=g&l=8591 HTTP/1.1" 404 1251 "https://4abetter.us/sitemap338.xml" "Mozilla/5.0 AppleWebKit/537.36 (KHTML, like Gecko; compatible; GPTBot/1.3; +https://openai.com/gptbot)"
74.7.227.156 - - [19/Jan/2026:12:11:52 -0500] "GET /product/instructor134?c=g&l=18567 HTTP/1.1" 404 1251 "https://4abetter.us/sitemap766.xml" "Mozilla/5.0 AppleWebKit/537.36 (KHTML, like Gecko; compatible; GPTBot/1.3; +https://openai.com/gptbot)"
74.7.227.156 - - [19/Jan/2026:12:12:54 -0500] "GET /product/phenomenon212?c=g&l=10453 HTTP/1.1" 404 1251 "https://4abetter.us/sitemap606.xml" "Mozilla/5.0 AppleWebKit/537.36 (KHTML, like Gecko; compatible; GPTBot/1.3; +https://openai.com/gptbot)"
74.7.227.156 - - [19/Jan/2026:12:13:55 -0500] "GET /product/prevention104?c=g&l=17547 HTTP/1.1" 404 1251 "https://4abetter.us/sitemap922.xml" "Mozilla/5.0 AppleWebKit/537.36 (KHTML, like Gecko; compatible; GPTBot/1.3; +https://openai.com/gptbot)"
207.46.13.87 - - [19/Jan/2026:12:14:35 -0500] "GET /?sitemap194.xml HTTP/1.1" 200 2437 "-" "Mozilla/5.0 AppleWebKit/537.36 (KHTML, like Gecko; compatible; bingbot/2.0; +http://www.bing.com/bingbot.htm) Chrome/116.0.1938.76 Safari/537.36"
66.249.72.7 - - [19/Jan/2026:12:18:43 -0500] "GET /87565907 HTTP/1.1" 404 1251 "-" "Mozilla/5.0 (Linux; Android 6.0.1; Nexus 5X Build/MMB29P) AppleWebKit/537.36 (KHTML, like Gecko) Chrome/143.0.7499.192 Mobile Safari/537.36 (compatible; Googlebot/2.1; +http://www.google.com/bot.html)"
105.106.146.2 - - [19/Jan/2026:12:18:55 -0500] "GET /q-~120giRb2xd3xQv5qbJaMDZ0QRt4SMKIHY29560/ HTTP/1.1" 404 1251 "-" "Mozilla/4.0 (compatible; Intel Mac OS X 10.6; rv:2.0b8) Gecko/20100101 Firefox/4.0b8)"
74.7.227.156 - - [19/Jan/2026:12:09:49 -0500] "GET /product/transmission279?c=g&l=35620 HTTP/1.1" 404 1251 "https://4abetter.us/sitemap922.xml" "Mozilla/5.0 AppleWebKit/537.36 (KHTML, like Gecko; compatible; GPTBot/1.3; +https://openai.com/gptbot)"
52.167.144.167 - - [19/Jan/2026:12:12:20 -0500] "GET /?sitemap60.xml HTTP/1.1" 200 2437 "-" "Mozilla/5.0 AppleWebKit/537.36 (KHTML, like Gecko; compatible; bingbot/2.0; +http://www.bing.com/bingbot.htm) Chrome/116.0.1938.76 Safari/537.36"
74.7.227.156 - - [19/Jan/2026:12:14:57 -0500] "GET /product/prevention233?c=g&l=37488 HTTP/1.1" 404 1251 "https://4abetter.us/sitemap544.xml" "Mozilla/5.0 AppleWebKit/537.36 (KHTML, like Gecko; compatible; GPTBot/1.3; +https://openai.com/gptbot)"
74.7.227.156 - - [19/Jan/2026:12:15:58 -0500] "GET /product/previously192?c=g&l=29127 HTTP/1.1" 404 1251 "https://4abetter.us/sitemap664.xml" "Mozilla/5.0 AppleWebKit/537.36 (KHTML, like Gecko; compatible; GPTBot/1.3; +https://openai.com/gptbot)"
74.7.227.156 - - [19/Jan/2026:12:17:00 -0500] "GET /product/Japanese79?c=g&l=13562 HTTP/1.1" 404 1251 "https://4abetter.us/sitemap554.xml" "Mozilla/5.0 AppleWebKit/537.36 (KHTML, like Gecko; compatible; GPTBot/1.3; +https://openai.com/gptbot)"
74.7.227.156 - - [19/Jan/2026:12:18:05 -0500] "GET /product/American37?c=g&l=20954 HTTP/1.1" 404 1251 "https://4abetter.us/sitemap766.xml" "Mozilla/5.0 AppleWebKit/537.36 (KHTML, like Gecko; compatible; GPTBot/1.3; +https://openai.com/gptbot)"
74.7.227.156 - - [19/Jan/2026:12:19:09 -0500] "GET /product/rural183?c=g&l=23338 HTTP/1.1" 404 1251 "https://4abetter.us/sitemap553.xml" "Mozilla/5.0 AppleWebKit/537.36 (KHTML, like Gecko; compatible; GPTBot/1.3; +https://openai.com/gptbot)"
74.7.227.156 - - [19/Jan/2026:12:20:09 -0500] "GET /product/occur222?c=g&l=38847 HTTP/1.1" 404 1251 "https://4abetter.us/sitemap338.xml" "Mozilla/5.0 AppleWebKit/537.36 (KHTML, like Gecko; compatible; GPTBot/1.3; +https://openai.com/gptbot)"
74.7.227.156 - - [19/Jan/2026:12:21:13 -0500] "GET /product/old-fashioned202?c=g&l=11141 HTTP/1.1" 404 1251 "https://4abetter.us/sitemap766.xml" "Mozilla/5.0 AppleWebKit/537.36 (KHTML, like Gecko; compatible; GPTBot/1.3; +https://openai.com/gptbot)"
66.249.72.7 - - [19/Jan/2026:12:21:51 -0500] "GET /m20181402738 HTTP/1.1" 404 1251 "-" "Mozilla/5.0 (Linux; Android 6.0.1; Nexus 5X Build/MMB29P) AppleWebKit/537.36 (KHTML, like Gecko) Chrome/143.0.7499.192 Mobile Safari/537.36 (compatible; Googlebot/2.1; +http://www.google.com/bot.html)"
216.73.216.87 - - [19/Jan/2026:12:22:16 -0500] "GET /wp-includes/SimplePie/Restriction.php HTTP/1.1" 403 1242 "-" "Mozilla/5.0 AppleWebKit/537.36 (KHTML, like Gecko; compatible; ClaudeBot/1.0; +claudebot@anthropic.com)"
216.73.216.87 - - [19/Jan/2026:12:22:17 -0500] "GET /wp-includes/SimplePie/Net/ HTTP/1.1" 200 631 "https://4abetter.us/wp-includes/SimplePie/Net" "Mozilla/5.0 AppleWebKit/537.36 (KHTML, like Gecko; compatible; ClaudeBot/1.0; +claudebot@anthropic.com)"
216.73.216.87 - - [19/Jan/2026:12:22:17 -0500] "GET /wp-includes/SimplePie/Caption.php HTTP/1.1" 403 1242 "-" "Mozilla/5.0 AppleWebKit/537.36 (KHTML, like Gecko; compatible; ClaudeBot/1.0; +claudebot@anthropic.com)"
216.73.216.87 - - [19/Jan/2026:12:22:18 -0500] "GET /wp-includes/assets/script-loader-react-refresh-entry.php HTTP/1.1" 403 1242 "-" "Mozilla/5.0 AppleWebKit/537.36 (KHTML, like Gecko; compatible; ClaudeBot/1.0; +claudebot@anthropic.com)"
216.73.216.87 - - [19/Jan/2026:12:22:18 -0500] "GET /wp-includes/css/wp-pointer-rtl.css HTTP/1.1" 200 1008 "-" "Mozilla/5.0 AppleWebKit/537.36 (KHTML, like Gecko; compatible; ClaudeBot/1.0; +claudebot@anthropic.com)"
216.73.216.87 - - [19/Jan/2026:12:22:19 -0500] "GET /wp-includes/html-api/error_log HTTP/1.1" 403 1242 "-" "Mozilla/5.0 AppleWebKit/537.36 (KHTML, like Gecko; compatible; ClaudeBot/1.0; +claudebot@anthropic.com)"
216.73.216.87 - - [19/Jan/2026:12:22:19 -0500] "GET /wp-includes/SimplePie/src HTTP/1.1" 301 795 "-" "Mozilla/5.0 AppleWebKit/537.36 (KHTML, like Gecko; compatible; ClaudeBot/1.0; +claudebot@anthropic.com)"
216.73.216.87 - - [19/Jan/2026:12:22:19 -0500] "GET /wp-includes/SimplePie/src/ HTTP/1.1" 200 1679 "https://4abetter.us/wp-includes/SimplePie/src" "Mozilla/5.0 AppleWebKit/537.36 (KHTML, like Gecko; compatible; ClaudeBot/1.0; +claudebot@anthropic.com)"
216.73.216.87 - - [19/Jan/2026:12:22:19 -0500] "GET /wp-includes/css/editor.min.css HTTP/1.1" 200 5614 "-" "Mozilla/5.0 AppleWebKit/537.36 (KHTML, like Gecko; compatible; ClaudeBot/1.0; +claudebot@anthropic.com)"
216.73.216.87 - - [19/Jan/2026:12:22:20 -0500] "GET /wp-includes/interactivity-api/interactivity-api.php HTTP/1.1" 403 1242 "-" "Mozilla/5.0 AppleWebKit/537.36 (KHTML, like Gecko; compatible; ClaudeBot/1.0; +claudebot@anthropic.com)"
216.73.216.87 - - [19/Jan/2026:12:22:20 -0500] "GET /wp-includes/block-patterns/query-offset-posts.php HTTP/1.1" 403 1242 "-" "Mozilla/5.0 AppleWebKit/537.36 (KHTML, like Gecko; compatible; ClaudeBot/1.0; +claudebot@anthropic.com)"
216.73.216.87 - - [19/Jan/2026:12:22:21 -0500] "GET /wp-includes/Requests/src HTTP/1.1" 301 795 "-" "Mozilla/5.0 AppleWebKit/537.36 (KHTML, like Gecko; compatible; ClaudeBot/1.0; +claudebot@anthropic.com)"
216.73.216.87 - - [19/Jan/2026:12:22:21 -0500] "GET /wp-includes/html-api/class-wp-html-processor.php HTTP/1.1" 403 1242 "-" "Mozilla/5.0 AppleWebKit/537.36 (KHTML, like Gecko; compatible; ClaudeBot/1.0; +claudebot@anthropic.com)"
216.73.216.87 - - [19/Jan/2026:12:22:22 -0500] "GET /wp-includes/Text/Exception.php HTTP/1.1" 403 1242 "-" "Mozilla/5.0 AppleWebKit/537.36 (KHTML, like Gecko; compatible; ClaudeBot/1.0; +claudebot@anthropic.com)"
216.73.216.87 - - [19/Jan/2026:12:22:22 -0500] "GET /wp-includes/SimplePie/Cache/ HTTP/1.1" 200 1131 "https://4abetter.us/wp-includes/SimplePie/Cache" "Mozilla/5.0 AppleWebKit/537.36 (KHTML, like Gecko; compatible; ClaudeBot/1.0; +claudebot@anthropic.com)"
216.73.216.87 - - [19/Jan/2026:12:22:16 -0500] "GET /wp-includes/block-patterns/query-medium-posts.php HTTP/1.1" 403 1242 "-" "Mozilla/5.0 AppleWebKit/537.36 (KHTML, like Gecko; compatible; ClaudeBot/1.0; +claudebot@anthropic.com)"
216.73.216.87 - - [19/Jan/2026:12:22:17 -0500] "GET /wp-includes/SimplePie/Net HTTP/1.1" 301 795 "-" "Mozilla/5.0 AppleWebKit/537.36 (KHTML, like Gecko; compatible; ClaudeBot/1.0; +claudebot@anthropic.com)"
216.73.216.87 - - [19/Jan/2026:12:22:19 -0500] "GET /sdk/css/additional.css HTTP/1.1" 200 1852 "-" "Mozilla/5.0 AppleWebKit/537.36 (KHTML, like Gecko; compatible; ClaudeBot/1.0; +claudebot@anthropic.com)"
74.7.227.156 - - [19/Jan/2026:12:22:19 -0500] "GET /product/processing244?c=g&l=21173 HTTP/1.1" 404 1251 "https://4abetter.us/sitemap544.xml" "Mozilla/5.0 AppleWebKit/537.36 (KHTML, like Gecko; compatible; GPTBot/1.3; +https://openai.com/gptbot)"
216.73.216.87 - - [19/Jan/2026:12:22:20 -0500] "GET /wp-includes/html-api/class-wp-html-decoder.php HTTP/1.1" 403 1242 "-" "Mozilla/5.0 AppleWebKit/537.36 (KHTML, like Gecko; compatible; ClaudeBot/1.0; +claudebot@anthropic.com)"
216.73.216.87 - - [19/Jan/2026:12:22:21 -0500] "GET /wp-includes/Requests/src/ HTTP/1.1" 200 1580 "https://4abetter.us/wp-includes/Requests/src" "Mozilla/5.0 AppleWebKit/537.36 (KHTML, like Gecko; compatible; ClaudeBot/1.0; +claudebot@anthropic.com)"
216.73.216.87 - - [19/Jan/2026:12:22:21 -0500] "GET /wp-includes/SimplePie/Exception.php HTTP/1.1" 403 1242 "-" "Mozilla/5.0 AppleWebKit/537.36 (KHTML, like Gecko; compatible; ClaudeBot/1.0; +claudebot@anthropic.com)"
216.73.216.87 - - [19/Jan/2026:12:22:21 -0500] "GET /wp-includes/css/wp-pointer.min.css HTTP/1.1" 200 799 "-" "Mozilla/5.0 AppleWebKit/537.36 (KHTML, like Gecko; compatible; ClaudeBot/1.0; +claudebot@anthropic.com)"
216.73.216.87 - - [19/Jan/2026:12:22:21 -0500] "GET /wp-includes/assets/script-loader-react-refresh-runtime.php HTTP/1.1" 403 1242 "-" "Mozilla/5.0 AppleWebKit/537.36 (KHTML, like Gecko; compatible; ClaudeBot/1.0; +claudebot@anthropic.com)"
216.73.216.87 - - [19/Jan/2026:12:22:22 -0500] "GET /wp-includes/SimplePie/Parser.php HTTP/1.1" 403 1242 "-" "Mozilla/5.0 AppleWebKit/537.36 (KHTML, like Gecko; compatible; ClaudeBot/1.0; +claudebot@anthropic.com)"
216.73.216.87 - - [19/Jan/2026:12:22:22 -0500] "GET /wp-includes/SimplePie/Core.php HTTP/1.1" 403 1242 "-" "Mozilla/5.0 AppleWebKit/537.36 (KHTML, like Gecko; compatible; ClaudeBot/1.0; +claudebot@anthropic.com)"
216.73.216.87 - - [19/Jan/2026:12:22:22 -0500] "GET /wp-includes/SimplePie/Cache HTTP/1.1" 301 795 "-" "Mozilla/5.0 AppleWebKit/537.36 (KHTML, like Gecko; compatible; ClaudeBot/1.0; +claudebot@anthropic.com)"
216.73.216.87 - - [19/Jan/2026:12:22:22 -0500] "GET /wp-includes/Text/Diff/ HTTP/1.1" 200 700 "https://4abetter.us/wp-includes/Text/Diff" "Mozilla/5.0 AppleWebKit/537.36 (KHTML, like Gecko; compatible; ClaudeBot/1.0; +claudebot@anthropic.com)"
216.73.216.87 - - [19/Jan/2026:12:22:23 -0500] "GET /wp-includes/SimplePie/File.php HTTP/1.1" 403 1242 "-" "Mozilla/5.0 AppleWebKit/537.36 (KHTML, like Gecko; compatible; ClaudeBot/1.0; +claudebot@anthropic.com)"
216.73.216.87 - - [19/Jan/2026:12:23:01 -0500] "GET /wp-includes/html-api/class-wp-html-tag-processor.php HTTP/1.1" 403 1242 "-" "Mozilla/5.0 AppleWebKit/537.36 (KHTML, like Gecko; compatible; ClaudeBot/1.0; +claudebot@anthropic.com)"
216.73.216.87 - - [19/Jan/2026:12:23:01 -0500] "GET /wp-includes/block-patterns/error_log HTTP/1.1" 403 1242 "-" "Mozilla/5.0 AppleWebKit/537.36 (KHTML, like Gecko; compatible; ClaudeBot/1.0; +claudebot@anthropic.com)"
216.73.216.87 - - [19/Jan/2026:12:23:02 -0500] "GET /wp-includes/SimplePie/Misc.php HTTP/1.1" 403 1242 "-" "Mozilla/5.0 AppleWebKit/537.36 (KHTML, like Gecko; compatible; ClaudeBot/1.0; +claudebot@anthropic.com)"
216.73.216.87 - - [19/Jan/2026:12:23:02 -0500] "GET /wp-includes/assets/script-loader-packages.php HTTP/1.1" 403 1242 "-" "Mozilla/5.0 AppleWebKit/537.36 (KHTML, like Gecko; compatible; ClaudeBot/1.0; +claudebot@anthropic.com)"
216.73.216.87 - - [19/Jan/2026:12:22:22 -0500] "GET /wp-includes/Text/Diff HTTP/1.1" 301 795 "-" "Mozilla/5.0 AppleWebKit/537.36 (KHTML, like Gecko; compatible; ClaudeBot/1.0; +claudebot@anthropic.com)"
216.73.216.87 - - [19/Jan/2026:12:22:23 -0500] "GET /wp-includes/SimplePie/Source.php HTTP/1.1" 403 1242 "-" "Mozilla/5.0 AppleWebKit/537.36 (KHTML, like Gecko; compatible; ClaudeBot/1.0; +claudebot@anthropic.com)"
216.73.216.87 - - [19/Jan/2026:12:22:23 -0500] "GET /wp-includes/SimplePie/HTTP HTTP/1.1" 301 795 "-" "Mozilla/5.0 AppleWebKit/537.36 (KHTML, like Gecko; compatible; ClaudeBot/1.0; +claudebot@anthropic.com)"
216.73.216.87 - - [19/Jan/2026:12:22:23 -0500] "GET /wp-includes/SimplePie/HTTP/ HTTP/1.1" 200 635 "https://4abetter.us/wp-includes/SimplePie/HTTP" "Mozilla/5.0 AppleWebKit/537.36 (KHTML, like Gecko; compatible; ClaudeBot/1.0; +claudebot@anthropic.com)"
216.73.216.87 - - [19/Jan/2026:12:22:23 -0500] "GET /wp-includes/css/editor.css HTTP/1.1" 200 6408 "-" "Mozilla/5.0 AppleWebKit/537.36 (KHTML, like Gecko; compatible; ClaudeBot/1.0; +claudebot@anthropic.com)"
216.73.216.87 - - [19/Jan/2026:12:22:23 -0500] "GET /wp-includes/Text/Diff.php HTTP/1.1" 403 1242 "-" "Mozilla/5.0 AppleWebKit/537.36 (KHTML, like Gecko; compatible; ClaudeBot/1.0; +claudebot@anthropic.com)"
216.73.216.87 - - [19/Jan/2026:12:22:23 -0500] "GET /wp-includes/css/wp-pointer.css HTTP/1.1" 200 991 "-" "Mozilla/5.0 AppleWebKit/537.36 (KHTML, like Gecko; compatible; ClaudeBot/1.0; +claudebot@anthropic.com)"
216.73.216.87 - - [19/Jan/2026:12:22:24 -0500] "GET /wp-includes/SimplePie/Cache.php HTTP/1.1" 403 1242 "-" "Mozilla/5.0 AppleWebKit/537.36 (KHTML, like Gecko; compatible; ClaudeBot/1.0; +claudebot@anthropic.com)"
216.73.216.87 - - [19/Jan/2026:12:23:01 -0500] "GET /wp-includes/interactivity-api/class-wp-interactivity-api.php HTTP/1.1" 403 1242 "-" "Mozilla/5.0 AppleWebKit/537.36 (KHTML, like Gecko; compatible; ClaudeBot/1.0; +claudebot@anthropic.com)"
216.73.216.87 - - [19/Jan/2026:12:23:02 -0500] "GET /wp-includes/SimplePie/Item.php HTTP/1.1" 403 1242 "-" "Mozilla/5.0 AppleWebKit/537.36 (KHTML, like Gecko; compatible; ClaudeBot/1.0; +claudebot@anthropic.com)"
216.73.216.87 - - [19/Jan/2026:12:23:02 -0500] "GET /wp-includes/html-api/class-wp-html-span.php HTTP/1.1" 403 1242 "-" "Mozilla/5.0 AppleWebKit/537.36 (KHTML, like Gecko; compatible; ClaudeBot/1.0; +claudebot@anthropic.com)"
216.73.216.87 - - [19/Jan/2026:12:23:03 -0500] "GET /wp-includes/SimplePie/Decode/ HTTP/1.1" 200 625 "https://4abetter.us/wp-includes/SimplePie/Decode" "Mozilla/5.0 AppleWebKit/537.36 (KHTML, like Gecko; compatible; ClaudeBot/1.0; +claudebot@anthropic.com)"
216.73.216.87 - - [19/Jan/2026:12:23:03 -0500] "GET /wp-includes/theme-compat/embed.php HTTP/1.1" 403 1242 "-" "Mozilla/5.0 AppleWebKit/537.36 (KHTML, like Gecko; compatible; ClaudeBot/1.0; +claudebot@anthropic.com)"
216.73.216.87 - - [19/Jan/2026:12:23:03 -0500] "GET /wp-includes/js/wp-pointer.js HTTP/1.1" 200 5972 "-" "Mozilla/5.0 AppleWebKit/537.36 (KHTML, like Gecko; compatible; ClaudeBot/1.0; +claudebot@anthropic.com)"
216.73.216.87 - - [19/Jan/2026:12:23:03 -0500] "GET /wp-includes/SimplePie/Locator.php HTTP/1.1" 403 1242 "-" "Mozilla/5.0 AppleWebKit/537.36 (KHTML, like Gecko; compatible; ClaudeBot/1.0; +claudebot@anthropic.com)"
216.73.216.87 - - [19/Jan/2026:12:23:03 -0500] "GET /wp-includes/block-patterns/query-grid-posts.php HTTP/1.1" 403 1242 "-" "Mozilla/5.0 AppleWebKit/537.36 (KHTML, like Gecko; compatible; ClaudeBot/1.0; +claudebot@anthropic.com)"
216.73.216.87 - - [19/Jan/2026:12:23:04 -0500] "GET /wp-includes/block-patterns/query-small-posts.php HTTP/1.1" 403 1242 "-" "Mozilla/5.0 AppleWebKit/537.36 (KHTML, like Gecko; compatible; ClaudeBot/1.0; +claudebot@anthropic.com)"
216.73.216.87 - - [19/Jan/2026:12:23:04 -0500] "GET /wp-includes/php-compat/readonly.php HTTP/1.1" 403 1242 "-" "Mozilla/5.0 AppleWebKit/537.36 (KHTML, like Gecko; compatible; ClaudeBot/1.0; +claudebot@anthropic.com)"
216.73.216.87 - - [19/Jan/2026:12:23:02 -0500] "GET /wp-includes/SimplePie/error_log HTTP/1.1" 403 1242 "-" "Mozilla/5.0 AppleWebKit/537.36 (KHTML, like Gecko; compatible; ClaudeBot/1.0; +claudebot@anthropic.com)"
216.73.216.87 - - [19/Jan/2026:12:23:02 -0500] "GET /wp-includes/theme-compat/header.php HTTP/1.1" 403 1242 "-" "Mozilla/5.0 AppleWebKit/537.36 (KHTML, like Gecko; compatible; ClaudeBot/1.0; +claudebot@anthropic.com)"
216.73.216.87 - - [19/Jan/2026:12:23:02 -0500] "GET /wp-includes/css/buttons.css HTTP/1.1" 200 2279 "-" "Mozilla/5.0 AppleWebKit/537.36 (KHTML, like Gecko; compatible; ClaudeBot/1.0; +claudebot@anthropic.com)"
216.73.216.87 - - [19/Jan/2026:12:23:03 -0500] "GET /wp-includes/SimplePie/Decode HTTP/1.1" 301 795 "-" "Mozilla/5.0 AppleWebKit/537.36 (KHTML, like Gecko; compatible; ClaudeBot/1.0; +claudebot@anthropic.com)"
216.73.216.87 - - [19/Jan/2026:12:23:03 -0500] "GET /wp-includes/SimplePie/Credit.php HTTP/1.1" 403 1242 "-" "Mozilla/5.0 AppleWebKit/537.36 (KHTML, like Gecko; compatible; ClaudeBot/1.0; +claudebot@anthropic.com)"
216.73.216.87 - - [19/Jan/2026:12:23:03 -0500] "GET /wp-includes/SimplePie/Copyright.php HTTP/1.1" 403 1242 "-" "Mozilla/5.0 AppleWebKit/537.36 (KHTML, like Gecko; compatible; ClaudeBot/1.0; +claudebot@anthropic.com)"
216.73.216.87 - - [19/Jan/2026:12:23:03 -0500] "GET /wp-includes/theme-compat/comments.php HTTP/1.1" 403 1242 "-" "Mozilla/5.0 AppleWebKit/537.36 (KHTML, like Gecko; compatible; ClaudeBot/1.0; +claudebot@anthropic.com)"
216.73.216.87 - - [19/Jan/2026:12:23:03 -0500] "GET /wp-includes/assets/script-loader-react-refresh-runtime.min.php HTTP/1.1" 403 1242 "-" "Mozilla/5.0 AppleWebKit/537.36 (KHTML, like Gecko; compatible; ClaudeBot/1.0; +claudebot@anthropic.com)"
216.73.216.87 - - [19/Jan/2026:12:23:04 -0500] "GET /wp-includes/rest-api/fields HTTP/1.1" 301 795 "-" "Mozilla/5.0 AppleWebKit/537.36 (KHTML, like Gecko; compatible; ClaudeBot/1.0; +claudebot@anthropic.com)"
216.73.216.87 - - [19/Jan/2026:12:23:04 -0500] "GET /wp-includes/js/shortcode.js HTTP/1.1" 200 6508 "-" "Mozilla/5.0 AppleWebKit/537.36 (KHTML, like Gecko; compatible; ClaudeBot/1.0; +claudebot@anthropic.com)"
216.73.216.87 - - [19/Jan/2026:12:23:04 -0500] "GET /wp-includes/html-api/class-wp-html-open-elements.php HTTP/1.1" 403 1242 "-" "Mozilla/5.0 AppleWebKit/537.36 (KHTML, like Gecko; compatible; ClaudeBot/1.0; +claudebot@anthropic.com)"
216.73.216.87 - - [19/Jan/2026:12:23:04 -0500] "GET /wp-includes/html-api/class-wp-html-stack-event.php HTTP/1.1" 403 1242 "-" "Mozilla/5.0 AppleWebKit/537.36 (KHTML, like Gecko; compatible; ClaudeBot/1.0; +claudebot@anthropic.com)"
216.73.216.87 - - [19/Jan/2026:12:23:04 -0500] "GET /wp-includes/SimplePie/Rating.php HTTP/1.1" 403 1242 "-" "Mozilla/5.0 AppleWebKit/537.36 (KHTML, like Gecko; compatible; ClaudeBot/1.0; +claudebot@anthropic.com)"
74.7.227.156 - - [19/Jan/2026:12:24:24 -0500] "GET /product/profession269?c=g&l=26186 HTTP/1.1" 404 1251 "https://4abetter.us/sitemap909.xml" "Mozilla/5.0 AppleWebKit/537.36 (KHTML, like Gecko; compatible; GPTBot/1.3; +https://openai.com/gptbot)"
216.73.216.87 - - [19/Jan/2026:12:24:38 -0500] "GET /wp-includes/IXR/class-IXR-request.php HTTP/1.1" 403 1242 "-" "Mozilla/5.0 AppleWebKit/537.36 (KHTML, like Gecko; compatible; ClaudeBot/1.0; +claudebot@anthropic.com)"
216.73.216.87 - - [19/Jan/2026:12:24:38 -0500] "GET /wp-includes/interactivity-api/class-wp-interactivity-api-directives-processor.php HTTP/1.1" 403 1242 "-" "Mozilla/5.0 AppleWebKit/537.36 (KHTML, like Gecko; compatible; ClaudeBot/1.0; +claudebot@anthropic.com)"
216.73.216.87 - - [19/Jan/2026:12:24:39 -0500] "GET /wp-includes/SimplePie/IRI.php HTTP/1.1" 403 1242 "-" "Mozilla/5.0 AppleWebKit/537.36 (KHTML, like Gecko; compatible; ClaudeBot/1.0; +claudebot@anthropic.com)"
216.73.216.87 - - [19/Jan/2026:12:24:39 -0500] "GET /wp-includes/IXR/error_log HTTP/1.1" 403 1242 "-" "Mozilla/5.0 AppleWebKit/537.36 (KHTML, like Gecko; compatible; ClaudeBot/1.0; +claudebot@anthropic.com)"
216.73.216.87 - - [19/Jan/2026:12:23:04 -0500] "GET /wp-includes/rest-api/fields/ HTTP/1.1" 200 1093 "https://4abetter.us/wp-includes/rest-api/fields" "Mozilla/5.0 AppleWebKit/537.36 (KHTML, like Gecko; compatible; ClaudeBot/1.0; +claudebot@anthropic.com)"
216.73.216.87 - - [19/Jan/2026:12:23:04 -0500] "GET /wp-includes/assets/script-modules-packages.php HTTP/1.1" 403 1242 "-" "Mozilla/5.0 AppleWebKit/537.36 (KHTML, like Gecko; compatible; ClaudeBot/1.0; +claudebot@anthropic.com)"
216.73.216.87 - - [19/Jan/2026:12:23:04 -0500] "GET /wp-includes/html-api/class-wp-html-processor-state.php HTTP/1.1" 403 1242 "-" "Mozilla/5.0 AppleWebKit/537.36 (KHTML, like Gecko; compatible; ClaudeBot/1.0; +claudebot@anthropic.com)"
216.73.216.87 - - [19/Jan/2026:12:23:04 -0500] "GET /wp-includes/css/admin-bar.css HTTP/1.1" 200 4579 "-" "Mozilla/5.0 AppleWebKit/537.36 (KHTML, like Gecko; compatible; ClaudeBot/1.0; +claudebot@anthropic.com)"
216.73.216.87 - - [19/Jan/2026:12:23:05 -0500] "GET /wp-includes/interactivity-api/error_log HTTP/1.1" 403 1242 "-" "Mozilla/5.0 AppleWebKit/537.36 (KHTML, like Gecko; compatible; ClaudeBot/1.0; +claudebot@anthropic.com)"
98.25.128.252 - - [19/Jan/2026:12:23:11 -0500] "GET /q-~141A72Vi7ROecbHr3d9iDqt4PoKLhZ5zI13523/ HTTP/1.1" 404 1251 "-" "Mozilla/5.0 (Windows; U; Windows NT 6.1; en-US) AppleWebKit/533.2 (KHTML, like Gecko) Chrome/6.0"
74.7.227.156 - - [19/Jan/2026:12:23:20 -0500] "GET /product/processing262?c=g&l=47741 HTTP/1.1" 404 1251 "https://4abetter.us/sitemap553.xml" "Mozilla/5.0 AppleWebKit/537.36 (KHTML, like Gecko; compatible; GPTBot/1.3; +https://openai.com/gptbot)"
216.73.216.87 - - [19/Jan/2026:12:24:38 -0500] "GET /wp-includes/Requests/library HTTP/1.1" 301 795 "-" "Mozilla/5.0 AppleWebKit/537.36 (KHTML, like Gecko; compatible; ClaudeBot/1.0; +claudebot@anthropic.com)"
216.73.216.87 - - [19/Jan/2026:12:24:38 -0500] "GET /wp-includes/css/dashicons.css HTTP/1.1" 200 35476 "-" "Mozilla/5.0 AppleWebKit/537.36 (KHTML, like Gecko; compatible; ClaudeBot/1.0; +claudebot@anthropic.com)"
216.73.216.87 - - [19/Jan/2026:12:24:38 -0500] "GET /wp-includes/SimplePie/Registry.php HTTP/1.1" 403 1242 "-" "Mozilla/5.0 AppleWebKit/537.36 (KHTML, like Gecko; compatible; ClaudeBot/1.0; +claudebot@anthropic.com)"
216.73.216.87 - - [19/Jan/2026:12:24:39 -0500] "GET /wp-includes/Requests/library/ HTTP/1.1" 200 682 "https://4abetter.us/wp-includes/Requests/library" "Mozilla/5.0 AppleWebKit/537.36 (KHTML, like Gecko; compatible; ClaudeBot/1.0; +claudebot@anthropic.com)"
216.73.216.87 - - [19/Jan/2026:12:24:39 -0500] "GET /wp-includes/SimplePie/Author.php HTTP/1.1" 403 1242 "-" "Mozilla/5.0 AppleWebKit/537.36 (KHTML, like Gecko; compatible; ClaudeBot/1.0; +claudebot@anthropic.com)"
216.73.216.87 - - [19/Jan/2026:12:24:39 -0500] "GET /wp-includes/SimplePie/Content HTTP/1.1" 301 795 "-" "Mozilla/5.0 AppleWebKit/537.36 (KHTML, like Gecko; compatible; ClaudeBot/1.0; +claudebot@anthropic.com)"
216.73.216.87 - - [19/Jan/2026:12:24:39 -0500] "GET /wp-includes/SimplePie/Content/ HTTP/1.1" 200 622 "https://4abetter.us/wp-includes/SimplePie/Content" "Mozilla/5.0 AppleWebKit/537.36 (KHTML, like Gecko; compatible; ClaudeBot/1.0; +claudebot@anthropic.com)"
216.73.216.87 - - [19/Jan/2026:12:24:39 -0500] "GET /wp-includes/js/underscore.js HTTP/1.1" 200 22064 "-" "Mozilla/5.0 AppleWebKit/537.36 (KHTML, like Gecko; compatible; ClaudeBot/1.0; +claudebot@anthropic.com)"
216.73.216.87 - - [19/Jan/2026:12:24:39 -0500] "GET /wp-includes/css/editor-rtl.css HTTP/1.1" 200 6422 "-" "Mozilla/5.0 AppleWebKit/537.36 (KHTML, like Gecko; compatible; ClaudeBot/1.0; +claudebot@anthropic.com)"
216.73.216.87 - - [19/Jan/2026:12:24:39 -0500] "GET /wp-includes/SimplePie/Enclosure.php HTTP/1.1" 403 1242 "-" "Mozilla/5.0 AppleWebKit/537.36 (KHTML, like Gecko; compatible; ClaudeBot/1.0; +claudebot@anthropic.com)"
216.73.216.87 - - [19/Jan/2026:12:24:39 -0500] "GET /sdk/css/validation.min.css HTTP/1.1" 200 274 "-" "Mozilla/5.0 AppleWebKit/537.36 (KHTML, like Gecko; compatible; ClaudeBot/1.0; +claudebot@anthropic.com)"
216.73.216.87 - - [19/Jan/2026:12:24:39 -0500] "GET /wp-includes/css/wp-pointer-rtl.min.css HTTP/1.1" 200 806 "-" "Mozilla/5.0 AppleWebKit/537.36 (KHTML, like Gecko; compatible; ClaudeBot/1.0; +claudebot@anthropic.com)"
216.73.216.87 - - [19/Jan/2026:12:24:40 -0500] "GET /wp-includes/SimplePie/gzdecode.php HTTP/1.1" 403 1242 "-" "Mozilla/5.0 AppleWebKit/537.36 (KHTML, like Gecko; compatible; ClaudeBot/1.0; +claudebot@anthropic.com)"
216.73.216.87 - - [19/Jan/2026:12:24:40 -0500] "GET /wp-includes/rest-api/error_log HTTP/1.1" 403 1242 "-" "Mozilla/5.0 AppleWebKit/537.36 (KHTML, like Gecko; compatible; ClaudeBot/1.0; +claudebot@anthropic.com)"
216.73.216.87 - - [19/Jan/2026:12:24:40 -0500] "GET /wp-includes/html-api/class-wp-html-attribute-token.php HTTP/1.1" 403 1242 "-" "Mozilla/5.0 AppleWebKit/537.36 (KHTML, like Gecko; compatible; ClaudeBot/1.0; +claudebot@anthropic.com)"
216.73.216.87 - - [19/Jan/2026:12:24:40 -0500] "GET /wp-includes/css/customize-preview.css HTTP/1.1" 200 959 "-" "Mozilla/5.0 AppleWebKit/537.36 (KHTML, like Gecko; compatible; ClaudeBot/1.0; +claudebot@anthropic.com)"
216.73.216.87 - - [19/Jan/2026:12:24:41 -0500] "GET /wp-includes/css/dist HTTP/1.1" 301 795 "-" "Mozilla/5.0 AppleWebKit/537.36 (KHTML, like Gecko; compatible; ClaudeBot/1.0; +claudebot@anthropic.com)"
66.249.75.64 - - [19/Jan/2026:12:24:53 -0500] "GET /m91377600418 HTTP/1.1" 404 1251 "-" "Mozilla/5.0 (compatible; Googlebot/2.1; +http://www.google.com/bot.html)"
216.73.216.87 - - [19/Jan/2026:12:25:19 -0500] "GET /wp-includes/css/buttons.min.css HTTP/1.1" 200 1275 "-" "Mozilla/5.0 AppleWebKit/537.36 (KHTML, like Gecko; compatible; ClaudeBot/1.0; +claudebot@anthropic.com)"
216.73.216.87 - - [19/Jan/2026:12:25:19 -0500] "GET /wp-includes/css/admin-bar-rtl.css HTTP/1.1" 200 4601 "-" "Mozilla/5.0 AppleWebKit/537.36 (KHTML, like Gecko; compatible; ClaudeBot/1.0; +claudebot@anthropic.com)"
216.73.216.87 - - [19/Jan/2026:12:25:19 -0500] "GET /wp-includes/assets/script-loader-packages.min.php HTTP/1.1" 403 1242 "-" "Mozilla/5.0 AppleWebKit/537.36 (KHTML, like Gecko; compatible; ClaudeBot/1.0; +claudebot@anthropic.com)"
216.73.216.87 - - [19/Jan/2026:12:25:19 -0500] "GET /wp-includes/widgets/class-wp-widget-recent-posts.php HTTP/1.1" 403 1242 "-" "Mozilla/5.0 AppleWebKit/537.36 (KHTML, like Gecko; compatible; ClaudeBot/1.0; +claudebot@anthropic.com)"
216.73.216.87 - - [19/Jan/2026:12:25:19 -0500] "GET /wp-includes/SimplePie/XML HTTP/1.1" 301 795 "-" "Mozilla/5.0 AppleWebKit/537.36 (KHTML, like Gecko; compatible; ClaudeBot/1.0; +claudebot@anthropic.com)"
216.73.216.87 - - [19/Jan/2026:12:25:19 -0500] "GET /wp-includes/SimplePie/XML/ HTTP/1.1" 200 623 "https://4abetter.us/wp-includes/SimplePie/XML" "Mozilla/5.0 AppleWebKit/537.36 (KHTML, like Gecko; compatible; ClaudeBot/1.0; +claudebot@anthropic.com)"
216.73.216.87 - - [19/Jan/2026:12:25:19 -0500] "GET /wp-includes/js/wp-pointer.min.js HTTP/1.1" 200 4326 "-" "Mozilla/5.0 AppleWebKit/537.36 (KHTML, like Gecko; compatible; ClaudeBot/1.0; +claudebot@anthropic.com)"
216.73.216.87 - - [19/Jan/2026:12:25:19 -0500] "GET /wp-includes/js/jquery HTTP/1.1" 301 795 "-" "Mozilla/5.0 AppleWebKit/537.36 (KHTML, like Gecko; compatible; ClaudeBot/1.0; +claudebot@anthropic.com)"
216.73.216.87 - - [19/Jan/2026:12:25:19 -0500] "GET /wp-includes/theme-compat/error_log HTTP/1.1" 403 1242 "-" "Mozilla/5.0 AppleWebKit/537.36 (KHTML, like Gecko; compatible; ClaudeBot/1.0; +claudebot@anthropic.com)"
216.73.216.87 - - [19/Jan/2026:12:25:20 -0500] "GET /wp-includes/customize/class-wp-customize-partial.php HTTP/1.1" 403 1242 "-" "Mozilla/5.0 AppleWebKit/537.36 (KHTML, like Gecko; compatible; ClaudeBot/1.0; +claudebot@anthropic.com)"
216.73.216.87 - - [19/Jan/2026:12:25:20 -0500] "GET /wp-includes/IXR/class-IXR-message.php HTTP/1.1" 403 1242 "-" "Mozilla/5.0 AppleWebKit/537.36 (KHTML, like Gecko; compatible; ClaudeBot/1.0; +claudebot@anthropic.com)"
216.73.216.87 - - [19/Jan/2026:12:24:39 -0500] "GET /wp-includes/html-api/class-wp-html-active-formatting-elements.php HTTP/1.1" 403 1242 "-" "Mozilla/5.0 AppleWebKit/537.36 (KHTML, like Gecko; compatible; ClaudeBot/1.0; +claudebot@anthropic.com)"
216.73.216.87 - - [19/Jan/2026:12:24:39 -0500] "GET /wp-includes/js/hoverIntent.js HTTP/1.1" 200 5427 "-" "Mozilla/5.0 AppleWebKit/537.36 (KHTML, like Gecko; compatible; ClaudeBot/1.0; +claudebot@anthropic.com)"
216.73.216.87 - - [19/Jan/2026:12:24:40 -0500] "GET /wp-includes/theme-compat/header-embed.php HTTP/1.1" 403 1242 "-" "Mozilla/5.0 AppleWebKit/537.36 (KHTML, like Gecko; compatible; ClaudeBot/1.0; +claudebot@anthropic.com)"
216.73.216.87 - - [19/Jan/2026:12:24:40 -0500] "GET /wp-includes/block-patterns/query-standard-posts.php HTTP/1.1" 403 1242 "-" "Mozilla/5.0 AppleWebKit/537.36 (KHTML, like Gecko; compatible; ClaudeBot/1.0; +claudebot@anthropic.com)"
216.73.216.87 - - [19/Jan/2026:12:24:40 -0500] "GET /wp-includes/css/wp-embed-template.css HTTP/1.1" 200 1884 "-" "Mozilla/5.0 AppleWebKit/537.36 (KHTML, like Gecko; compatible; ClaudeBot/1.0; +claudebot@anthropic.com)"
216.73.216.87 - - [19/Jan/2026:12:24:40 -0500] "GET /wp-includes/IXR/class-IXR-error.php HTTP/1.1" 403 1242 "-" "Mozilla/5.0 AppleWebKit/537.36 (KHTML, like Gecko; compatible; ClaudeBot/1.0; +claudebot@anthropic.com)"
216.73.216.87 - - [19/Jan/2026:12:24:40 -0500] "GET /wp-includes/assets/script-loader-react-refresh-entry.min.php HTTP/1.1" 403 1242 "-" "Mozilla/5.0 AppleWebKit/537.36 (KHTML, like Gecko; compatible; ClaudeBot/1.0; +claudebot@anthropic.com)"
216.73.216.87 - - [19/Jan/2026:12:24:40 -0500] "GET /wp-includes/customize/error_log HTTP/1.1" 403 1242 "-" "Mozilla/5.0 AppleWebKit/537.36 (KHTML, like Gecko; compatible; ClaudeBot/1.0; +claudebot@anthropic.com)"
216.73.216.87 - - [19/Jan/2026:12:24:40 -0500] "GET /wp-includes/js/api-request.js HTTP/1.1" 200 4348 "-" "Mozilla/5.0 AppleWebKit/537.36 (KHTML, like Gecko; compatible; ClaudeBot/1.0; +claudebot@anthropic.com)"
216.73.216.87 - - [19/Jan/2026:12:24:41 -0500] "GET /wp-includes/widgets/error_log HTTP/1.1" 403 1242 "-" "Mozilla/5.0 AppleWebKit/537.36 (KHTML, like Gecko; compatible; ClaudeBot/1.0; +claudebot@anthropic.com)"
216.73.216.87 - - [19/Jan/2026:12:24:41 -0500] "GET /wp-includes/html-api/class-wp-html-token.php HTTP/1.1" 403 1242 "-" "Mozilla/5.0 AppleWebKit/537.36 (KHTML, like Gecko; compatible; ClaudeBot/1.0; +claudebot@anthropic.com)"
216.73.216.87 - - [19/Jan/2026:12:24:41 -0500] "GET /wp-includes/css/dist/ HTTP/1.1" 200 1143 "https://4abetter.us/wp-includes/css/dist" "Mozilla/5.0 AppleWebKit/537.36 (KHTML, like Gecko; compatible; ClaudeBot/1.0; +claudebot@anthropic.com)"
216.73.216.87 - - [19/Jan/2026:12:25:19 -0500] "GET /wp-includes/IXR/class-IXR-date.php HTTP/1.1" 403 1242 "-" "Mozilla/5.0 AppleWebKit/537.36 (KHTML, like Gecko; compatible; ClaudeBot/1.0; +claudebot@anthropic.com)"
216.73.216.87 - - [19/Jan/2026:12:25:19 -0500] "GET /wp-includes/js/jquery/ HTTP/1.1" 200 1549 "https://4abetter.us/wp-includes/js/jquery" "Mozilla/5.0 AppleWebKit/537.36 (KHTML, like Gecko; compatible; ClaudeBot/1.0; +claudebot@anthropic.com)"
216.73.216.87 - - [19/Jan/2026:12:25:19 -0500] "GET /wp-includes/js/shortcode.min.js HTTP/1.1" 200 4180 "-" "Mozilla/5.0 AppleWebKit/537.36 (KHTML, like Gecko; compatible; ClaudeBot/1.0; +claudebot@anthropic.com)"
216.73.216.87 - - [19/Jan/2026:12:25:20 -0500] "GET /wp-includes/theme-compat/sidebar.php HTTP/1.1" 403 1242 "-" "Mozilla/5.0 AppleWebKit/537.36 (KHTML, like Gecko; compatible; ClaudeBot/1.0; +claudebot@anthropic.com)"
216.73.216.87 - - [19/Jan/2026:12:25:20 -0500] "GET /wp-includes/style-engine/class-wp-style-engine-processor.php HTTP/1.1" 403 1242 "-" "Mozilla/5.0 AppleWebKit/537.36 (KHTML, like Gecko; compatible; ClaudeBot/1.0; +claudebot@anthropic.com)"
216.73.216.87 - - [19/Jan/2026:12:25:20 -0500] "GET /wp-includes/SimplePie/autoloader.php HTTP/1.1" 403 1242 "-" "Mozilla/5.0 AppleWebKit/537.36 (KHTML, like Gecko; compatible; ClaudeBot/1.0; +claudebot@anthropic.com)"
216.73.216.87 - - [19/Jan/2026:12:25:20 -0500] "GET /wp-includes/html-api/class-wp-html-text-replacement.php HTTP/1.1" 403 1242 "-" "Mozilla/5.0 AppleWebKit/537.36 (KHTML, like Gecko; compatible; ClaudeBot/1.0; +claudebot@anthropic.com)"
216.73.216.87 - - [19/Jan/2026:12:25:20 -0500] "GET /wp-includes/css/admin-bar.min.css HTTP/1.1" 200 3611 "-" "Mozilla/5.0 AppleWebKit/537.36 (KHTML, like Gecko; compatible; ClaudeBot/1.0; +claudebot@anthropic.com)"
216.73.216.87 - - [19/Jan/2026:12:25:20 -0500] "GET /wp-includes/js/utils.js HTTP/1.1" 200 4645 "-" "Mozilla/5.0 AppleWebKit/537.36 (KHTML, like Gecko; compatible; ClaudeBot/1.0; +claudebot@anthropic.com)"
216.73.216.87 - - [19/Jan/2026:12:25:20 -0500] "GET /wp-includes/block-patterns/query-large-title-posts.php HTTP/1.1" 403 1242 "-" "Mozilla/5.0 AppleWebKit/537.36 (KHTML, like Gecko; compatible; ClaudeBot/1.0; +claudebot@anthropic.com)"
216.73.216.87 - - [19/Jan/2026:12:25:21 -0500] "GET /wp-includes/theme-compat/embed-content.php HTTP/1.1" 403 1242 "-" "Mozilla/5.0 AppleWebKit/537.36 (KHTML, like Gecko; compatible; ClaudeBot/1.0; +claudebot@anthropic.com)"
216.73.216.87 - - [19/Jan/2026:12:25:21 -0500] "GET /wp-includes/IXR/class-IXR-value.php HTTP/1.1" 403 1242 "-" "Mozilla/5.0 AppleWebKit/537.36 (KHTML, like Gecko; compatible; ClaudeBot/1.0; +claudebot@anthropic.com)"
216.73.216.87 - - [19/Jan/2026:12:25:21 -0500] "GET /wp-includes/pomo/entry.php HTTP/1.1" 403 1242 "-" "Mozilla/5.0 AppleWebKit/537.36 (KHTML, like Gecko; compatible; ClaudeBot/1.0; +claudebot@anthropic.com)"
216.73.216.87 - - [19/Jan/2026:12:25:21 -0500] "GET /wp-includes/js/tinymce HTTP/1.1" 301 795 "-" "Mozilla/5.0 AppleWebKit/537.36 (KHTML, like Gecko; compatible; ClaudeBot/1.0; +claudebot@anthropic.com)"
216.73.216.87 - - [19/Jan/2026:12:25:21 -0500] "GET /wp-includes/js/tinymce/ HTTP/1.1" 200 1212 "https://4abetter.us/wp-includes/js/tinymce" "Mozilla/5.0 AppleWebKit/537.36 (KHTML, like Gecko; compatible; ClaudeBot/1.0; +claudebot@anthropic.com)"
216.73.216.87 - - [19/Jan/2026:12:25:21 -0500] "GET /wp-includes/IXR/class-IXR-server.php HTTP/1.1" 403 1242 "-" "Mozilla/5.0 AppleWebKit/537.36 (KHTML, like Gecko; compatible; ClaudeBot/1.0; +claudebot@anthropic.com)"
74.7.227.156 - - [19/Jan/2026:12:25:25 -0500] "GET /product/presidency140?c=g&l=11197 HTTP/1.1" 404 1251 "https://4abetter.us/sitemap544.xml" "Mozilla/5.0 AppleWebKit/537.36 (KHTML, like Gecko; compatible; GPTBot/1.3; +https://openai.com/gptbot)"
216.73.216.87 - - [19/Jan/2026:12:25:45 -0500] "GET /wp-includes/block-bindings/error_log HTTP/1.1" 403 1242 "-" "Mozilla/5.0 AppleWebKit/537.36 (KHTML, like Gecko; compatible; ClaudeBot/1.0; +claudebot@anthropic.com)"
216.73.216.87 - - [19/Jan/2026:12:25:45 -0500] "GET /wp-includes/IXR/class-IXR-clientmulticall.php HTTP/1.1" 403 1242 "-" "Mozilla/5.0 AppleWebKit/537.36 (KHTML, like Gecko; compatible; ClaudeBot/1.0; +claudebot@anthropic.com)"
216.73.216.87 - - [19/Jan/2026:12:25:45 -0500] "GET /wp-includes/IXR/class-IXR-base64.php HTTP/1.1" 403 1242 "-" "Mozilla/5.0 AppleWebKit/537.36 (KHTML, like Gecko; compatible; ClaudeBot/1.0; +claudebot@anthropic.com)"
216.73.216.87 - - [19/Jan/2026:12:25:45 -0500] "GET /wp-includes/css/media-views.css HTTP/1.1" 200 10072 "-" "Mozilla/5.0 AppleWebKit/537.36 (KHTML, like Gecko; compatible; ClaudeBot/1.0; +claudebot@anthropic.com)"
216.73.216.87 - - [19/Jan/2026:12:25:45 -0500] "GET /wp-includes/block-supports/elements.php HTTP/1.1" 403 1242 "-" "Mozilla/5.0 AppleWebKit/537.36 (KHTML, like Gecko; compatible; ClaudeBot/1.0; +claudebot@anthropic.com)"
216.73.216.87 - - [19/Jan/2026:12:25:46 -0500] "GET /wp-includes/ID3/module.audio.flac.php HTTP/1.1" 403 1242 "-" "Mozilla/5.0 AppleWebKit/537.36 (KHTML, like Gecko; compatible; ClaudeBot/1.0; +claudebot@anthropic.com)"
216.73.216.87 - - [19/Jan/2026:12:25:46 -0500] "GET /wp-includes/widgets/class-wp-widget-block.php HTTP/1.1" 403 1242 "-" "Mozilla/5.0 AppleWebKit/537.36 (KHTML, like Gecko; compatible; ClaudeBot/1.0; +claudebot@anthropic.com)"
216.73.216.87 - - [19/Jan/2026:12:25:20 -0500] "GET /wp-includes/SimplePie/library HTTP/1.1" 301 795 "-" "Mozilla/5.0 AppleWebKit/537.36 (KHTML, like Gecko; compatible; ClaudeBot/1.0; +claudebot@anthropic.com)"
216.73.216.87 - - [19/Jan/2026:12:25:20 -0500] "GET /wp-includes/SimplePie/library/ HTTP/1.1" 200 740 "https://4abetter.us/wp-includes/SimplePie/library" "Mozilla/5.0 AppleWebKit/537.36 (KHTML, like Gecko; compatible; ClaudeBot/1.0; +claudebot@anthropic.com)"
216.73.216.87 - - [19/Jan/2026:12:25:20 -0500] "GET /wp-includes/rest-api/radio.php HTTP/1.1" 403 1242 "-" "Mozilla/5.0 AppleWebKit/537.36 (KHTML, like Gecko; compatible; ClaudeBot/1.0; +claudebot@anthropic.com)"
216.73.216.87 - - [19/Jan/2026:12:25:21 -0500] "GET /wp-includes/SimplePie/Sanitize.php HTTP/1.1" 403 1242 "-" "Mozilla/5.0 AppleWebKit/537.36 (KHTML, like Gecko; compatible; ClaudeBot/1.0; +claudebot@anthropic.com)"
216.73.216.87 - - [19/Jan/2026:12:25:21 -0500] "GET /wp-includes/assets/script-modules-packages.min.php HTTP/1.1" 403 1242 "-" "Mozilla/5.0 AppleWebKit/537.36 (KHTML, like Gecko; compatible; ClaudeBot/1.0; +claudebot@anthropic.com)"
216.73.216.87 - - [19/Jan/2026:12:25:21 -0500] "GET /wp-includes/customize/class-wp-customize-code-editor-control.php HTTP/1.1" 403 1242 "-" "Mozilla/5.0 AppleWebKit/537.36 (KHTML, like Gecko; compatible; ClaudeBot/1.0; +claudebot@anthropic.com)"
216.73.216.87 - - [19/Jan/2026:12:25:21 -0500] "GET /sdk/css/additional.min.css HTTP/1.1" 200 1163 "-" "Mozilla/5.0 AppleWebKit/537.36 (KHTML, like Gecko; compatible; ClaudeBot/1.0; +claudebot@anthropic.com)"
216.73.216.87 - - [19/Jan/2026:12:25:45 -0500] "GET /wp-includes/js/json2.js HTTP/1.1" 200 8467 "-" "Mozilla/5.0 AppleWebKit/537.36 (KHTML, like Gecko; compatible; ClaudeBot/1.0; +claudebot@anthropic.com)"
216.73.216.87 - - [19/Jan/2026:12:25:45 -0500] "GET /wp-includes/css/buttons-rtl.css HTTP/1.1" 200 2286 "-" "Mozilla/5.0 AppleWebKit/537.36 (KHTML, like Gecko; compatible; ClaudeBot/1.0; +claudebot@anthropic.com)"
216.73.216.87 - - [19/Jan/2026:12:25:45 -0500] "GET /wp-includes/rest-api/class-wp-rest-server.php HTTP/1.1" 403 1242 "-" "Mozilla/5.0 AppleWebKit/537.36 (KHTML, like Gecko; compatible; ClaudeBot/1.0; +claudebot@anthropic.com)"
216.73.216.87 - - [19/Jan/2026:12:25:45 -0500] "GET /wp-includes/ID3/module.audio.dts.php HTTP/1.1" 403 1242 "-" "Mozilla/5.0 AppleWebKit/537.36 (KHTML, like Gecko; compatible; ClaudeBot/1.0; +claudebot@anthropic.com)"
