74.7.227.32 - - [22/Mar/2026:08:45:24 -0400] "GET /00d1d439/?MD HTTP/1.1" 200 535 "https://4abetter.us/00d1d439/?MA" "Mozilla/5.0 AppleWebKit/537.36 (KHTML, like Gecko; compatible; GPTBot/1.3; +https://openai.com/gptbot)"
74.7.227.32 - - [22/Mar/2026:08:45:26 -0400] "GET /00d1d439/?SD HTTP/1.1" 200 536 "https://4abetter.us/00d1d439/?SA" "Mozilla/5.0 AppleWebKit/537.36 (KHTML, like Gecko; compatible; GPTBot/1.3; +https://openai.com/gptbot)"
57.141.2.26 - - [22/Mar/2026:08:45:28 -0400] "GET /good.php/1243270.shtml HTTP/1.1" 404 1251 "-" "meta-externalagent/1.1 (+https://developers.facebook.com/docs/sharing/webmasters/crawler)"
57.141.2.6 - - [22/Mar/2026:08:45:39 -0400] "GET /good.php/cw3018339/ HTTP/1.1" 404 1251 "-" "meta-externalagent/1.1 (+https://developers.facebook.com/docs/sharing/webmasters/crawler)"
74.7.227.32 - - [22/Mar/2026:08:45:55 -0400] "GET /thank-you/ HTTP/1.1" 200 614 "https://4abetter.us/?sitemap681.xml" "Mozilla/5.0 AppleWebKit/537.36 (KHTML, like Gecko; compatible; GPTBot/1.3; +https://openai.com/gptbot)"
57.141.2.52 - - [22/Mar/2026:08:46:00 -0400] "GET /good.php/t1583839/ HTTP/1.1" 404 1251 "-" "meta-externalagent/1.1 (+https://developers.facebook.com/docs/sharing/webmasters/crawler)"
57.141.2.47 - - [22/Mar/2026:08:46:10 -0400] "GET /good.php/1410067.shtml HTTP/1.1" 404 1251 "-" "meta-externalagent/1.1 (+https://developers.facebook.com/docs/sharing/webmasters/crawler)"
66.249.69.196 - - [22/Mar/2026:08:46:14 -0400] "GET /q-~139KXwKT4Y3Z7KjJ84RCoG1Uvc5eetWvu1413/ HTTP/1.1" 404 1251 "-" "Mozilla/5.0 (Linux; Android 6.0.1; Nexus 5X Build/MMB29P) AppleWebKit/537.36 (KHTML, like Gecko) Chrome/145.0.7632.159 Mobile Safari/537.36 (compatible; Googlebot/2.1; +http://www.google.com/bot.html)"
57.141.2.56 - - [22/Mar/2026:08:46:31 -0400] "GET /good.php/603619.shtml HTTP/1.1" 404 1251 "-" "meta-externalagent/1.1 (+https://developers.facebook.com/docs/sharing/webmasters/crawler)"
74.7.227.32 - - [22/Mar/2026:08:46:36 -0400] "GET /dist.zip HTTP/1.1" 200 629766 "https://4abetter.us/?sitemap681.xml" "Mozilla/5.0 AppleWebKit/537.36 (KHTML, like Gecko; compatible; GPTBot/1.3; +https://openai.com/gptbot)"
74.7.227.32 - - [22/Mar/2026:08:46:42 -0400] "GET /wp-sx-generator.php HTTP/1.1" 200 2637 "https://4abetter.us/?sitemap681.xml" "Mozilla/5.0 AppleWebKit/537.36 (KHTML, like Gecko; compatible; GPTBot/1.3; +https://openai.com/gptbot)"
74.7.227.32 - - [22/Mar/2026:08:47:02 -0400] "GET /wp-includes/class-wp-url-pattern-prefixer.php HTTP/1.1" 200 0 "https://4abetter.us/wp-includes/" "Mozilla/5.0 AppleWebKit/537.36 (KHTML, like Gecko; compatible; GPTBot/1.3; +https://openai.com/gptbot)"
66.249.69.195 - - [22/Mar/2026:08:47:05 -0400] "GET /q-~48qGDeTjXuSe6vIwlH4lQAkl8rk0oz5R16516/ HTTP/1.1" 404 1251 "-" "Mozilla/5.0 (Linux; Android 6.0.1; Nexus 5X Build/MMB29P) AppleWebKit/537.36 (KHTML, like Gecko) Chrome/145.0.7632.159 Mobile Safari/537.36 (compatible; Googlebot/2.1; +http://www.google.com/bot.html)"
57.141.2.41 - - [22/Mar/2026:08:47:24 -0400] "GET /good.php/1642456.shtml HTTP/1.1" 404 1251 "-" "meta-externalagent/1.1 (+https://developers.facebook.com/docs/sharing/webmasters/crawler)"
74.7.227.32 - - [22/Mar/2026:08:47:28 -0400] "GET /wp-links-opml.php HTTP/1.1" 200 154 "https://4abetter.us/?sitemap681.xml" "Mozilla/5.0 AppleWebKit/537.36 (KHTML, like Gecko; compatible; GPTBot/1.3; +https://openai.com/gptbot)"
57.141.2.9 - - [22/Mar/2026:08:47:34 -0400] "GET /good.php/3774277.shtml HTTP/1.1" 404 1251 "-" "meta-externalagent/1.1 (+https://developers.facebook.com/docs/sharing/webmasters/crawler)"
57.141.2.20 - - [22/Mar/2026:08:47:45 -0400] "GET /good.php/2205653.shtml HTTP/1.1" 404 1251 "-" "meta-externalagent/1.1 (+https://developers.facebook.com/docs/sharing/webmasters/crawler)"
74.7.227.32 - - [22/Mar/2026:08:45:33 -0400] "GET /0773f4/ HTTP/1.1" 200 734 "https://4abetter.us/?sitemap681.xml" "Mozilla/5.0 AppleWebKit/537.36 (KHTML, like Gecko; compatible; GPTBot/1.3; +https://openai.com/gptbot)"
74.7.227.32 - - [22/Mar/2026:08:45:44 -0400] "GET /wp-includes/class-wp-post.php HTTP/1.1" 200 0 "https://4abetter.us/wp-includes/" "Mozilla/5.0 AppleWebKit/537.36 (KHTML, like Gecko; compatible; GPTBot/1.3; +https://openai.com/gptbot)"
57.141.2.12 - - [22/Mar/2026:08:45:49 -0400] "GET /good.php/1452140.shtml HTTP/1.1" 404 1251 "-" "meta-externalagent/1.1 (+https://developers.facebook.com/docs/sharing/webmasters/crawler)"
74.7.227.32 - - [22/Mar/2026:08:46:05 -0400] "GET /curl_errors.txt HTTP/1.1" 200 48 "https://4abetter.us/?sitemap681.xml" "Mozilla/5.0 AppleWebKit/537.36 (KHTML, like Gecko; compatible; GPTBot/1.3; +https://openai.com/gptbot)"
74.7.227.32 - - [22/Mar/2026:08:46:14 -0400] "GET /wp-includes/post-thumbnail-template.php HTTP/1.1" 200 0 "https://4abetter.us/wp-includes/" "Mozilla/5.0 AppleWebKit/537.36 (KHTML, like Gecko; compatible; GPTBot/1.3; +https://openai.com/gptbot)"
57.141.2.4 - - [22/Mar/2026:08:46:21 -0400] "GET /good.php/833447.shtml HTTP/1.1" 404 1251 "-" "meta-externalagent/1.1 (+https://developers.facebook.com/docs/sharing/webmasters/crawler)"
74.7.227.32 - - [22/Mar/2026:08:46:22 -0400] "GET /images/ HTTP/1.1" 200 1099 "https://4abetter.us/?sitemap681.xml" "Mozilla/5.0 AppleWebKit/537.36 (KHTML, like Gecko; compatible; GPTBot/1.3; +https://openai.com/gptbot)"
74.7.227.32 - - [22/Mar/2026:08:46:29 -0400] "GET /xmlrpc.php HTTP/1.1" 405 46 "https://4abetter.us/?sitemap681.xml" "Mozilla/5.0 AppleWebKit/537.36 (KHTML, like Gecko; compatible; GPTBot/1.3; +https://openai.com/gptbot)"
57.141.2.62 - - [22/Mar/2026:08:46:42 -0400] "GET /good.php/1387938.shtml HTTP/1.1" 404 1251 "-" "meta-externalagent/1.1 (+https://developers.facebook.com/docs/sharing/webmasters/crawler)"
74.7.227.32 - - [22/Mar/2026:08:46:48 -0400] "GET /js/ HTTP/1.1" 200 712 "https://4abetter.us/?sitemap681.xml" "Mozilla/5.0 AppleWebKit/537.36 (KHTML, like Gecko; compatible; GPTBot/1.3; +https://openai.com/gptbot)"
57.141.2.3 - - [22/Mar/2026:08:46:52 -0400] "GET /good.php/4007993.shtml HTTP/1.1" 404 1251 "-" "meta-externalagent/1.1 (+https://developers.facebook.com/docs/sharing/webmasters/crawler)"
74.7.227.32 - - [22/Mar/2026:08:46:53 -0400] "GET /license.txt HTTP/1.1" 200 6865 "https://4abetter.us/?sitemap681.xml" "Mozilla/5.0 AppleWebKit/537.36 (KHTML, like Gecko; compatible; GPTBot/1.3; +https://openai.com/gptbot)"
74.7.227.32 - - [22/Mar/2026:08:46:57 -0400] "GET /assets/ HTTP/1.1" 200 813 "https://4abetter.us/?sitemap681.xml" "Mozilla/5.0 AppleWebKit/537.36 (KHTML, like Gecko; compatible; GPTBot/1.3; +https://openai.com/gptbot)"
57.141.2.11 - - [22/Mar/2026:08:47:03 -0400] "GET /good.php/bk2577932/ HTTP/1.1" 404 1251 "-" "meta-externalagent/1.1 (+https://developers.facebook.com/docs/sharing/webmasters/crawler)"
74.7.227.32 - - [22/Mar/2026:08:47:06 -0400] "GET /wp-includes/meta.php HTTP/1.1" 500 0 "https://4abetter.us/wp-includes/" "Mozilla/5.0 AppleWebKit/537.36 (KHTML, like Gecko; compatible; GPTBot/1.3; +https://openai.com/gptbot)"
74.7.227.32 - - [22/Mar/2026:08:47:09 -0400] "GET /readme.html HTTP/1.1" 200 2667 "https://4abetter.us/?sitemap681.xml" "Mozilla/5.0 AppleWebKit/537.36 (KHTML, like Gecko; compatible; GPTBot/1.3; +https://openai.com/gptbot)"
57.141.2.61 - - [22/Mar/2026:08:47:13 -0400] "GET /good.php/3360730.shtml HTTP/1.1" 404 1251 "-" "meta-externalagent/1.1 (+https://developers.facebook.com/docs/sharing/webmasters/crawler)"
74.7.227.32 - - [22/Mar/2026:08:47:19 -0400] "GET /wp-config-sample.php HTTP/1.1" 500 905 "https://4abetter.us/?sitemap681.xml" "Mozilla/5.0 AppleWebKit/537.36 (KHTML, like Gecko; compatible; GPTBot/1.3; +https://openai.com/gptbot)"
57.141.2.14 - - [22/Mar/2026:08:48:06 -0400] "GET /good.php/2414965.shtml HTTP/1.1" 404 1251 "-" "meta-externalagent/1.1 (+https://developers.facebook.com/docs/sharing/webmasters/crawler)"
74.7.227.32 - - [22/Mar/2026:08:48:22 -0400] "GET /sdk/ HTTP/1.1" 200 1074 "https://4abetter.us/?sitemap681.xml" "Mozilla/5.0 AppleWebKit/537.36 (KHTML, like Gecko; compatible; GPTBot/1.3; +https://openai.com/gptbot)"
74.7.227.32 - - [22/Mar/2026:08:48:43 -0400] "GET /wp-includes/post-template.php HTTP/1.1" 200 0 "https://4abetter.us/wp-includes/" "Mozilla/5.0 AppleWebKit/537.36 (KHTML, like Gecko; compatible; GPTBot/1.3; +https://openai.com/gptbot)"
57.141.2.61 - - [22/Mar/2026:08:48:49 -0400] "GET /good.php/2964583.shtml HTTP/1.1" 404 1251 "-" "meta-externalagent/1.1 (+https://developers.facebook.com/docs/sharing/webmasters/crawler)"
74.7.227.32 - - [22/Mar/2026:08:49:04 -0400] "GET /js/?SA HTTP/1.1" 200 710 "https://4abetter.us/js/" "Mozilla/5.0 AppleWebKit/537.36 (KHTML, like Gecko; compatible; GPTBot/1.3; +https://openai.com/gptbot)"
57.141.2.61 - - [22/Mar/2026:08:49:09 -0400] "GET /good.php/1943150.shtml HTTP/1.1" 404 1251 "-" "meta-externalagent/1.1 (+https://developers.facebook.com/docs/sharing/webmasters/crawler)"
57.141.2.61 - - [22/Mar/2026:08:49:20 -0400] "GET /good.php/940023.shtml HTTP/1.1" 404 1251 "-" "meta-externalagent/1.1 (+https://developers.facebook.com/docs/sharing/webmasters/crawler)"
66.249.72.70 - - [22/Mar/2026:08:49:34 -0400] "GET /product/rehabilitation1?c=g&l=30914 HTTP/1.1" 404 1251 "-" "Mozilla/5.0 (compatible; Googlebot/2.1; +http://www.google.com/bot.html)"
66.249.72.71 - - [22/Mar/2026:08:49:35 -0400] "GET /product/rehabilitation1?c=g&l=30914 HTTP/1.1" 404 1251 "-" "Mozilla/5.0 (Linux; Android 6.0.1; Nexus 5X Build/MMB29P) AppleWebKit/537.36 (KHTML, like Gecko) Chrome/145.0.7632.159 Mobile Safari/537.36 (compatible; Googlebot/2.1; +http://www.google.com/bot.html)"
74.7.227.32 - - [22/Mar/2026:08:49:38 -0400] "GET /js/?MA HTTP/1.1" 200 716 "https://4abetter.us/js/" "Mozilla/5.0 AppleWebKit/537.36 (KHTML, like Gecko; compatible; GPTBot/1.3; +https://openai.com/gptbot)"
57.141.2.54 - - [22/Mar/2026:08:49:51 -0400] "GET /good.php/w3250889/ HTTP/1.1" 404 1251 "-" "meta-externalagent/1.1 (+https://developers.facebook.com/docs/sharing/webmasters/crawler)"
57.141.2.61 - - [22/Mar/2026:08:50:02 -0400] "GET /good.php/ld1473254/ HTTP/1.1" 404 1251 "-" "meta-externalagent/1.1 (+https://developers.facebook.com/docs/sharing/webmasters/crawler)"
57.141.2.61 - - [22/Mar/2026:08:50:13 -0400] "GET /good.php/1441588.shtml HTTP/1.1" 404 1251 "-" "meta-externalagent/1.1 (+https://developers.facebook.com/docs/sharing/webmasters/crawler)"
74.7.227.32 - - [22/Mar/2026:08:50:17 -0400] "GET /wp-includes/class-wp-fatal-error-handler.php HTTP/1.1" 200 0 "https://4abetter.us/wp-includes/" "Mozilla/5.0 AppleWebKit/537.36 (KHTML, like Gecko; compatible; GPTBot/1.3; +https://openai.com/gptbot)"
74.7.227.32 - - [22/Mar/2026:08:50:38 -0400] "GET /wp-includes/global-styles-and-settings.php HTTP/1.1" 200 0 "https://4abetter.us/wp-includes/" "Mozilla/5.0 AppleWebKit/537.36 (KHTML, like Gecko; compatible; GPTBot/1.3; +https://openai.com/gptbot)"
57.141.2.56 - - [22/Mar/2026:08:50:45 -0400] "GET /good.php/1087874.shtml HTTP/1.1" 404 1251 "-" "meta-externalagent/1.1 (+https://developers.facebook.com/docs/sharing/webmasters/crawler)"
74.7.227.32 - - [22/Mar/2026:08:50:46 -0400] "GET /wp-includes/post.php HTTP/1.1" 200 0 "https://4abetter.us/wp-includes/" "Mozilla/5.0 AppleWebKit/537.36 (KHTML, like Gecko; compatible; GPTBot/1.3; +https://openai.com/gptbot)"
57.141.2.53 - - [22/Mar/2026:08:50:54 -0400] "GET /4155219.shtml HTTP/1.1" 404 1251 "-" "meta-externalagent/1.1 (+https://developers.facebook.com/docs/sharing/webmasters/crawler)"
74.7.227.32 - - [22/Mar/2026:08:51:01 -0400] "GET /sdk/?ND HTTP/1.1" 200 1073 "https://4abetter.us/sdk/" "Mozilla/5.0 AppleWebKit/537.36 (KHTML, like Gecko; compatible; GPTBot/1.3; +https://openai.com/gptbot)"
74.7.227.32 - - [22/Mar/2026:08:51:07 -0400] "GET /js/?SD HTTP/1.1" 200 714 "https://4abetter.us/js/?SA" "Mozilla/5.0 AppleWebKit/537.36 (KHTML, like Gecko; compatible; GPTBot/1.3; +https://openai.com/gptbot)"
57.141.2.30 - - [22/Mar/2026:08:47:56 -0400] "GET /good.php/3917856.shtml HTTP/1.1" 404 1251 "-" "meta-externalagent/1.1 (+https://developers.facebook.com/docs/sharing/webmasters/crawler)"
74.7.227.32 - - [22/Mar/2026:08:47:57 -0400] "GET /placeholder.svg HTTP/1.1" 200 869 "https://4abetter.us/?sitemap681.xml" "Mozilla/5.0 AppleWebKit/537.36 (KHTML, like Gecko; compatible; GPTBot/1.3; +https://openai.com/gptbot)"
57.141.2.61 - - [22/Mar/2026:08:48:17 -0400] "GET /good.php/4249551.shtml HTTP/1.1" 404 1251 "-" "meta-externalagent/1.1 (+https://developers.facebook.com/docs/sharing/webmasters/crawler)"
57.141.2.15 - - [22/Mar/2026:08:48:27 -0400] "GET /good.php/1729383.shtml HTTP/1.1" 404 1251 "-" "meta-externalagent/1.1 (+https://developers.facebook.com/docs/sharing/webmasters/crawler)"
57.141.2.61 - - [22/Mar/2026:08:48:38 -0400] "GET /good.php/4160772.shtml HTTP/1.1" 404 1251 "-" "meta-externalagent/1.1 (+https://developers.facebook.com/docs/sharing/webmasters/crawler)"
66.249.72.70 - - [22/Mar/2026:08:48:55 -0400] "GET /q-~237WhSnhe1OSofvR8RmDFlB3E3XZOLdPD20231/ HTTP/1.1" 404 1251 "-" "Mozilla/5.0 (Linux; Android 6.0.1; Nexus 5X Build/MMB29P) AppleWebKit/537.36 (KHTML, like Gecko) Chrome/145.0.7632.159 Mobile Safari/537.36 (compatible; Googlebot/2.1; +http://www.google.com/bot.html)"
57.141.2.58 - - [22/Mar/2026:08:48:59 -0400] "GET /good.php/1455435.shtml HTTP/1.1" 404 1251 "-" "meta-externalagent/1.1 (+https://developers.facebook.com/docs/sharing/webmasters/crawler)"
74.7.227.32 - - [22/Mar/2026:08:49:22 -0400] "GET /js/?ND HTTP/1.1" 200 713 "https://4abetter.us/js/" "Mozilla/5.0 AppleWebKit/537.36 (KHTML, like Gecko; compatible; GPTBot/1.3; +https://openai.com/gptbot)"
57.141.2.52 - - [22/Mar/2026:08:49:30 -0400] "GET /good.php/1717984.shtml HTTP/1.1" 404 1251 "-" "meta-externalagent/1.1 (+https://developers.facebook.com/docs/sharing/webmasters/crawler)"
57.141.2.13 - - [22/Mar/2026:08:49:41 -0400] "GET /good.php/1968814.shtml HTTP/1.1" 404 1251 "-" "meta-externalagent/1.1 (+https://developers.facebook.com/docs/sharing/webmasters/crawler)"
74.7.227.32 - - [22/Mar/2026:08:49:51 -0400] "GET /wp-includes/post-formats.php HTTP/1.1" 200 0 "https://4abetter.us/wp-includes/" "Mozilla/5.0 AppleWebKit/537.36 (KHTML, like Gecko; compatible; GPTBot/1.3; +https://openai.com/gptbot)"
74.7.227.32 - - [22/Mar/2026:08:50:05 -0400] "GET /Ov-Simple1.php HTTP/1.1" 200 5577 "https://4abetter.us/?sitemap681.xml" "Mozilla/5.0 AppleWebKit/537.36 (KHTML, like Gecko; compatible; GPTBot/1.3; +https://openai.com/gptbot)"
66.249.69.195 - - [22/Mar/2026:08:50:13 -0400] "GET /q-~129dAlvqKMJ0CJ4bDkTHi7dzbA8nqKaZT4065/ HTTP/1.1" 404 1251 "-" "Mozilla/5.0 (Linux; Android 6.0.1; Nexus 5X Build/MMB29P) AppleWebKit/537.36 (KHTML, like Gecko) Chrome/145.0.7632.159 Mobile Safari/537.36 (compatible; Googlebot/2.1; +http://www.google.com/bot.html)"
57.141.2.40 - - [22/Mar/2026:08:50:23 -0400] "GET /good.php/3151479.shtml HTTP/1.1" 404 1251 "-" "meta-externalagent/1.1 (+https://developers.facebook.com/docs/sharing/webmasters/crawler)"
74.7.227.32 - - [22/Mar/2026:08:50:28 -0400] "GET /3b16f/ HTTP/1.1" 200 22 "https://4abetter.us/?sitemap681.xml" "Mozilla/5.0 AppleWebKit/537.36 (KHTML, like Gecko; compatible; GPTBot/1.3; +https://openai.com/gptbot)"
57.141.2.56 - - [22/Mar/2026:08:50:33 -0400] "GET /good.php/1523900.shtml HTTP/1.1" 404 1251 "-" "meta-externalagent/1.1 (+https://developers.facebook.com/docs/sharing/webmasters/crawler)"
74.7.227.32 - - [22/Mar/2026:08:50:54 -0400] "GET /sdk/?MA HTTP/1.1" 200 1080 "https://4abetter.us/sdk/" "Mozilla/5.0 AppleWebKit/537.36 (KHTML, like Gecko; compatible; GPTBot/1.3; +https://openai.com/gptbot)"
57.141.2.31 - - [22/Mar/2026:08:51:05 -0400] "GET /good.php/3528257.shtml HTTP/1.1" 404 1251 "-" "meta-externalagent/1.1 (+https://developers.facebook.com/docs/sharing/webmasters/crawler)"
74.7.227.32 - - [22/Mar/2026:08:51:13 -0400] "GET /js/?NA HTTP/1.1" 200 712 "https://4abetter.us/js/?SA" "Mozilla/5.0 AppleWebKit/537.36 (KHTML, like Gecko; compatible; GPTBot/1.3; +https://openai.com/gptbot)"
216.73.216.221 - - [22/Mar/2026:08:51:15 -0400] "GET / HTTP/1.1" 200 2362 "-" "Mozilla/5.0 AppleWebKit/537.36 (KHTML, like Gecko; compatible; ClaudeBot/1.0; +claudebot@anthropic.com)"
57.141.2.7 - - [22/Mar/2026:08:51:16 -0400] "GET /good.php/3018321.shtml HTTP/1.1" 404 1251 "-" "meta-externalagent/1.1 (+https://developers.facebook.com/docs/sharing/webmasters/crawler)"
74.7.227.32 - - [22/Mar/2026:08:51:18 -0400] "GET /js/?MD HTTP/1.1" 200 716 "https://4abetter.us/js/?MA" "Mozilla/5.0 AppleWebKit/537.36 (KHTML, like Gecko; compatible; GPTBot/1.3; +https://openai.com/gptbot)"
74.7.227.32 - - [22/Mar/2026:08:51:23 -0400] "GET /sdk/?SA HTTP/1.1" 200 1083 "https://4abetter.us/sdk/" "Mozilla/5.0 AppleWebKit/537.36 (KHTML, like Gecko; compatible; GPTBot/1.3; +https://openai.com/gptbot)"
57.141.2.7 - - [22/Mar/2026:08:51:26 -0400] "GET /good.php/bw3956547/ HTTP/1.1" 404 1251 "-" "meta-externalagent/1.1 (+https://developers.facebook.com/docs/sharing/webmasters/crawler)"
74.7.227.32 - - [22/Mar/2026:08:51:31 -0400] "GET /wp-login.php?action=register HTTP/1.1" 302 0 "https://4abetter.us/wp-activate.php" "Mozilla/5.0 AppleWebKit/537.36 (KHTML, like Gecko; compatible; GPTBot/1.3; +https://openai.com/gptbot)"
74.7.227.32 - - [22/Mar/2026:08:51:31 -0400] "GET /wp-login.php?registration=disabled HTTP/1.1" 200 3422 "https://4abetter.us/wp-login.php?action=register" "Mozilla/5.0 AppleWebKit/537.36 (KHTML, like Gecko; compatible; GPTBot/1.3; +https://openai.com/gptbot)"
57.141.2.1 - - [22/Mar/2026:08:51:37 -0400] "GET /good.php/558991.shtml HTTP/1.1" 404 1251 "-" "meta-externalagent/1.1 (+https://developers.facebook.com/docs/sharing/webmasters/crawler)"
74.7.227.32 - - [22/Mar/2026:08:51:37 -0400] "GET /wp-includes/?ND HTTP/1.1" 200 9787 "https://4abetter.us/wp-includes/" "Mozilla/5.0 AppleWebKit/537.36 (KHTML, like Gecko; compatible; GPTBot/1.3; +https://openai.com/gptbot)"
74.7.227.32 - - [22/Mar/2026:08:51:45 -0400] "GET /wp-includes/?MA HTTP/1.1" 200 9533 "https://4abetter.us/wp-includes/" "Mozilla/5.0 AppleWebKit/537.36 (KHTML, like Gecko; compatible; GPTBot/1.3; +https://openai.com/gptbot)"
74.7.227.32 - - [22/Mar/2026:08:51:54 -0400] "GET /sdk/?MD HTTP/1.1" 200 1076 "https://4abetter.us/sdk/?MA" "Mozilla/5.0 AppleWebKit/537.36 (KHTML, like Gecko; compatible; GPTBot/1.3; +https://openai.com/gptbot)"
57.141.2.10 - - [22/Mar/2026:08:51:58 -0400] "GET /good.php/xy1644332/ HTTP/1.1" 404 1251 "-" "meta-externalagent/1.1 (+https://developers.facebook.com/docs/sharing/webmasters/crawler)"
74.7.227.32 - - [22/Mar/2026:08:52:13 -0400] "GET /wp-comments-post.php HTTP/1.1" 405 0 "https://4abetter.us/?sitemap681.xml" "Mozilla/5.0 AppleWebKit/537.36 (KHTML, like Gecko; compatible; GPTBot/1.3; +https://openai.com/gptbot)"
57.141.2.44 - - [22/Mar/2026:08:52:19 -0400] "GET /good.php/3085386.shtml HTTP/1.1" 404 1251 "-" "meta-externalagent/1.1 (+https://developers.facebook.com/docs/sharing/webmasters/crawler)"
74.7.227.32 - - [22/Mar/2026:08:52:24 -0400] "GET /sdk/?SD HTTP/1.1" 200 1079 "https://4abetter.us/sdk/?SA" "Mozilla/5.0 AppleWebKit/537.36 (KHTML, like Gecko; compatible; GPTBot/1.3; +https://openai.com/gptbot)"
74.7.227.32 - - [22/Mar/2026:08:52:29 -0400] "GET /wp-includes/class-wp-http-ixr-client.php HTTP/1.1" 500 0 "https://4abetter.us/wp-includes/" "Mozilla/5.0 AppleWebKit/537.36 (KHTML, like Gecko; compatible; GPTBot/1.3; +https://openai.com/gptbot)"
57.141.2.61 - - [22/Mar/2026:08:52:29 -0400] "GET /good.php/ox693452/ HTTP/1.1" 404 1251 "-" "meta-externalagent/1.1 (+https://developers.facebook.com/docs/sharing/webmasters/crawler)"
66.249.72.64 - - [22/Mar/2026:08:52:53 -0400] "GET /q-~7QjrBv8H2RmZ01sTMY4HeIgcUPeNdaX44211/ HTTP/1.1" 404 1251 "-" "Mozilla/5.0 (Linux; Android 6.0.1; Nexus 5X Build/MMB29P) AppleWebKit/537.36 (KHTML, like Gecko) Chrome/145.0.7632.159 Mobile Safari/537.36 (compatible; Googlebot/2.1; +http://www.google.com/bot.html)"
74.7.227.32 - - [22/Mar/2026:08:51:27 -0400] "GET /?sitemap724.xml HTTP/1.1" 200 2362 "-" "Mozilla/5.0 AppleWebKit/537.36 (KHTML, like Gecko; compatible; GPTBot/1.3; +https://openai.com/gptbot)"
74.7.227.32 - - [22/Mar/2026:08:51:31 -0400] "GET /wp-activate.php HTTP/1.1" 302 0 "https://4abetter.us/?sitemap681.xml" "Mozilla/5.0 AppleWebKit/537.36 (KHTML, like Gecko; compatible; GPTBot/1.3; +https://openai.com/gptbot)"
74.7.227.32 - - [22/Mar/2026:08:51:34 -0400] "GET /wp-includes/class-wp-image-editor-imagick.php HTTP/1.1" 500 0 "https://4abetter.us/wp-includes/" "Mozilla/5.0 AppleWebKit/537.36 (KHTML, like Gecko; compatible; GPTBot/1.3; +https://openai.com/gptbot)"
57.141.2.47 - - [22/Mar/2026:08:51:47 -0400] "GET /good.php/xx2588301/ HTTP/1.1" 404 1251 "-" "meta-externalagent/1.1 (+https://developers.facebook.com/docs/sharing/webmasters/crawler)"
74.7.227.32 - - [22/Mar/2026:08:52:01 -0400] "GET /sdk/?NA HTTP/1.1" 200 1074 "https://4abetter.us/sdk/?MA" "Mozilla/5.0 AppleWebKit/537.36 (KHTML, like Gecko; compatible; GPTBot/1.3; +https://openai.com/gptbot)"
74.7.227.32 - - [22/Mar/2026:08:52:08 -0400] "GET /wp-includes/?SA HTTP/1.1" 200 9797 "https://4abetter.us/wp-includes/" "Mozilla/5.0 AppleWebKit/537.36 (KHTML, like Gecko; compatible; GPTBot/1.3; +https://openai.com/gptbot)"
57.141.2.3 - - [22/Mar/2026:08:52:09 -0400] "GET /good.php/p3290984/ HTTP/1.1" 404 1251 "-" "meta-externalagent/1.1 (+https://developers.facebook.com/docs/sharing/webmasters/crawler)"
74.7.227.32 - - [22/Mar/2026:08:52:19 -0400] "GET /wp-includes/class-wp-error.php HTTP/1.1" 200 0 "https://4abetter.us/wp-includes/" "Mozilla/5.0 AppleWebKit/537.36 (KHTML, like Gecko; compatible; GPTBot/1.3; +https://openai.com/gptbot)"
74.7.227.32 - - [22/Mar/2026:08:52:33 -0400] "GET /wp-includes/class-wp-block-parser-block.php HTTP/1.1" 200 0 "https://4abetter.us/wp-includes/" "Mozilla/5.0 AppleWebKit/537.36 (KHTML, like Gecko; compatible; GPTBot/1.3; +https://openai.com/gptbot)"
57.141.2.65 - - [22/Mar/2026:08:52:40 -0400] "GET /good.php/4002680.shtml HTTP/1.1" 404 1251 "-" "meta-externalagent/1.1 (+https://developers.facebook.com/docs/sharing/webmasters/crawler)"
74.7.227.32 - - [22/Mar/2026:08:52:45 -0400] "GET /wp-includes/class-wp-block-processor.php HTTP/1.1" 200 0 "https://4abetter.us/wp-includes/" "Mozilla/5.0 AppleWebKit/537.36 (KHTML, like Gecko; compatible; GPTBot/1.3; +https://openai.com/gptbot)"
57.141.2.14 - - [22/Mar/2026:08:52:50 -0400] "GET /good.php/3812336.shtml HTTP/1.1" 404 1251 "-" "meta-externalagent/1.1 (+https://developers.facebook.com/docs/sharing/webmasters/crawler)"
57.141.2.46 - - [22/Mar/2026:08:53:01 -0400] "GET /good.php/3403102.shtml HTTP/1.1" 404 1251 "-" "meta-externalagent/1.1 (+https://developers.facebook.com/docs/sharing/webmasters/crawler)"
74.7.227.32 - - [22/Mar/2026:08:53:08 -0400] "GET /wp-includes/?NA HTTP/1.1" 200 9727 "https://4abetter.us/wp-includes/?ND" "Mozilla/5.0 AppleWebKit/537.36 (KHTML, like Gecko; compatible; GPTBot/1.3; +https://openai.com/gptbot)"
66.249.69.195 - - [22/Mar/2026:08:53:10 -0400] "GET /q-~215rPLEpj7FQJvw10LFd1ahfWS9TD1m3u11843/ HTTP/1.1" 404 1251 "-" "Mozilla/5.0 (compatible; Googlebot/2.1; +http://www.google.com/bot.html)"
74.7.227.32 - - [22/Mar/2026:08:53:17 -0400] "GET /wp-includes/class-wp-locale-switcher.php HTTP/1.1" 200 0 "https://4abetter.us/wp-includes/" "Mozilla/5.0 AppleWebKit/537.36 (KHTML, like Gecko; compatible; GPTBot/1.3; +https://openai.com/gptbot)"
66.249.72.71 - - [22/Mar/2026:08:53:26 -0400] "GET /m48327206947 HTTP/1.1" 404 1251 "-" "Mozilla/5.0 (Linux; Android 6.0.1; Nexus 5X Build/MMB29P) AppleWebKit/537.36 (KHTML, like Gecko) Chrome/145.0.7632.159 Mobile Safari/537.36 (compatible; Googlebot/2.1; +http://www.google.com/bot.html)"
57.141.2.26 - - [22/Mar/2026:08:53:43 -0400] "GET /good.php/d3841339/ HTTP/1.1" 404 1251 "-" "meta-externalagent/1.1 (+https://developers.facebook.com/docs/sharing/webmasters/crawler)"
74.7.227.32 - - [22/Mar/2026:08:52:57 -0400] "GET /wp-includes/?MD HTTP/1.1" 200 9579 "https://4abetter.us/wp-includes/?MA" "Mozilla/5.0 AppleWebKit/537.36 (KHTML, like Gecko; compatible; GPTBot/1.3; +https://openai.com/gptbot)"
57.141.2.59 - - [22/Mar/2026:08:53:11 -0400] "GET /good.php/848806.shtml HTTP/1.1" 404 1251 "-" "meta-externalagent/1.1 (+https://developers.facebook.com/docs/sharing/webmasters/crawler)"
66.249.69.195 - - [22/Mar/2026:08:53:13 -0400] "GET /m18826858765 HTTP/1.1" 404 1251 "-" "Mozilla/5.0 (Linux; Android 6.0.1; Nexus 5X Build/MMB29P) AppleWebKit/537.36 (KHTML, like Gecko) Chrome/145.0.7632.159 Mobile Safari/537.36 (compatible; Googlebot/2.1; +http://www.google.com/bot.html)"
57.141.2.61 - - [22/Mar/2026:08:53:22 -0400] "GET /good.php/t2532868/ HTTP/1.1" 404 1251 "-" "meta-externalagent/1.1 (+https://developers.facebook.com/docs/sharing/webmasters/crawler)"
74.7.227.32 - - [22/Mar/2026:08:53:25 -0400] "GET /wp-includes/class-wp-http-requests-response.php HTTP/1.1" 500 0 "https://4abetter.us/wp-includes/" "Mozilla/5.0 AppleWebKit/537.36 (KHTML, like Gecko; compatible; GPTBot/1.3; +https://openai.com/gptbot)"
57.141.2.18 - - [22/Mar/2026:08:53:32 -0400] "GET /good.php/t1007238/ HTTP/1.1" 404 1251 "-" "meta-externalagent/1.1 (+https://developers.facebook.com/docs/sharing/webmasters/crawler)"
74.7.227.32 - - [22/Mar/2026:08:53:32 -0400] "GET /wp-includes/?SD HTTP/1.1" 200 9835 "https://4abetter.us/wp-includes/?SA" "Mozilla/5.0 AppleWebKit/537.36 (KHTML, like Gecko; compatible; GPTBot/1.3; +https://openai.com/gptbot)"
57.141.2.63 - - [22/Mar/2026:08:53:54 -0400] "GET /good.php/705696.shtml HTTP/1.1" 404 1251 "-" "meta-externalagent/1.1 (+https://developers.facebook.com/docs/sharing/webmasters/crawler)"
57.141.2.61 - - [22/Mar/2026:08:54:04 -0400] "GET /good.php/g1417093/ HTTP/1.1" 404 1251 "-" "meta-externalagent/1.1 (+https://developers.facebook.com/docs/sharing/webmasters/crawler)"
74.7.227.32 - - [22/Mar/2026:08:54:16 -0400] "GET /assets/?SA HTTP/1.1" 200 817 "https://4abetter.us/assets/" "Mozilla/5.0 AppleWebKit/537.36 (KHTML, like Gecko; compatible; GPTBot/1.3; +https://openai.com/gptbot)"
57.141.2.2 - - [22/Mar/2026:08:55:18 -0400] "GET /good.php/2766299.shtml HTTP/1.1" 404 1251 "-" "meta-externalagent/1.1 (+https://developers.facebook.com/docs/sharing/webmasters/crawler)"
74.7.227.32 - - [22/Mar/2026:08:55:20 -0400] "GET /assets/?MA HTTP/1.1" 200 817 "https://4abetter.us/assets/" "Mozilla/5.0 AppleWebKit/537.36 (KHTML, like Gecko; compatible; GPTBot/1.3; +https://openai.com/gptbot)"
57.141.2.69 - - [22/Mar/2026:08:55:49 -0400] "GET /good.php/2443693.shtml HTTP/1.1" 404 1251 "-" "meta-externalagent/1.1 (+https://developers.facebook.com/docs/sharing/webmasters/crawler)"
57.141.2.39 - - [22/Mar/2026:08:56:00 -0400] "GET /good.php/3994438.shtml HTTP/1.1" 404 1251 "-" "meta-externalagent/1.1 (+https://developers.facebook.com/docs/sharing/webmasters/crawler)"
74.7.227.32 - - [22/Mar/2026:08:56:14 -0400] "GET /assets/?ND HTTP/1.1" 200 808 "https://4abetter.us/assets/" "Mozilla/5.0 AppleWebKit/537.36 (KHTML, like Gecko; compatible; GPTBot/1.3; +https://openai.com/gptbot)"
57.141.2.66 - - [22/Mar/2026:08:56:31 -0400] "GET /good.php/2786009.shtml HTTP/1.1" 404 1251 "-" "meta-externalagent/1.1 (+https://developers.facebook.com/docs/sharing/webmasters/crawler)"
57.141.2.50 - - [22/Mar/2026:08:56:42 -0400] "GET /good.php/2355656.shtml HTTP/1.1" 404 1251 "-" "meta-externalagent/1.1 (+https://developers.facebook.com/docs/sharing/webmasters/crawler)"
57.141.2.48 - - [22/Mar/2026:08:56:52 -0400] "GET /good.php/2546848.shtml HTTP/1.1" 404 1251 "-" "meta-externalagent/1.1 (+https://developers.facebook.com/docs/sharing/webmasters/crawler)"
74.7.227.32 - - [22/Mar/2026:08:57:05 -0400] "GET /wp-includes/class-wp-session-tokens.php HTTP/1.1" 200 0 "https://4abetter.us/wp-includes/" "Mozilla/5.0 AppleWebKit/537.36 (KHTML, like Gecko; compatible; GPTBot/1.3; +https://openai.com/gptbot)"
74.7.227.32 - - [22/Mar/2026:08:53:56 -0400] "GET /wp-includes/registration-functions.php HTTP/1.1" 500 0 "https://4abetter.us/wp-includes/" "Mozilla/5.0 AppleWebKit/537.36 (KHTML, like Gecko; compatible; GPTBot/1.3; +https://openai.com/gptbot)"
57.141.2.41 - - [22/Mar/2026:08:54:14 -0400] "GET /good.php/689346.shtml HTTP/1.1" 404 1251 "-" "meta-externalagent/1.1 (+https://developers.facebook.com/docs/sharing/webmasters/crawler)"
57.141.2.25 - - [22/Mar/2026:08:54:25 -0400] "GET /good.php/3737599.shtml HTTP/1.1" 404 1251 "-" "meta-externalagent/1.1 (+https://developers.facebook.com/docs/sharing/webmasters/crawler)"
57.141.2.12 - - [22/Mar/2026:08:54:36 -0400] "GET /good.php/1058699.shtml HTTP/1.1" 404 1251 "-" "meta-externalagent/1.1 (+https://developers.facebook.com/docs/sharing/webmasters/crawler)"
57.141.2.20 - - [22/Mar/2026:08:54:46 -0400] "GET /good.php/4107925.shtml HTTP/1.1" 404 1251 "-" "meta-externalagent/1.1 (+https://developers.facebook.com/docs/sharing/webmasters/crawler)"
57.141.2.35 - - [22/Mar/2026:08:54:57 -0400] "GET /good.php/1004665.shtml HTTP/1.1" 404 1251 "-" "meta-externalagent/1.1 (+https://developers.facebook.com/docs/sharing/webmasters/crawler)"
57.141.2.62 - - [22/Mar/2026:08:55:07 -0400] "GET /good.php/4105000.shtml HTTP/1.1" 404 1251 "-" "meta-externalagent/1.1 (+https://developers.facebook.com/docs/sharing/webmasters/crawler)"
57.141.2.61 - - [22/Mar/2026:08:55:29 -0400] "GET /good.php/4368500.shtml HTTP/1.1" 404 1251 "-" "meta-externalagent/1.1 (+https://developers.facebook.com/docs/sharing/webmasters/crawler)"
57.141.2.61 - - [22/Mar/2026:08:55:39 -0400] "GET /good.php/ii829497/ HTTP/1.1" 404 1251 "-" "meta-externalagent/1.1 (+https://developers.facebook.com/docs/sharing/webmasters/crawler)"
57.141.2.61 - - [22/Mar/2026:08:56:10 -0400] "GET /good.php/3470952.shtml HTTP/1.1" 404 1251 "-" "meta-externalagent/1.1 (+https://developers.facebook.com/docs/sharing/webmasters/crawler)"
57.141.2.17 - - [22/Mar/2026:08:56:21 -0400] "GET /good.php/4117657.shtml HTTP/1.1" 404 1251 "-" "meta-externalagent/1.1 (+https://developers.facebook.com/docs/sharing/webmasters/crawler)"
57.141.2.61 - - [22/Mar/2026:08:57:03 -0400] "GET /good.php/y2441361/ HTTP/1.1" 404 1251 "-" "meta-externalagent/1.1 (+https://developers.facebook.com/docs/sharing/webmasters/crawler)"
57.141.2.18 - - [22/Mar/2026:08:57:24 -0400] "GET /good.php/th3133210/ HTTP/1.1" 404 1251 "-" "meta-externalagent/1.1 (+https://developers.facebook.com/docs/sharing/webmasters/crawler)"
57.141.2.44 - - [22/Mar/2026:08:57:35 -0400] "GET /good.php/l532459/ HTTP/1.1" 404 1251 "-" "meta-externalagent/1.1 (+https://developers.facebook.com/docs/sharing/webmasters/crawler)"
74.7.227.32 - - [22/Mar/2026:08:57:52 -0400] "GET /wp-includes/class-wp-simplepie-file.php HTTP/1.1" 500 0 "https://4abetter.us/wp-includes/" "Mozilla/5.0 AppleWebKit/537.36 (KHTML, like Gecko; compatible; GPTBot/1.3; +https://openai.com/gptbot)"
57.141.2.48 - - [22/Mar/2026:08:57:55 -0400] "GET /good.php/1382829.shtml HTTP/1.1" 404 1251 "-" "meta-externalagent/1.1 (+https://developers.facebook.com/docs/sharing/webmasters/crawler)"
57.141.2.4 - - [22/Mar/2026:08:58:06 -0400] "GET /good.php/v2409617/ HTTP/1.1" 404 1251 "-" "meta-externalagent/1.1 (+https://developers.facebook.com/docs/sharing/webmasters/crawler)"
57.141.2.30 - - [22/Mar/2026:08:58:27 -0400] "GET /good.php/4261171.shtml HTTP/1.1" 404 1251 "-" "meta-externalagent/1.1 (+https://developers.facebook.com/docs/sharing/webmasters/crawler)"
216.73.216.221 - - [22/Mar/2026:08:58:30 -0400] "GET /pages.php HTTP/1.1" 404 1251 "-" "Mozilla/5.0 AppleWebKit/537.36 (KHTML, like Gecko; compatible; ClaudeBot/1.0; +claudebot@anthropic.com)"
74.7.227.32 - - [22/Mar/2026:08:58:33 -0400] "GET /wp-includes/class-wp-script-modules.php HTTP/1.1" 200 0 "https://4abetter.us/wp-includes/" "Mozilla/5.0 AppleWebKit/537.36 (KHTML, like Gecko; compatible; GPTBot/1.3; +https://openai.com/gptbot)"
57.141.2.54 - - [22/Mar/2026:08:57:13 -0400] "GET /good.php/we629856/ HTTP/1.1" 404 1251 "-" "meta-externalagent/1.1 (+https://developers.facebook.com/docs/sharing/webmasters/crawler)"
57.141.2.61 - - [22/Mar/2026:08:57:45 -0400] "GET /good.php/iw3541461/ HTTP/1.1" 404 1251 "-" "meta-externalagent/1.1 (+https://developers.facebook.com/docs/sharing/webmasters/crawler)"
57.141.2.54 - - [22/Mar/2026:08:58:17 -0400] "GET /good.php/1648430.shtml HTTP/1.1" 404 1251 "-" "meta-externalagent/1.1 (+https://developers.facebook.com/docs/sharing/webmasters/crawler)"
66.249.72.64 - - [22/Mar/2026:08:58:25 -0400] "GET /q-~20RovdRKbknEz5TXOfqaob8puo8PGnxU15712/ HTTP/1.1" 404 1251 "-" "Mozilla/5.0 (compatible; Googlebot/2.1; +http://www.google.com/bot.html)"
57.141.2.27 - - [22/Mar/2026:08:58:48 -0400] "GET /good.php/z1593298/ HTTP/1.1" 404 1251 "-" "meta-externalagent/1.1 (+https://developers.facebook.com/docs/sharing/webmasters/crawler)"
57.141.2.42 - - [22/Mar/2026:08:58:59 -0400] "GET /good.php/1013199.shtml HTTP/1.1" 404 1251 "-" "meta-externalagent/1.1 (+https://developers.facebook.com/docs/sharing/webmasters/crawler)"
57.141.2.62 - - [22/Mar/2026:08:59:09 -0400] "GET /good.php/823963.shtml HTTP/1.1" 404 1251 "-" "meta-externalagent/1.1 (+https://developers.facebook.com/docs/sharing/webmasters/crawler)"
74.7.227.32 - - [22/Mar/2026:08:59:35 -0400] "GET /images/?SA HTTP/1.1" 200 1095 "https://4abetter.us/images/" "Mozilla/5.0 AppleWebKit/537.36 (KHTML, like Gecko; compatible; GPTBot/1.3; +https://openai.com/gptbot)"
57.141.2.14 - - [22/Mar/2026:08:59:51 -0400] "GET /good.php/qj2411735/ HTTP/1.1" 404 1251 "-" "meta-externalagent/1.1 (+https://developers.facebook.com/docs/sharing/webmasters/crawler)"
57.141.2.61 - - [22/Mar/2026:09:00:12 -0400] "GET /good.php/2603193.shtml HTTP/1.1" 404 1251 "-" "meta-externalagent/1.1 (+https://developers.facebook.com/docs/sharing/webmasters/crawler)"
57.141.2.31 - - [22/Mar/2026:09:00:23 -0400] "GET /good.php/rl2873544/ HTTP/1.1" 404 1251 "-" "meta-externalagent/1.1 (+https://developers.facebook.com/docs/sharing/webmasters/crawler)"
74.7.227.32 - - [22/Mar/2026:09:00:31 -0400] "GET /images/?MA HTTP/1.1" 200 1105 "https://4abetter.us/images/" "Mozilla/5.0 AppleWebKit/537.36 (KHTML, like Gecko; compatible; GPTBot/1.3; +https://openai.com/gptbot)"
57.141.2.39 - - [22/Mar/2026:09:00:44 -0400] "GET /good.php/2655070.shtml HTTP/1.1" 404 1251 "-" "meta-externalagent/1.1 (+https://developers.facebook.com/docs/sharing/webmasters/crawler)"
57.141.2.15 - - [22/Mar/2026:09:01:05 -0400] "GET /good.php/j1426380/ HTTP/1.1" 404 1251 "-" "meta-externalagent/1.1 (+https://developers.facebook.com/docs/sharing/webmasters/crawler)"
74.7.227.32 - - [22/Mar/2026:09:01:23 -0400] "GET /images/?ND HTTP/1.1" 200 1097 "https://4abetter.us/images/" "Mozilla/5.0 AppleWebKit/537.36 (KHTML, like Gecko; compatible; GPTBot/1.3; +https://openai.com/gptbot)"
57.141.2.37 - - [22/Mar/2026:09:01:26 -0400] "GET /good.php/3937367.shtml HTTP/1.1" 404 1251 "-" "meta-externalagent/1.1 (+https://developers.facebook.com/docs/sharing/webmasters/crawler)"
57.141.2.65 - - [22/Mar/2026:09:01:36 -0400] "GET /good.php/2061266.shtml HTTP/1.1" 404 1251 "-" "meta-externalagent/1.1 (+https://developers.facebook.com/docs/sharing/webmasters/crawler)"
216.73.216.221 - - [22/Mar/2026:09:02:02 -0400] "GET /wp-includes/Requests/src/Utility/InputValidator.php HTTP/1.1" 200 0 "-" "Mozilla/5.0 AppleWebKit/537.36 (KHTML, like Gecko; compatible; ClaudeBot/1.0; +claudebot@anthropic.com)"
57.141.2.31 - - [22/Mar/2026:09:02:11 -0400] "GET /good.php/1827763.shtml HTTP/1.1" 404 1251 "-" "meta-externalagent/1.1 (+https://developers.facebook.com/docs/sharing/webmasters/crawler)"
57.141.2.17 - - [22/Mar/2026:09:02:40 -0400] "GET /good.php/fh1272309/ HTTP/1.1" 404 1251 "-" "meta-externalagent/1.1 (+https://developers.facebook.com/docs/sharing/webmasters/crawler)"
57.141.2.37 - - [22/Mar/2026:09:02:50 -0400] "GET /good.php/1535014.shtml HTTP/1.1" 404 1251 "-" "meta-externalagent/1.1 (+https://developers.facebook.com/docs/sharing/webmasters/crawler)"
57.141.2.9 - - [22/Mar/2026:08:58:38 -0400] "GET /good.php/4116194.shtml HTTP/1.1" 404 1251 "-" "meta-externalagent/1.1 (+https://developers.facebook.com/docs/sharing/webmasters/crawler)"
57.141.2.61 - - [22/Mar/2026:08:59:20 -0400] "GET /good.php/t2351437/ HTTP/1.1" 404 1251 "-" "meta-externalagent/1.1 (+https://developers.facebook.com/docs/sharing/webmasters/crawler)"
57.141.2.29 - - [22/Mar/2026:08:59:30 -0400] "GET /good.php/588102.shtml HTTP/1.1" 404 1251 "-" "meta-externalagent/1.1 (+https://developers.facebook.com/docs/sharing/webmasters/crawler)"
57.141.2.66 - - [22/Mar/2026:08:59:41 -0400] "GET /good.php/2911566.shtml HTTP/1.1" 404 1251 "-" "meta-externalagent/1.1 (+https://developers.facebook.com/docs/sharing/webmasters/crawler)"
57.141.2.12 - - [22/Mar/2026:09:00:02 -0400] "GET /good.php/2948158.shtml HTTP/1.1" 404 1251 "-" "meta-externalagent/1.1 (+https://developers.facebook.com/docs/sharing/webmasters/crawler)"
57.141.2.61 - - [22/Mar/2026:09:00:34 -0400] "GET /good.php/2009367.shtml HTTP/1.1" 404 1251 "-" "meta-externalagent/1.1 (+https://developers.facebook.com/docs/sharing/webmasters/crawler)"
216.73.216.221 - - [22/Mar/2026:09:00:34 -0400] "GET /wp-includes/Requests/src/Exception/InvalidArgument.php HTTP/1.1" 200 0 "-" "Mozilla/5.0 AppleWebKit/537.36 (KHTML, like Gecko; compatible; ClaudeBot/1.0; +claudebot@anthropic.com)"
57.141.2.16 - - [22/Mar/2026:09:00:55 -0400] "GET /good.php/2833716.shtml HTTP/1.1" 404 1251 "-" "meta-externalagent/1.1 (+https://developers.facebook.com/docs/sharing/webmasters/crawler)"
57.141.2.50 - - [22/Mar/2026:09:01:16 -0400] "GET /good.php/2804663.shtml HTTP/1.1" 404 1251 "-" "meta-externalagent/1.1 (+https://developers.facebook.com/docs/sharing/webmasters/crawler)"
66.249.69.195 - - [22/Mar/2026:09:01:33 -0400] "GET /product/most8?c=g&l=3367 HTTP/1.1" 404 1251 "-" "Mozilla/5.0 (compatible; Googlebot/2.1; +http://www.google.com/bot.html)"
57.141.2.7 - - [22/Mar/2026:09:01:48 -0400] "GET /good.php/t3753776/ HTTP/1.1" 404 1251 "-" "meta-externalagent/1.1 (+https://developers.facebook.com/docs/sharing/webmasters/crawler)"
57.141.2.30 - - [22/Mar/2026:09:01:59 -0400] "GET /good.php/2663567.shtml HTTP/1.1" 404 1251 "-" "meta-externalagent/1.1 (+https://developers.facebook.com/docs/sharing/webmasters/crawler)"
216.73.216.221 - - [22/Mar/2026:09:02:02 -0400] "GET /wp-includes/Requests/src/Utility/FilteredIterator.php HTTP/1.1" 200 0 "-" "Mozilla/5.0 AppleWebKit/537.36 (KHTML, like Gecko; compatible; ClaudeBot/1.0; +claudebot@anthropic.com)"
57.141.2.70 - - [22/Mar/2026:09:02:19 -0400] "GET /good.php/3234961.shtml HTTP/1.1" 404 1251 "-" "meta-externalagent/1.1 (+https://developers.facebook.com/docs/sharing/webmasters/crawler)"
57.141.2.5 - - [22/Mar/2026:09:02:29 -0400] "GET /good.php/1498848.shtml HTTP/1.1" 404 1251 "-" "meta-externalagent/1.1 (+https://developers.facebook.com/docs/sharing/webmasters/crawler)"
74.7.227.32 - - [22/Mar/2026:09:02:09 -0400] "GET /wp-includes/class-wp-classic-to-block-menu-converter.php HTTP/1.1" 200 0 "https://4abetter.us/wp-includes/" "Mozilla/5.0 AppleWebKit/537.36 (KHTML, like Gecko; compatible; GPTBot/1.3; +https://openai.com/gptbot)"
57.141.2.20 - - [22/Mar/2026:09:03:22 -0400] "GET /good.php/1800821.shtml HTTP/1.1" 404 1251 "-" "meta-externalagent/1.1 (+https://developers.facebook.com/docs/sharing/webmasters/crawler)"
74.7.227.32 - - [22/Mar/2026:09:03:27 -0400] "GET /?sitemap60.xml HTTP/1.1" 200 2362 "-" "Mozilla/5.0 AppleWebKit/537.36 (KHTML, like Gecko; compatible; GPTBot/1.3; +https://openai.com/gptbot)"
57.141.2.63 - - [22/Mar/2026:09:03:33 -0400] "GET /good.php/955603.shtml HTTP/1.1" 404 1251 "-" "meta-externalagent/1.1 (+https://developers.facebook.com/docs/sharing/webmasters/crawler)"
74.7.227.32 - - [22/Mar/2026:09:04:00 -0400] "GET /?sitemap262.xml HTTP/1.1" 200 2362 "-" "Mozilla/5.0 AppleWebKit/537.36 (KHTML, like Gecko; compatible; GPTBot/1.3; +https://openai.com/gptbot)"
74.7.227.32 - - [22/Mar/2026:09:02:51 -0400] "GET /wp-includes/class-wp-application-passwords.php HTTP/1.1" 200 0 "https://4abetter.us/wp-includes/" "Mozilla/5.0 AppleWebKit/537.36 (KHTML, like Gecko; compatible; GPTBot/1.3; +https://openai.com/gptbot)"
57.141.2.61 - - [22/Mar/2026:09:03:01 -0400] "GET /good.php/iv4057489/ HTTP/1.1" 404 1251 "-" "meta-externalagent/1.1 (+https://developers.facebook.com/docs/sharing/webmasters/crawler)"
57.141.2.41 - - [22/Mar/2026:09:03:11 -0400] "GET /good.php/2210434.shtml HTTP/1.1" 404 1251 "-" "meta-externalagent/1.1 (+https://developers.facebook.com/docs/sharing/webmasters/crawler)"
57.141.2.51 - - [22/Mar/2026:09:03:43 -0400] "GET /good.php/4179911.shtml HTTP/1.1" 404 1251 "-" "meta-externalagent/1.1 (+https://developers.facebook.com/docs/sharing/webmasters/crawler)"
57.141.2.19 - - [22/Mar/2026:09:03:53 -0400] "GET /good.php/2675060.shtml HTTP/1.1" 404 1251 "-" "meta-externalagent/1.1 (+https://developers.facebook.com/docs/sharing/webmasters/crawler)"
216.73.216.221 - - [22/Mar/2026:09:03:59 -0400] "GET /wp-includes/Requests/src/Exception/Http HTTP/1.1" 301 795 "-" "Mozilla/5.0 AppleWebKit/537.36 (KHTML, like Gecko; compatible; ClaudeBot/1.0; +claudebot@anthropic.com)"
216.73.216.221 - - [22/Mar/2026:09:03:59 -0400] "GET /wp-includes/Requests/src/Exception/Http/ HTTP/1.1" 200 1416 "https://4abetter.us/wp-includes/Requests/src/Exception/Http" "Mozilla/5.0 AppleWebKit/537.36 (KHTML, like Gecko; compatible; ClaudeBot/1.0; +claudebot@anthropic.com)"
216.73.216.221 - - [22/Mar/2026:09:04:25 -0400] "GET /wp-includes/Requests/src/Exception/Http.php HTTP/1.1" 500 0 "-" "Mozilla/5.0 AppleWebKit/537.36 (KHTML, like Gecko; compatible; ClaudeBot/1.0; +claudebot@anthropic.com)"
74.7.227.32 - - [22/Mar/2026:09:04:29 -0400] "GET /assets/?NA HTTP/1.1" 200 813 "https://4abetter.us/assets/?SA" "Mozilla/5.0 AppleWebKit/537.36 (KHTML, like Gecko; compatible; GPTBot/1.3; +https://openai.com/gptbot)"
57.141.2.31 - - [22/Mar/2026:09:04:46 -0400] "GET /good.php/1732665.shtml HTTP/1.1" 404 1251 "-" "meta-externalagent/1.1 (+https://developers.facebook.com/docs/sharing/webmasters/crawler)"
74.7.227.32 - - [22/Mar/2026:09:04:56 -0400] "GET /assets/?SD HTTP/1.1" 200 815 "https://4abetter.us/assets/?SA" "Mozilla/5.0 AppleWebKit/537.36 (KHTML, like Gecko; compatible; GPTBot/1.3; +https://openai.com/gptbot)"
57.141.2.58 - - [22/Mar/2026:09:04:57 -0400] "GET /good.php/e2348029/ HTTP/1.1" 404 1251 "-" "meta-externalagent/1.1 (+https://developers.facebook.com/docs/sharing/webmasters/crawler)"
66.249.72.64 - - [22/Mar/2026:09:05:05 -0400] "GET /q-~106fGtQYVEc0pVieN5W9B9P0L8kMoE9jd22844/ HTTP/1.1" 404 1251 "-" "Mozilla/5.0 (Linux; Android 6.0.1; Nexus 5X Build/MMB29P) AppleWebKit/537.36 (KHTML, like Gecko) Chrome/145.0.7632.159 Mobile Safari/537.36 (compatible; Googlebot/2.1; +http://www.google.com/bot.html)"
57.141.2.54 - - [22/Mar/2026:09:05:07 -0400] "GET /good.php/u3040526/ HTTP/1.1" 404 1251 "-" "meta-externalagent/1.1 (+https://developers.facebook.com/docs/sharing/webmasters/crawler)"
57.141.2.58 - - [22/Mar/2026:09:05:18 -0400] "GET /good.php/4432965.shtml HTTP/1.1" 404 1251 "-" "meta-externalagent/1.1 (+https://developers.facebook.com/docs/sharing/webmasters/crawler)"
74.7.227.32 - - [22/Mar/2026:09:05:21 -0400] "GET /assets/?MD HTTP/1.1" 200 816 "https://4abetter.us/assets/?MA" "Mozilla/5.0 AppleWebKit/537.36 (KHTML, like Gecko; compatible; GPTBot/1.3; +https://openai.com/gptbot)"
216.73.216.221 - - [22/Mar/2026:09:05:33 -0400] "GET /wp-includes/Requests/src/Transport/Fsockopen.php HTTP/1.1" 500 0 "-" "Mozilla/5.0 AppleWebKit/537.36 (KHTML, like Gecko; compatible; ClaudeBot/1.0; +claudebot@anthropic.com)"
57.141.2.61 - - [22/Mar/2026:09:05:39 -0400] "GET /good.php/766505.shtml HTTP/1.1" 404 1251 "-" "meta-externalagent/1.1 (+https://developers.facebook.com/docs/sharing/webmasters/crawler)"
57.141.2.13 - - [22/Mar/2026:09:04:04 -0400] "GET /good.php/1491702.shtml HTTP/1.1" 404 1251 "-" "meta-externalagent/1.1 (+https://developers.facebook.com/docs/sharing/webmasters/crawler)"
57.141.2.26 - - [22/Mar/2026:09:04:15 -0400] "GET /good.php/2889702.shtml HTTP/1.1" 404 1251 "-" "meta-externalagent/1.1 (+https://developers.facebook.com/docs/sharing/webmasters/crawler)"
57.141.2.61 - - [22/Mar/2026:09:04:25 -0400] "GET /good.php/1152509.shtml HTTP/1.1" 404 1251 "-" "meta-externalagent/1.1 (+https://developers.facebook.com/docs/sharing/webmasters/crawler)"
57.141.2.10 - - [22/Mar/2026:09:04:36 -0400] "GET /good.php/ph2867585/ HTTP/1.1" 404 1251 "-" "meta-externalagent/1.1 (+https://developers.facebook.com/docs/sharing/webmasters/crawler)"
216.73.216.221 - - [22/Mar/2026:09:05:11 -0400] "GET /wp-includes/Requests/src/Utility/CaseInsensitiveDictionary.php HTTP/1.1" 200 0 "-" "Mozilla/5.0 AppleWebKit/537.36 (KHTML, like Gecko; compatible; ClaudeBot/1.0; +claudebot@anthropic.com)"
57.141.2.40 - - [22/Mar/2026:09:05:28 -0400] "GET /good.php/1787208.shtml HTTP/1.1" 404 1251 "-" "meta-externalagent/1.1 (+https://developers.facebook.com/docs/sharing/webmasters/crawler)"
57.141.2.58 - - [22/Mar/2026:09:06:00 -0400] "GET /good.php/a3909942/ HTTP/1.1" 404 1251 "-" "meta-externalagent/1.1 (+https://developers.facebook.com/docs/sharing/webmasters/crawler)"
74.7.227.32 - - [22/Mar/2026:09:06:02 -0400] "GET /images/?NA HTTP/1.1" 200 1099 "https://4abetter.us/images/?SA" "Mozilla/5.0 AppleWebKit/537.36 (KHTML, like Gecko; compatible; GPTBot/1.3; +https://openai.com/gptbot)"
57.141.2.69 - - [22/Mar/2026:09:06:10 -0400] "GET /good.php/2516948.shtml HTTP/1.1" 404 1251 "-" "meta-externalagent/1.1 (+https://developers.facebook.com/docs/sharing/webmasters/crawler)"
74.7.227.32 - - [22/Mar/2026:09:06:20 -0400] "GET /images/?SD HTTP/1.1" 200 1096 "https://4abetter.us/images/?SA" "Mozilla/5.0 AppleWebKit/537.36 (KHTML, like Gecko; compatible; GPTBot/1.3; +https://openai.com/gptbot)"
57.141.2.20 - - [22/Mar/2026:09:06:21 -0400] "GET /good.php/t791940/ HTTP/1.1" 404 1251 "-" "meta-externalagent/1.1 (+https://developers.facebook.com/docs/sharing/webmasters/crawler)"
74.7.227.32 - - [22/Mar/2026:09:06:35 -0400] "GET /images/?MD HTTP/1.1" 200 1107 "https://4abetter.us/images/?MA" "Mozilla/5.0 AppleWebKit/537.36 (KHTML, like Gecko; compatible; GPTBot/1.3; +https://openai.com/gptbot)"
57.141.2.55 - - [22/Mar/2026:09:06:42 -0400] "GET /good.php/tp2161390/ HTTP/1.1" 404 1251 "-" "meta-externalagent/1.1 (+https://developers.facebook.com/docs/sharing/webmasters/crawler)"
57.141.2.8 - - [22/Mar/2026:09:06:53 -0400] "GET /good.php/3429864.shtml HTTP/1.1" 404 1251 "-" "meta-externalagent/1.1 (+https://developers.facebook.com/docs/sharing/webmasters/crawler)"
57.141.2.62 - - [22/Mar/2026:09:07:03 -0400] "GET /good.php/3171478.shtml HTTP/1.1" 404 1251 "-" "meta-externalagent/1.1 (+https://developers.facebook.com/docs/sharing/webmasters/crawler)"
74.7.227.32 - - [22/Mar/2026:09:07:03 -0400] "GET /wp-includes/class-wp-paused-extensions-storage.php HTTP/1.1" 200 0 "https://4abetter.us/wp-includes/" "Mozilla/5.0 AppleWebKit/537.36 (KHTML, like Gecko; compatible; GPTBot/1.3; +https://openai.com/gptbot)"
57.141.2.25 - - [22/Mar/2026:09:07:14 -0400] "GET /good.php/1358221.shtml HTTP/1.1" 404 1251 "-" "meta-externalagent/1.1 (+https://developers.facebook.com/docs/sharing/webmasters/crawler)"
74.7.227.32 - - [22/Mar/2026:09:07:15 -0400] "GET /wp-includes/class-wp-plugin-dependencies.php HTTP/1.1" 200 0 "https://4abetter.us/wp-includes/" "Mozilla/5.0 AppleWebKit/537.36 (KHTML, like Gecko; compatible; GPTBot/1.3; +https://openai.com/gptbot)"
57.141.2.16 - - [22/Mar/2026:09:07:24 -0400] "GET /good.php/1271638.shtml HTTP/1.1" 404 1251 "-" "meta-externalagent/1.1 (+https://developers.facebook.com/docs/sharing/webmasters/crawler)"
74.7.227.32 - - [22/Mar/2026:09:05:42 -0400] "GET /wp-includes/class-wp-block-pattern-categories-registry.php HTTP/1.1" 200 0 "https://4abetter.us/wp-includes/" "Mozilla/5.0 AppleWebKit/537.36 (KHTML, like Gecko; compatible; GPTBot/1.3; +https://openai.com/gptbot)"
57.141.2.61 - - [22/Mar/2026:09:05:49 -0400] "GET /good.php/1027364.shtml HTTP/1.1" 404 1251 "-" "meta-externalagent/1.1 (+https://developers.facebook.com/docs/sharing/webmasters/crawler)"
66.249.69.196 - - [22/Mar/2026:09:05:52 -0400] "GET /1103044936 HTTP/1.1" 404 1251 "-" "Mozilla/5.0 (compatible; Googlebot/2.1; +http://www.google.com/bot.html)"
57.141.2.50 - - [22/Mar/2026:09:06:32 -0400] "GET /good.php/nn2881650/ HTTP/1.1" 404 1251 "-" "meta-externalagent/1.1 (+https://developers.facebook.com/docs/sharing/webmasters/crawler)"
216.73.216.221 - - [22/Mar/2026:09:06:33 -0400] "GET /wp-includes/Requests/src/Auth/Basic.php HTTP/1.1" 500 0 "-" "Mozilla/5.0 AppleWebKit/537.36 (KHTML, like Gecko; compatible; ClaudeBot/1.0; +claudebot@anthropic.com)"
74.7.227.32 - - [22/Mar/2026:09:06:50 -0400] "GET /?sitemap194.xml HTTP/1.1" 200 2400 "-" "Mozilla/5.0 AppleWebKit/537.36 (KHTML, like Gecko; compatible; GPTBot/1.3; +https://openai.com/gptbot)"
57.141.2.46 - - [22/Mar/2026:09:07:35 -0400] "GET /good.php/h2258328/ HTTP/1.1" 404 1251 "-" "meta-externalagent/1.1 (+https://developers.facebook.com/docs/sharing/webmasters/crawler)"
74.7.227.32 - - [22/Mar/2026:09:07:44 -0400] "GET /wp-includes/class-wp-block-bindings-source.php HTTP/1.1" 200 0 "https://4abetter.us/wp-includes/" "Mozilla/5.0 AppleWebKit/537.36 (KHTML, like Gecko; compatible; GPTBot/1.3; +https://openai.com/gptbot)"
57.141.2.37 - - [22/Mar/2026:09:07:45 -0400] "GET /good.php/947000.shtml HTTP/1.1" 404 1251 "-" "meta-externalagent/1.1 (+https://developers.facebook.com/docs/sharing/webmasters/crawler)"
74.7.227.32 - - [22/Mar/2026:09:07:52 -0400] "GET /wp-includes/class-wp-admin-bar.php HTTP/1.1" 200 0 "https://4abetter.us/wp-includes/" "Mozilla/5.0 AppleWebKit/537.36 (KHTML, like Gecko; compatible; GPTBot/1.3; +https://openai.com/gptbot)"
57.141.2.26 - - [22/Mar/2026:09:07:56 -0400] "GET /good.php/su4462661/ HTTP/1.1" 404 1251 "-" "meta-externalagent/1.1 (+https://developers.facebook.com/docs/sharing/webmasters/crawler)"
74.7.227.32 - - [22/Mar/2026:09:07:58 -0400] "GET /wp-includes/class-wp-image-editor-gd.php HTTP/1.1" 500 0 "https://4abetter.us/wp-includes/" "Mozilla/5.0 AppleWebKit/537.36 (KHTML, like Gecko; compatible; GPTBot/1.3; +https://openai.com/gptbot)"
